{"id":9495,"date":"2015-08-29T05:08:09","date_gmt":"2015-08-29T03:08:09","guid":{"rendered":"http:\/\/klubmamgdynia.pl\/index.php\/produkt\/puzzle-3d-superstar-fashion-mall\/"},"modified":"2026-05-17T23:33:39","modified_gmt":"2026-05-17T21:33:39","slug":"puzzle-3d-superstar-fashion-mall","status":"publish","type":"product","link":"http:\/\/klubmamgdynia.pl\/index.php\/produkt\/puzzle-3d-superstar-fashion-mall\/","title":{"rendered":"Puzzle 3D Superstar Fashion Mall"},"content":{"rendered":"<p>Puzzle 3D Superstar Fashion Mall zbuduj mod\u0119, bez u\u017cycia kleju i no\u017cyczekczas kultowej modyudekoruj &#8211; naklejki z kryszta\u0142owymi klejnotami157 element\u00f3wWiek: 5+<\/p>\n<h2>Puzzle 3D Superstar Fashion Mall Dante<\/h2>\n<p>warszawa atrakcje dla dzieci, zagadki z odpowiedziami dla dzieci, minecraft quiz, z\u0142ote my\u015bli kubu\u015b puchatek cytaty, kolorowanka kotek do druku, dyplomy do druku, dzieci z bullerbyn quiz, zagadki wielkanocne dla doros\u0142ych, kolorowanka robot<\/p>\n<p>yyyyy<\/p>\n<p>&nbsp;<\/p>\n","protected":false},"excerpt":{"rendered":"<p>Puzzle 3D Superstar Fashion Mall zbuduj mod\u0119, bez u\u017cycia kleju i no\u017cyczekczas kultowej modyudekoruj &#8211; naklejki z kryszta\u0142owymi klejnotami157 element\u00f3wWiek: 5+ Puzzle 3D Superstar Fashion Mall Dante warszawa atrakcje dla dzieci, zagadki z odpowiedziami dla dzieci, minecraft quiz, z\u0142ote my\u015bli kubu\u015b puchatek cytaty, kolorowanka kotek do druku, dyplomy do druku, dzieci z bullerbyn quiz, zagadki [&hellip;]<\/p>\n","protected":false},"featured_media":9496,"comment_status":"closed","ping_status":"open","template":"","meta":[],"product_cat":[249,90],"product_tag":[660,645,842,590,770,757],"class_list":["post-9495","product","type-product","status-publish","has-post-thumbnail","hentry","product_cat-dante","product_cat-puzzle","product_tag-bianka","product_tag-latwe-zagadki","product_tag-plac-zabaw-poznan","product_tag-plac-zabaw-warszawa","product_tag-samolot-z-papieru","product_tag-test-z-lektury-ania-z-zielonego-wzgorza-klasa-6-z-odpowiedziami"],"_links":{"self":[{"href":"http:\/\/klubmamgdynia.pl\/index.php\/wp-json\/wp\/v2\/product\/9495","targetHints":{"allow":["GET"]}}],"collection":[{"href":"http:\/\/klubmamgdynia.pl\/index.php\/wp-json\/wp\/v2\/product"}],"about":[{"href":"http:\/\/klubmamgdynia.pl\/index.php\/wp-json\/wp\/v2\/types\/product"}],"replies":[{"embeddable":true,"href":"http:\/\/klubmamgdynia.pl\/index.php\/wp-json\/wp\/v2\/comments?post=9495"}],"wp:featuredmedia":[{"embeddable":true,"href":"http:\/\/klubmamgdynia.pl\/index.php\/wp-json\/wp\/v2\/media\/9496"}],"wp:attachment":[{"href":"http:\/\/klubmamgdynia.pl\/index.php\/wp-json\/wp\/v2\/media?parent=9495"}],"wp:term":[{"taxonomy":"product_cat","embeddable":true,"href":"http:\/\/klubmamgdynia.pl\/index.php\/wp-json\/wp\/v2\/product_cat?post=9495"},{"taxonomy":"product_tag","embeddable":true,"href":"http:\/\/klubmamgdynia.pl\/index.php\/wp-json\/wp\/v2\/product_tag?post=9495"}],"curies":[{"name":"wp","href":"https:\/\/api.w.org\/{rel}","templated":true}]}}