{"id":9503,"date":"2018-12-23T09:38:06","date_gmt":"2018-12-23T08:38:06","guid":{"rendered":"http:\/\/klubmamgdynia.pl\/index.php\/produkt\/melissa-doug-drewniane-puzzle-srodki-transportu\/"},"modified":"2026-05-17T22:38:19","modified_gmt":"2026-05-17T20:38:19","slug":"melissa-doug-drewniane-puzzle-srodki-transportu","status":"publish","type":"product","link":"http:\/\/klubmamgdynia.pl\/index.php\/produkt\/melissa-doug-drewniane-puzzle-srodki-transportu\/","title":{"rendered":"Melissa &amp; Doug Drewniane Puzzle \u015arodki Transportu"},"content":{"rendered":"<p>Nasze zabawki wyr\u00f3\u017cnia jako\u015b\u0107!MELISSA AND DOUG &#8222;\u015aRODKI TRANSPORTU&#8221; &#8211; DREWNIANE 12-ELEMRNTOWE PUZZLE W DREWNIANEJ PODSTAWCE (2931)Musisz uwa\u017ca\u0107 aby unik\u0105\u0107 zator\u00f3w i kork\u00f3w i to na morzu, l\u0105dzie czy powietrzu. 12-elementowa uk\u0142adanka jest idealnym wprowadzeniem do sk\u0142adania wieloelementowych puzzli, poprzez nauk\u0119 techniki ich uk\u0142adania.Wystarczy u\u0142o\u017cy\u0107 rogi i prawie gotowe.Puzzle u\u0142o\u017cone s\u0105 w drewnianej tacce, u\u0142atwiaj\u0105cej uk\u0142adanie jak i przechowywanie.Rozmiary w cm: 1.5 x 21.5 x 28Zabawka zalecana dla dzieci powy\u017cej 3 roku \u017cycia.<\/p>\n<h2>Melissa &amp; Doug Drewniane Puzzle \u015arodki Transportu Melissa &amp; Doug<\/h2>\n<p>kolorowanki konie do druku, quiz o minecraft, gda\u0144sk atrakcje dla m\u0142odzie\u017cy, hejka tu lenka quizy, quiz flagi europy, aron, dzie\u0144 dziecka dla nastolatk\u00f3w, quiz o bajkach, \u015bmieszne zagadki z odpowiedziami, prezent dla 7 latki, zagadki do rozwi\u0105zania, szablony postacie do szopki do druku, test z lektury kajko i kokosz szko\u0142a latania, cytaty dziecko<\/p>\n<p>yyyyy<\/p>\n<p>&nbsp;<\/p>\n","protected":false},"excerpt":{"rendered":"<p>Nasze zabawki wyr\u00f3\u017cnia jako\u015b\u0107!MELISSA AND DOUG &#8222;\u015aRODKI TRANSPORTU&#8221; &#8211; DREWNIANE 12-ELEMRNTOWE PUZZLE W DREWNIANEJ PODSTAWCE (2931)Musisz uwa\u017ca\u0107 aby unik\u0105\u0107 zator\u00f3w i kork\u00f3w i to na morzu, l\u0105dzie czy powietrzu. 12-elementowa uk\u0142adanka jest idealnym wprowadzeniem do sk\u0142adania wieloelementowych puzzli, poprzez nauk\u0119 techniki ich uk\u0142adania.Wystarczy u\u0142o\u017cy\u0107 rogi i prawie gotowe.Puzzle u\u0142o\u017cone s\u0105 w drewnianej tacce, u\u0142atwiaj\u0105cej uk\u0142adanie [&hellip;]<\/p>\n","protected":false},"featured_media":9504,"comment_status":"closed","ping_status":"open","template":"","meta":[],"product_cat":[1204,90],"product_tag":[706,730,630,796,715],"class_list":["post-9503","product","type-product","status-publish","has-post-thumbnail","hentry","product_cat-melissa-doug","product_cat-puzzle","product_tag-imie-kuba","product_tag-karyna","product_tag-podchwytliwe-zagadki-z-odpowiedziami","product_tag-zagatki","product_tag-zosia-samosia"],"_links":{"self":[{"href":"http:\/\/klubmamgdynia.pl\/index.php\/wp-json\/wp\/v2\/product\/9503","targetHints":{"allow":["GET"]}}],"collection":[{"href":"http:\/\/klubmamgdynia.pl\/index.php\/wp-json\/wp\/v2\/product"}],"about":[{"href":"http:\/\/klubmamgdynia.pl\/index.php\/wp-json\/wp\/v2\/types\/product"}],"replies":[{"embeddable":true,"href":"http:\/\/klubmamgdynia.pl\/index.php\/wp-json\/wp\/v2\/comments?post=9503"}],"wp:featuredmedia":[{"embeddable":true,"href":"http:\/\/klubmamgdynia.pl\/index.php\/wp-json\/wp\/v2\/media\/9504"}],"wp:attachment":[{"href":"http:\/\/klubmamgdynia.pl\/index.php\/wp-json\/wp\/v2\/media?parent=9503"}],"wp:term":[{"taxonomy":"product_cat","embeddable":true,"href":"http:\/\/klubmamgdynia.pl\/index.php\/wp-json\/wp\/v2\/product_cat?post=9503"},{"taxonomy":"product_tag","embeddable":true,"href":"http:\/\/klubmamgdynia.pl\/index.php\/wp-json\/wp\/v2\/product_tag?post=9503"}],"curies":[{"name":"wp","href":"https:\/\/api.w.org\/{rel}","templated":true}]}}