{"id":9509,"date":"2021-01-06T02:58:03","date_gmt":"2021-01-06T01:58:03","guid":{"rendered":"http:\/\/klubmamgdynia.pl\/index.php\/produkt\/leantoys-kalejdoskop-zwierzeta-lesne-ksztalty-kolory-kolorowy-swiat-brazowy\/"},"modified":"2026-05-17T22:03:41","modified_gmt":"2026-05-17T20:03:41","slug":"leantoys-kalejdoskop-zwierzeta-lesne-ksztalty-kolory-kolorowy-swiat-brazowy","status":"publish","type":"product","link":"http:\/\/klubmamgdynia.pl\/index.php\/produkt\/leantoys-kalejdoskop-zwierzeta-lesne-ksztalty-kolory-kolorowy-swiat-brazowy\/","title":{"rendered":"Leantoys Kalejdoskop Zwierz\u0119ta Le\u015bne Kszta\u0142ty Kolory Kolorowy \u015awiat Br\u0105zowy"},"content":{"rendered":"<p>Kalejdoskop Zwierz\u0119ta Le\u015bne Kszta\u0142ty Kolory Kolorowy \u015awiat Kalejdoskop jest klasyczn\u0105 zabawk\u0105 pobudzaj\u0105c\u0105 wyobra\u017anie dziecka, ma wi\u0119c wszelkie szanse, by sta\u0107 si\u0119 ulubion\u0105 zabawk\u0105 dziecka. Kolejn\u0105 korzy\u015bci\u0105 jest rozw\u00f3j zmys\u0142u wzroku i stymulowanie go, jest on bardzo wa\u017cny w codziennym \u017cyciu.Wewn\u0105trz znajduj\u0105 si\u0119 kolorowe elementy, kt\u00f3re tworz\u0105 r\u00f3\u017cne wzory. Wystarczy obraca\u0107 obiektywem, a za ka\u017cdym razem obraz zmieni si\u0119 nie do poznania. Obudowa kalejdoskopu przedstawia zwierz\u0119ta \u017cyj\u0105ce w lesie. Dodatkowo posiada walor edukacyjny. Maluch nie tylko pozna kszta\u0142ty i kolory, ale i wygl\u0105d zwierz\u0105t le\u015bnych. Czas na le\u015bne przygody, zabaw\u0119 w pirat\u00f3w i przenie\u015b\u0107 si\u0119 w \u015bwiat marze\u0144 i podr\u00f3\u017cy.Wymiary kalejdoskopu:18 cm x 5 cm x 5 cmWymiary opakowania:24 cm x 6 cm x 6 cmKalejdoskop przeznaczony dla dzieci powy\u017cej 3 roku \u017cycia. Zapakowane w kolorowe wiaderko idealnie nadaj\u0105 si\u0119 na prezent.<\/p>\n<h2>Leantoys Kalejdoskop Zwierz\u0119ta Le\u015bne Kszta\u0142ty Kolory Kolorowy \u015awiat Br\u0105zowy Lean Toys<\/h2>\n<p>zagadki matematyczne, quizy dla dzieci 10 lat, kolorowanki \u015bwi\u0105teczne do druku pdf, lucyna, kolorowanka minecraft, zadania logiczne dla dzieci, najrzadsze imiona dla dziewczynek, tupcio chrupcio bajka do czytania, dziecko cytaty, wakacyjne kolorowanki, pch\u0142y na noc, zagadki dla przedszkolak\u00f3w, test spos\u00f3b na alcybiadesa, rzadkie imiona \u017ce\u0144skie polskie, medrcy swiata, zagadki s\u0142owne, kolorowanka super zings, asiunia test, zygzak mcqueen kolorowanka, prezenty dla 16 latki<\/p>\n<p>yyyyy<\/p>\n<p>&nbsp;<\/p>\n","protected":false},"excerpt":{"rendered":"<p>Kalejdoskop Zwierz\u0119ta Le\u015bne Kszta\u0142ty Kolory Kolorowy \u015awiat Kalejdoskop jest klasyczn\u0105 zabawk\u0105 pobudzaj\u0105c\u0105 wyobra\u017anie dziecka, ma wi\u0119c wszelkie szanse, by sta\u0107 si\u0119 ulubion\u0105 zabawk\u0105 dziecka. Kolejn\u0105 korzy\u015bci\u0105 jest rozw\u00f3j zmys\u0142u wzroku i stymulowanie go, jest on bardzo wa\u017cny w codziennym \u017cyciu.Wewn\u0105trz znajduj\u0105 si\u0119 kolorowe elementy, kt\u00f3re tworz\u0105 r\u00f3\u017cne wzory. Wystarczy obraca\u0107 obiektywem, a za ka\u017cdym razem [&hellip;]<\/p>\n","protected":false},"featured_media":9510,"comment_status":"closed","ping_status":"open","template":"","meta":[],"product_cat":[73,21],"product_tag":[687,711,602],"class_list":["post-9509","product","type-product","status-publish","has-post-thumbnail","hentry","product_cat-lean-toys","product_cat-zabawki-plastyczne","product_tag-podchwytliwe-zagadki-matematyczne","product_tag-prezenty-dla-nastolatkow","product_tag-quiz-o-zwierzetach-domowych"],"_links":{"self":[{"href":"http:\/\/klubmamgdynia.pl\/index.php\/wp-json\/wp\/v2\/product\/9509","targetHints":{"allow":["GET"]}}],"collection":[{"href":"http:\/\/klubmamgdynia.pl\/index.php\/wp-json\/wp\/v2\/product"}],"about":[{"href":"http:\/\/klubmamgdynia.pl\/index.php\/wp-json\/wp\/v2\/types\/product"}],"replies":[{"embeddable":true,"href":"http:\/\/klubmamgdynia.pl\/index.php\/wp-json\/wp\/v2\/comments?post=9509"}],"wp:featuredmedia":[{"embeddable":true,"href":"http:\/\/klubmamgdynia.pl\/index.php\/wp-json\/wp\/v2\/media\/9510"}],"wp:attachment":[{"href":"http:\/\/klubmamgdynia.pl\/index.php\/wp-json\/wp\/v2\/media?parent=9509"}],"wp:term":[{"taxonomy":"product_cat","embeddable":true,"href":"http:\/\/klubmamgdynia.pl\/index.php\/wp-json\/wp\/v2\/product_cat?post=9509"},{"taxonomy":"product_tag","embeddable":true,"href":"http:\/\/klubmamgdynia.pl\/index.php\/wp-json\/wp\/v2\/product_tag?post=9509"}],"curies":[{"name":"wp","href":"https:\/\/api.w.org\/{rel}","templated":true}]}}