{"id":9553,"date":"2013-02-16T00:53:04","date_gmt":"2013-02-15T23:53:04","guid":{"rendered":"http:\/\/klubmamgdynia.pl\/index.php\/produkt\/bright-starts-kojec-travel-10870x80cm-11163\/"},"modified":"2026-04-04T09:38:39","modified_gmt":"2026-04-04T07:38:39","slug":"bright-starts-kojec-travel-10870x80cm-11163","status":"publish","type":"product","link":"http:\/\/klubmamgdynia.pl\/index.php\/produkt\/bright-starts-kojec-travel-10870x80cm-11163\/","title":{"rendered":"Bright Starts Kojec Travel 108,70x80Cm (11163)"},"content":{"rendered":"<p>Ingenuity by Bright Starts to marka wysokiej jako\u015bci le\u017caczk\u00f3w niemowl\u0119cych, hu\u015btawek elektronicznych w technologii hybrydowej oraz designerskich akcesori\u00f3w dla najm\u0142odszych. Ingenuity Kojec Travel 3-13 kg to kompaktowa, przeno\u015bna wersja \u0142\u00f3\u017ceczka turystycznego, kt\u00f3ra dzi\u0119ki podwieszanej wersji sprawdzi si\u0119 ju\u017c w pierwszych miesi\u0105cach \u017cycia podobnie jak popularny kosz Moj\u017cesza. Kojec Ingenuity Travel dzi\u0119ki swoim rozmiarom pozwala na zabranie go w ka\u017cde miejsce, a opcja podwieszanego dna umo\u017cliwia u\u0142o\u017cenie noworodka wy\u017cej, co znacznie u\u0142atwi codzienn\u0105 piel\u0119gnacj\u0119 i odci\u0105\u017cy kr\u0119gos\u0142up mamy. \u0141\u00f3\u017ceczko turystyczne Ingenuity Travel posiada materia\u0142 z siateczk\u0105, kt\u00f3ra pozwala rodzicom na obserwowanie malucha podczas zabawy.Specyfikacja \u0142\u00f3\u017ceczka turystycznego &#8211; kojca Travel Ingenuity:dwa poziomy u\u0142o\u017cenia dziecka &#8211; I poziom do 6,8 kg; II poziom do 13 kgszybkie, kompaktowe sk\u0142adaniewysokiej jako\u015bci, przewiewny materia\u0142kieszonki na akcesorialekka konstrukcja &#8211; wa\u017cy mniej ni\u017c 7kgmateria\u0142 nadaje si\u0119 do prania w pralcedo zestawu do\u0142aczona jest torba podr\u00f3\u017cnamo\u017cliwe dwa sposoby sk\u0142adaniawaga dziecka: 6,8-13 kgwymiary kojca: 80&#215;109 cmwymiary cz\u0119\u015bci podwieszanej: 37&#215;68 cm<\/p>\n<h2>Bright Starts Kojec Travel 108,70x80Cm (11163) Bright Starts<\/h2>\n<p>cytaty dla przyjaciela, kolorowanka spongebob, tupu tup po \u015bniegu tekst, mia i ja kolorowanki do druku, co dla dziecka na roczek, mitologia grecka quiz, kolorowanki lato, kolorowanki star wars, filmy familijne walta disneya, zagadki \u015bmieszne podchwytliwe, skye psi patrol kolorowanka, nauczyciel cytaty, ma\u0142y ksi\u0105\u017c\u0119 cytaty o mi\u0142o\u015bci, kolorowanka star wars, dobre zagadki logiczne, ma\u0142y ksi\u0105\u017c\u0119 cytaty o przyja\u017ani, test z lektury kajko i kokosz<\/p>\n<p>yyyyy<\/p>\n<p>&nbsp;<\/p>\n","protected":false},"excerpt":{"rendered":"<p>Ingenuity by Bright Starts to marka wysokiej jako\u015bci le\u017caczk\u00f3w niemowl\u0119cych, hu\u015btawek elektronicznych w technologii hybrydowej oraz designerskich akcesori\u00f3w dla najm\u0142odszych. Ingenuity Kojec Travel 3-13 kg to kompaktowa, przeno\u015bna wersja \u0142\u00f3\u017ceczka turystycznego, kt\u00f3ra dzi\u0119ki podwieszanej wersji sprawdzi si\u0119 ju\u017c w pierwszych miesi\u0105cach \u017cycia podobnie jak popularny kosz Moj\u017cesza. Kojec Ingenuity Travel dzi\u0119ki swoim rozmiarom pozwala na [&hellip;]<\/p>\n","protected":false},"featured_media":9554,"comment_status":"closed","ping_status":"open","template":"","meta":[],"product_cat":[1600,935],"product_tag":[697,678,736,823,694],"class_list":["post-9553","product","type-product","status-publish","has-post-thumbnail","hentry","product_cat-bright-starts","product_cat-lozeczka-dzieciece","product_tag-krotkie-bajki-do-czytania","product_tag-prezent-na-roczek-dla-dziewczynki","product_tag-zabawki-na-roczek","product_tag-zagadki-dla-dzieci-7-lat","product_tag-zagadki-swiateczne-dla-dzieci"],"_links":{"self":[{"href":"http:\/\/klubmamgdynia.pl\/index.php\/wp-json\/wp\/v2\/product\/9553","targetHints":{"allow":["GET"]}}],"collection":[{"href":"http:\/\/klubmamgdynia.pl\/index.php\/wp-json\/wp\/v2\/product"}],"about":[{"href":"http:\/\/klubmamgdynia.pl\/index.php\/wp-json\/wp\/v2\/types\/product"}],"replies":[{"embeddable":true,"href":"http:\/\/klubmamgdynia.pl\/index.php\/wp-json\/wp\/v2\/comments?post=9553"}],"wp:featuredmedia":[{"embeddable":true,"href":"http:\/\/klubmamgdynia.pl\/index.php\/wp-json\/wp\/v2\/media\/9554"}],"wp:attachment":[{"href":"http:\/\/klubmamgdynia.pl\/index.php\/wp-json\/wp\/v2\/media?parent=9553"}],"wp:term":[{"taxonomy":"product_cat","embeddable":true,"href":"http:\/\/klubmamgdynia.pl\/index.php\/wp-json\/wp\/v2\/product_cat?post=9553"},{"taxonomy":"product_tag","embeddable":true,"href":"http:\/\/klubmamgdynia.pl\/index.php\/wp-json\/wp\/v2\/product_tag?post=9553"}],"curies":[{"name":"wp","href":"https:\/\/api.w.org\/{rel}","templated":true}]}}