{"id":956,"date":"2017-11-14T09:42:01","date_gmt":"2017-11-14T08:42:01","guid":{"rendered":"http:\/\/klubmamgdynia.pl\/index.php\/produkt\/little-tikes-niebieski-lt4001\/"},"modified":"2026-05-01T16:27:14","modified_gmt":"2026-05-01T14:27:14","slug":"little-tikes-niebieski-lt4001","status":"publish","type":"product","link":"http:\/\/klubmamgdynia.pl\/index.php\/produkt\/little-tikes-niebieski-lt4001\/","title":{"rendered":"Little Tikes niebieski LT4001"},"content":{"rendered":"<p>Little Tikes Szelki bezpiecze\u0144stwa z plecakiem Aut                            <\/p>\n<p>Plecaczek z szelkami bezpiecze\u0144stwa zapewnia kontrol\u0119 odleg\u0142o\u015bci mi\u0119dzy dzieckiem a rodzicem \/ opiekunem. Do plecaczka doczepiana jest &#8222;smyczka&#8221;, kt\u00f3ra zapobiega nag\u0142emu oddaleniu si\u0119 dziecka od rodzica \/ opiekuna, jest to szczeg\u00f3lnie przydatne przy ciekawskich \u015bwiata, energicznych dzieciach. Plecaczek z szelkami bezpiecze\u0144stwa jest bardzo przydatny podczas codziennych spacer\u00f3w a szczeg\u00f3lnie w zat\u0142oczonych miejscach, w centrach handlowych, ruchliwych ulicach, a tak\u017ce w chwilach roztargnienia, np. gdy zadzwoni telefon &#8211; wystarczy przed spacerem doczepi\u0107 &#8222;smyczk\u0119&#8221; i mamy pewno\u015b\u0107, \u017ce maluszek nam si\u0119 nie zgubi.<\/p>\n<p>Zabawny plecaczek Auto niebieski mo\u017ce s\u0142u\u017cy\u0107 do zabrania przek\u0105sek, zabawek i wszelkich niezb\u0119dnych artyku\u0142\u00f3w podczas podro\u017cy.\u00a0\u00a0Zalety szelek bezpiecze\u0144stwa :<\/p>\n<p>kontrola odleg\u0142o\u015bci mi\u0119dzy dzieckiem a rodzicem \/ opiekunem<br \/>\ndoczepiana &#8222;smyczka&#8221;, kt\u00f3ra chroni przed oddaleniem si\u0119 dziecka od rodzica \/ opiekuna<br \/>\nzapewniaj\u0105 bezpiecze\u0144stwo podczas spacer\u00f3w, w zat\u0142oczonych miejscach, na ruchliwych ulicach<br \/>\nposiadaj\u0105 regulowane rami\u0105czka<br \/>\nplecak z bajkowymi postaciami<br \/>\nsamodzielne przenoszenie przek\u0105sek, zabawek przez malucha w plecaku<br \/>\n\u0142atwe w u\u017cyciu                            <\/p>\n<p>Produkty firmy Little Tikes s\u0105 znane i lubiane na wszystkich kontynentach, w wielu domach w\u015br\u00f3d niezliczonej rzeszy u\u015bmiechni\u0119tych dzieci oraz zadowolonych rodzic\u00f3w. Maj\u0105c na uwadze bezpiecze\u0144stwo dzieci, firma Little Tikes wytwarza produkty, kt\u00f3re gwarantuj\u0105 wszystkie niezb\u0119dne normy bezpiecze\u0144stwa. Maj\u0105c na wzgl\u0119dzie wytrzyma\u0142o\u015b\u0107 produkt\u00f3w, zabawki projektowane i produkowane s\u0105 w najbardziej w\u0142a\u015bciwej technologii jak\u0105 jest &#8222;rotomolding&#8221;, gwarantuj\u0105c wspania\u0142\u0105 zabaw\u0119 przez d\u0142ugie lata. Ostrze\u017cenie. Wy\u0142\u0105cznie do u\u017cytku domowego.<\/p>\n<h2>Little Tikes niebieski LT4001 Little Tikes<\/h2>\n<p>molo w brze\u017anie, jesienne zagadki, kolorowanki na dzie\u0144 niepodleg\u0142o\u015bci do wydruku, kolorowanki kotki do druku, co\u015b dla nastolatk\u00f3w, ciekawe miejsca w warszawie dla m\u0142odzie\u017cy, co kupi\u0107 nastolatce na \u015bwi\u0119ta, zagadka matematyczna dla dzieci, marcel imi\u0119, milena imie, gabriela imie, kolorowanki ninjago, zagadki logiczne dla dzieci 10 lat do druku, kolorowanka wakacje, trudne zagadki z odpowiedziami<\/p>\n<p>yyyyy<\/p>\n<p>&nbsp;<\/p>\n","protected":false},"excerpt":{"rendered":"<p>Little Tikes Szelki bezpiecze\u0144stwa z plecakiem Aut Plecaczek z szelkami bezpiecze\u0144stwa zapewnia kontrol\u0119 odleg\u0142o\u015bci mi\u0119dzy dzieckiem a rodzicem \/ opiekunem. Do plecaczka doczepiana jest &#8222;smyczka&#8221;, kt\u00f3ra zapobiega nag\u0142emu oddaleniu si\u0119 dziecka od rodzica \/ opiekuna, jest to szczeg\u00f3lnie przydatne przy ciekawskich \u015bwiata, energicznych dzieciach. Plecaczek z szelkami bezpiecze\u0144stwa jest bardzo przydatny podczas codziennych spacer\u00f3w a [&hellip;]<\/p>\n","protected":false},"featured_media":957,"comment_status":"closed","ping_status":"open","template":"","meta":[],"product_cat":[317,318],"product_tag":[598,585,726],"class_list":["post-956","product","type-product","status-publish","has-post-thumbnail","hentry","product_cat-little-tikes","product_cat-pozostale-akcesoria-na-podroz-i-spacer-z-dzieckiem","product_tag-co-na-roczek-dla-dziewczynki","product_tag-kolorowanki-dla-chlopcow","product_tag-quiz-zemsta"],"_links":{"self":[{"href":"http:\/\/klubmamgdynia.pl\/index.php\/wp-json\/wp\/v2\/product\/956","targetHints":{"allow":["GET"]}}],"collection":[{"href":"http:\/\/klubmamgdynia.pl\/index.php\/wp-json\/wp\/v2\/product"}],"about":[{"href":"http:\/\/klubmamgdynia.pl\/index.php\/wp-json\/wp\/v2\/types\/product"}],"replies":[{"embeddable":true,"href":"http:\/\/klubmamgdynia.pl\/index.php\/wp-json\/wp\/v2\/comments?post=956"}],"wp:featuredmedia":[{"embeddable":true,"href":"http:\/\/klubmamgdynia.pl\/index.php\/wp-json\/wp\/v2\/media\/957"}],"wp:attachment":[{"href":"http:\/\/klubmamgdynia.pl\/index.php\/wp-json\/wp\/v2\/media?parent=956"}],"wp:term":[{"taxonomy":"product_cat","embeddable":true,"href":"http:\/\/klubmamgdynia.pl\/index.php\/wp-json\/wp\/v2\/product_cat?post=956"},{"taxonomy":"product_tag","embeddable":true,"href":"http:\/\/klubmamgdynia.pl\/index.php\/wp-json\/wp\/v2\/product_tag?post=956"}],"curies":[{"name":"wp","href":"https:\/\/api.w.org\/{rel}","templated":true}]}}