{"id":9569,"date":"2012-03-11T13:46:13","date_gmt":"2012-03-11T12:46:13","guid":{"rendered":"http:\/\/klubmamgdynia.pl\/index.php\/produkt\/adbor-wozek-lalkowy-gleboki-lily-kolor-08-775674\/"},"modified":"2026-04-04T05:26:20","modified_gmt":"2026-04-04T03:26:20","slug":"adbor-wozek-lalkowy-gleboki-lily-kolor-08-775674","status":"publish","type":"product","link":"http:\/\/klubmamgdynia.pl\/index.php\/produkt\/adbor-wozek-lalkowy-gleboki-lily-kolor-08-775674\/","title":{"rendered":"Adbor W\u00f3zek Lalkowy G\u0142\u0119boki Lily Kolor 08 (775674)"},"content":{"rendered":"<p>&#8211; nowoczesny, sk\u0142adany, sportowy stela\u017c- lekkie, piankowe ko\u0142a- przednie ko\u0142a skr\u0119tne- regulacja wysoko\u015bci r\u0105czki- plastikowa gondola z mo\u017cliwo\u015bci\u0105 wypi\u0119cia ze stela\u017ca- rozk\u0142adana budka- pokrowiec na n\u00f3\u017cki zapinany na magnes- materacyk- torebka z mo\u017cliwo\u015bci\u0105 zawieszenia na r\u0105czceW komplecie:- stela\u017c Sport z ko\u0142ami- gondola- plastikowy koszyk- torebkaMO\u017bLIWO\u015a\u0106 DOKUPIENIA SIEDZISKA SPACER\u00d3WKI LUB ZAM\u00d3WIENIA METALOWEGO KOSZA.Parametry techniczne:Waga: 5,2 kgWymiary po z\u0142o\u017ceniu:szeroko\u015b\u0107: 45 cmd\u0142ugo\u015b\u0107: 60 cmwysoko\u015b\u0107: 25 cm<\/p>\n<h2>Adbor W\u00f3zek Lalkowy G\u0142\u0119boki Lily Kolor 08 (775674) Adbor<\/h2>\n<p>quizy flagi, dobranoc pch\u0142y na noc, \u017carty na prima aprilis dla ch\u0142opaka, molo w brze\u017anie, zagadki matematyczne na logik\u0119, test z asiuni lektury, bajki do czytania dla 6 latka, jan pawe\u0142 2 rysunek \u0142atwy dla dzieci, kolorowanki do pobrania, quizy dla przedszkolak\u00f3w, znaczenie imiona monika<\/p>\n<p>yyyyy<\/p>\n<p>&nbsp;<\/p>\n","protected":false},"excerpt":{"rendered":"<p>&#8211; nowoczesny, sk\u0142adany, sportowy stela\u017c- lekkie, piankowe ko\u0142a- przednie ko\u0142a skr\u0119tne- regulacja wysoko\u015bci r\u0105czki- plastikowa gondola z mo\u017cliwo\u015bci\u0105 wypi\u0119cia ze stela\u017ca- rozk\u0142adana budka- pokrowiec na n\u00f3\u017cki zapinany na magnes- materacyk- torebka z mo\u017cliwo\u015bci\u0105 zawieszenia na r\u0105czceW komplecie:- stela\u017c Sport z ko\u0142ami- gondola- plastikowy koszyk- torebkaMO\u017bLIWO\u015a\u0106 DOKUPIENIA SIEDZISKA SPACER\u00d3WKI LUB ZAM\u00d3WIENIA METALOWEGO KOSZA.Parametry techniczne:Waga: 5,2 kgWymiary [&hellip;]<\/p>\n","protected":false},"featured_media":9570,"comment_status":"closed","ping_status":"open","template":"","meta":[],"product_cat":[1830,1098],"product_tag":[871,862,742,770,793],"class_list":["post-9569","product","type-product","status-publish","has-post-thumbnail","hentry","product_cat-adbor","product_cat-wozki-dla-lalek","product_tag-bajka-o-smoku-wawelskim","product_tag-nasza-zima-zla-tekst","product_tag-piosenki-dla-dzieci-tekst","product_tag-samolot-z-papieru","product_tag-zagadki-smieszne-podchwytliwe"],"_links":{"self":[{"href":"http:\/\/klubmamgdynia.pl\/index.php\/wp-json\/wp\/v2\/product\/9569","targetHints":{"allow":["GET"]}}],"collection":[{"href":"http:\/\/klubmamgdynia.pl\/index.php\/wp-json\/wp\/v2\/product"}],"about":[{"href":"http:\/\/klubmamgdynia.pl\/index.php\/wp-json\/wp\/v2\/types\/product"}],"replies":[{"embeddable":true,"href":"http:\/\/klubmamgdynia.pl\/index.php\/wp-json\/wp\/v2\/comments?post=9569"}],"wp:featuredmedia":[{"embeddable":true,"href":"http:\/\/klubmamgdynia.pl\/index.php\/wp-json\/wp\/v2\/media\/9570"}],"wp:attachment":[{"href":"http:\/\/klubmamgdynia.pl\/index.php\/wp-json\/wp\/v2\/media?parent=9569"}],"wp:term":[{"taxonomy":"product_cat","embeddable":true,"href":"http:\/\/klubmamgdynia.pl\/index.php\/wp-json\/wp\/v2\/product_cat?post=9569"},{"taxonomy":"product_tag","embeddable":true,"href":"http:\/\/klubmamgdynia.pl\/index.php\/wp-json\/wp\/v2\/product_tag?post=9569"}],"curies":[{"name":"wp","href":"https:\/\/api.w.org\/{rel}","templated":true}]}}