{"id":9575,"date":"2016-04-10T18:28:49","date_gmt":"2016-04-10T16:28:49","guid":{"rendered":"http:\/\/klubmamgdynia.pl\/index.php\/produkt\/nefere-masa-plastyczna-w-wiadereczku\/"},"modified":"2026-05-17T23:11:24","modified_gmt":"2026-05-17T21:11:24","slug":"nefere-masa-plastyczna-w-wiadereczku","status":"publish","type":"product","link":"http:\/\/klubmamgdynia.pl\/index.php\/produkt\/nefere-masa-plastyczna-w-wiadereczku\/","title":{"rendered":"NEFERE &#8211; MASA PLASTYCZNA W WIADERECZKU"},"content":{"rendered":"<p>Zestaw ciasta do modelowania w wiadereczku to wspania\u0142y prezent dla dziewczynki i ch\u0142opca. Mi\u0119kkie, \u0142atwe w u\u017cyciu, przyjazne dla d\u0142oni, jasne, bezpieczne dla zdrowia ma\u0142ych dzieci ciasto otwiera szeroki \u015bwiat fantazji. Wspiera rozw\u00f3j zdolno\u015bci motorycznych r\u0105czek i rozwija zdolno\u015bci artystyczne. Zestaw zawiera jasne popularne kolory ciastoliny dla pe\u0142ni kreatywno\u015bci, a tak\u017ce plastikowe foremki. Wszystkie kolory dobrze si\u0119 ze sob\u0105 mieszaj\u0105. Mas\u0119 \u0142atwo da si\u0119 usun\u0105\u0107 z powierzchni.Ograniczenia wiekowe 5+Waga produktu z opakowaniem (g) 585 gSzeroko\u015b\u0107 opakowania 11,5 cmWysoko\u015b\u0107 opakowania 9,5 cmG\u0142\u0119boko\u015b\u0107 opakowania 15,5 cm<\/p>\n<h2>NEFERE &#8211; MASA PLASTYCZNA W WIADERECZKU Nefere<\/h2>\n<p>peppa do czytania, zagadki na inteligencj\u0119 z odpowiedziami, el\u017cbieta imie, najlepsze zarty na prima aprilis, ziemia wyspa zielona tekst<\/p>\n<p>yyyyy<\/p>\n<p>&nbsp;<\/p>\n","protected":false},"excerpt":{"rendered":"<p>Zestaw ciasta do modelowania w wiadereczku to wspania\u0142y prezent dla dziewczynki i ch\u0142opca. Mi\u0119kkie, \u0142atwe w u\u017cyciu, przyjazne dla d\u0142oni, jasne, bezpieczne dla zdrowia ma\u0142ych dzieci ciasto otwiera szeroki \u015bwiat fantazji. Wspiera rozw\u00f3j zdolno\u015bci motorycznych r\u0105czek i rozwija zdolno\u015bci artystyczne. Zestaw zawiera jasne popularne kolory ciastoliny dla pe\u0142ni kreatywno\u015bci, a tak\u017ce plastikowe foremki. Wszystkie kolory [&hellip;]<\/p>\n","protected":false},"featured_media":9576,"comment_status":"closed","ping_status":"open","template":"","meta":[],"product_cat":[72,1832],"product_tag":[614,830,846,601],"class_list":["post-9575","product","type-product","status-publish","has-post-thumbnail","hentry","product_cat-mali-naukowcy","product_cat-nefere","product_tag-pia","product_tag-rodzina-cytaty","product_tag-rysowanki","product_tag-zagadki-co-to-jest"],"_links":{"self":[{"href":"http:\/\/klubmamgdynia.pl\/index.php\/wp-json\/wp\/v2\/product\/9575","targetHints":{"allow":["GET"]}}],"collection":[{"href":"http:\/\/klubmamgdynia.pl\/index.php\/wp-json\/wp\/v2\/product"}],"about":[{"href":"http:\/\/klubmamgdynia.pl\/index.php\/wp-json\/wp\/v2\/types\/product"}],"replies":[{"embeddable":true,"href":"http:\/\/klubmamgdynia.pl\/index.php\/wp-json\/wp\/v2\/comments?post=9575"}],"wp:featuredmedia":[{"embeddable":true,"href":"http:\/\/klubmamgdynia.pl\/index.php\/wp-json\/wp\/v2\/media\/9576"}],"wp:attachment":[{"href":"http:\/\/klubmamgdynia.pl\/index.php\/wp-json\/wp\/v2\/media?parent=9575"}],"wp:term":[{"taxonomy":"product_cat","embeddable":true,"href":"http:\/\/klubmamgdynia.pl\/index.php\/wp-json\/wp\/v2\/product_cat?post=9575"},{"taxonomy":"product_tag","embeddable":true,"href":"http:\/\/klubmamgdynia.pl\/index.php\/wp-json\/wp\/v2\/product_tag?post=9575"}],"curies":[{"name":"wp","href":"https:\/\/api.w.org\/{rel}","templated":true}]}}