{"id":958,"date":"2016-02-29T03:59:22","date_gmt":"2016-02-29T02:59:22","guid":{"rendered":"http:\/\/klubmamgdynia.pl\/index.php\/produkt\/mochtoys-serso-gra-zrecznosciowa-w-rzucanie-do-celu\/"},"modified":"2026-04-06T01:33:26","modified_gmt":"2026-04-05T23:33:26","slug":"mochtoys-serso-gra-zrecznosciowa-w-rzucanie-do-celu","status":"publish","type":"product","link":"http:\/\/klubmamgdynia.pl\/index.php\/produkt\/mochtoys-serso-gra-zrecznosciowa-w-rzucanie-do-celu\/","title":{"rendered":"Mochtoys Serso Gra Zr\u0119czno\u015bciowa W Rzucanie Do Celu"},"content":{"rendered":"<p>Gra Serso w rzucanie do celu, od marki Mochtoys. Zabawka sk\u0142ada si\u0119 z niebieskiej podstawy, do kt\u00f3rej przymocowane s\u0105 \u017c\u00f3\u0142te s\u0142upki oraz 5 obr\u0119czy, kt\u00f3re nale\u017cy wrzuca\u0107 na s\u0142upki, uwa\u017caj\u0105c, aby nie spud\u0142owa\u0107. Gra \u0107wiczy zr\u0119czno\u015b\u0107 i koordynacj\u0119.<\/p>\n<h2>Mochtoys Serso Gra Zr\u0119czno\u015bciowa W Rzucanie Do Celu Mochtoys<\/h2>\n<p>kuba imi\u0119, kr\u00f3tkie bajki do czytania pdf, jak narysowa\u0107 sanie miko\u0142aja, aron, ozdoby na choinke przedszkole, 45 pa\u0144stw europy i ich stolice quiz, marcel imie, krok jak narysowa\u0107 konia, test z tajemniczego ogrodu, tekst kolysanek<\/p>\n<p>yyyyy<\/p>\n<p>&nbsp;<\/p>\n","protected":false},"excerpt":{"rendered":"<p>Gra Serso w rzucanie do celu, od marki Mochtoys. Zabawka sk\u0142ada si\u0119 z niebieskiej podstawy, do kt\u00f3rej przymocowane s\u0105 \u017c\u00f3\u0142te s\u0142upki oraz 5 obr\u0119czy, kt\u00f3re nale\u017cy wrzuca\u0107 na s\u0142upki, uwa\u017caj\u0105c, aby nie spud\u0142owa\u0107. Gra \u0107wiczy zr\u0119czno\u015b\u0107 i koordynacj\u0119. Mochtoys Serso Gra Zr\u0119czno\u015bciowa W Rzucanie Do Celu Mochtoys kuba imi\u0119, kr\u00f3tkie bajki do czytania pdf, jak [&hellip;]<\/p>\n","protected":false},"featured_media":959,"comment_status":"closed","ping_status":"open","template":"","meta":[],"product_cat":[319,120],"product_tag":[802,854,859,752,690,591],"class_list":["post-958","product","type-product","status-publish","has-post-thumbnail","hentry","product_cat-mochtoys","product_cat-zabawki-i-gry-sportowe","product_tag-co-kupic-dziewczynce-na-roczek","product_tag-cytaty-rodzina","product_tag-dobranoc-pchly-na-noc","product_tag-kuba-imie","product_tag-pieski-male-dwa-tekst","product_tag-quiz-o-minecraft"],"_links":{"self":[{"href":"http:\/\/klubmamgdynia.pl\/index.php\/wp-json\/wp\/v2\/product\/958","targetHints":{"allow":["GET"]}}],"collection":[{"href":"http:\/\/klubmamgdynia.pl\/index.php\/wp-json\/wp\/v2\/product"}],"about":[{"href":"http:\/\/klubmamgdynia.pl\/index.php\/wp-json\/wp\/v2\/types\/product"}],"replies":[{"embeddable":true,"href":"http:\/\/klubmamgdynia.pl\/index.php\/wp-json\/wp\/v2\/comments?post=958"}],"wp:featuredmedia":[{"embeddable":true,"href":"http:\/\/klubmamgdynia.pl\/index.php\/wp-json\/wp\/v2\/media\/959"}],"wp:attachment":[{"href":"http:\/\/klubmamgdynia.pl\/index.php\/wp-json\/wp\/v2\/media?parent=958"}],"wp:term":[{"taxonomy":"product_cat","embeddable":true,"href":"http:\/\/klubmamgdynia.pl\/index.php\/wp-json\/wp\/v2\/product_cat?post=958"},{"taxonomy":"product_tag","embeddable":true,"href":"http:\/\/klubmamgdynia.pl\/index.php\/wp-json\/wp\/v2\/product_tag?post=958"}],"curies":[{"name":"wp","href":"https:\/\/api.w.org\/{rel}","templated":true}]}}