{"id":9595,"date":"2021-05-14T02:14:31","date_gmt":"2021-05-14T00:14:31","guid":{"rendered":"http:\/\/klubmamgdynia.pl\/index.php\/produkt\/schleich-labrador-retrieve-szczeniak-13835\/"},"modified":"2026-04-29T04:05:36","modified_gmt":"2026-04-29T02:05:36","slug":"schleich-labrador-retrieve-szczeniak-13835","status":"publish","type":"product","link":"http:\/\/klubmamgdynia.pl\/index.php\/produkt\/schleich-labrador-retrieve-szczeniak-13835\/","title":{"rendered":"Schleich Labrador Retrieve Szczeniak (13835)"},"content":{"rendered":"<p>Labrador retrieverTo mi\u0142e, dobroduszne psy uwielbiane przez rodziny! Kochaj\u0105 aportowanie i p\u0142ywanie, podczas kt\u00f3rego u\u017cywaj\u0105 swojego ogona jak steru. Rasa pochodzi z Nowej Fundlandii. Nazwa zosta\u0142a zaczerpni\u0119ta od czasownika &#8222;to retrieve&#8221; (przynosi\u0107) i wi\u0105\u017ce si\u0119 z wykorzystaniem w my\u015blistwie ich zami\u0142owania do aportowania.CiekawostkaSzczeni\u0119ta labradora retrievera mog\u0105 mie\u0107 sier\u015b\u0107 w kolorze czarnym, \u017c\u00f3\u0142tym lub czekoladowobr\u0105zowym.Figurka: Labrador Retriever szczeni\u0119 (Schleich 13835)Wymiary figurki: 4,9 x 1,6 x 3,4 cmSeria: Farm World<\/p>\n<h2>Schleich Labrador Retrieve Szczeniak (13835) Schleich<\/h2>\n<p>cytaty o macierzy\u0144stwie, cytaty dla dzieci, myszka minnie kolorowanka, lukrecja imi\u0119, miasto dzieci, wakacyjne kolorowanki, test z lektury mitologia grecka, jak narysowa\u0107 psa, tajemniczy ogr\u00f3d test z odpowiedziami, prezent dla jedenastolatka, miko\u0142ajek test z lektury, kolorowanki do druku dla dziewczynek<\/p>\n<p>yyyyy<\/p>\n<p>&nbsp;<\/p>\n","protected":false},"excerpt":{"rendered":"<p>Labrador retrieverTo mi\u0142e, dobroduszne psy uwielbiane przez rodziny! Kochaj\u0105 aportowanie i p\u0142ywanie, podczas kt\u00f3rego u\u017cywaj\u0105 swojego ogona jak steru. Rasa pochodzi z Nowej Fundlandii. Nazwa zosta\u0142a zaczerpni\u0119ta od czasownika &#8222;to retrieve&#8221; (przynosi\u0107) i wi\u0105\u017ce si\u0119 z wykorzystaniem w my\u015blistwie ich zami\u0142owania do aportowania.CiekawostkaSzczeni\u0119ta labradora retrievera mog\u0105 mie\u0107 sier\u015b\u0107 w kolorze czarnym, \u017c\u00f3\u0142tym lub czekoladowobr\u0105zowym.Figurka: Labrador [&hellip;]<\/p>\n","protected":false},"featured_media":9596,"comment_status":"closed","ping_status":"open","template":"","meta":[],"product_cat":[95,952],"product_tag":[766,697,815,846],"class_list":["post-9595","product","type-product","status-publish","has-post-thumbnail","hentry","product_cat-figurki-makiety-i-zestawy","product_cat-schleich","product_tag-kira","product_tag-krotkie-bajki-do-czytania","product_tag-ozdoby-choinkowe-dla-dzieci","product_tag-rysowanki"],"_links":{"self":[{"href":"http:\/\/klubmamgdynia.pl\/index.php\/wp-json\/wp\/v2\/product\/9595","targetHints":{"allow":["GET"]}}],"collection":[{"href":"http:\/\/klubmamgdynia.pl\/index.php\/wp-json\/wp\/v2\/product"}],"about":[{"href":"http:\/\/klubmamgdynia.pl\/index.php\/wp-json\/wp\/v2\/types\/product"}],"replies":[{"embeddable":true,"href":"http:\/\/klubmamgdynia.pl\/index.php\/wp-json\/wp\/v2\/comments?post=9595"}],"wp:featuredmedia":[{"embeddable":true,"href":"http:\/\/klubmamgdynia.pl\/index.php\/wp-json\/wp\/v2\/media\/9596"}],"wp:attachment":[{"href":"http:\/\/klubmamgdynia.pl\/index.php\/wp-json\/wp\/v2\/media?parent=9595"}],"wp:term":[{"taxonomy":"product_cat","embeddable":true,"href":"http:\/\/klubmamgdynia.pl\/index.php\/wp-json\/wp\/v2\/product_cat?post=9595"},{"taxonomy":"product_tag","embeddable":true,"href":"http:\/\/klubmamgdynia.pl\/index.php\/wp-json\/wp\/v2\/product_tag?post=9595"}],"curies":[{"name":"wp","href":"https:\/\/api.w.org\/{rel}","templated":true}]}}