{"id":9617,"date":"2015-01-31T07:14:43","date_gmt":"2015-01-31T06:14:43","guid":{"rendered":"http:\/\/klubmamgdynia.pl\/index.php\/produkt\/dante-bontempi-gitara-drewniana\/"},"modified":"2026-04-29T14:34:42","modified_gmt":"2026-04-29T12:34:42","slug":"dante-bontempi-gitara-drewniana","status":"publish","type":"product","link":"http:\/\/klubmamgdynia.pl\/index.php\/produkt\/dante-bontempi-gitara-drewniana\/","title":{"rendered":"Dante Bontempi Gitara drewniana"},"content":{"rendered":"<p>Klasyczna gitara z 6 strunami. Istnieje mo\u017cliwo\u015b\u0107 jej strojenia. Instrument wydaje realistyczy d\u017awi\u0119k. Do zestawu do\u0142\u0105czono kostk\u0119 do gry na gitarze. Ca\u0142o\u015b\u0107 mo\u017cna zapakowa\u0107 do gustownej czarnej materia\u0142owej torby zawieraj\u0105cej pasek na rami\u0119. Wysoko\u015b\u0107 gitary to 75 cm.<\/p>\n<h2>Dante Bontempi Gitara drewniana Dante<\/h2>\n<p>wierszyki na dobranoc dla dzieci, gotowe zaproszenia na urodziny do wydrukowania, labirynty dla dzieci, minecraft kolorowanki, zagadki o zwierz\u0119tach, ma\u0142y ksi\u0105\u017ce cytaty o przyja\u017ani, sybilla, jak narysowa\u0107 psa, dinozaury kolorowanki, cytat mama, wszystkie flagi \u015bwiata quiz<\/p>\n<p>yyyyy<\/p>\n<p>&nbsp;<\/p>\n","protected":false},"excerpt":{"rendered":"<p>Klasyczna gitara z 6 strunami. Istnieje mo\u017cliwo\u015b\u0107 jej strojenia. Instrument wydaje realistyczy d\u017awi\u0119k. Do zestawu do\u0142\u0105czono kostk\u0119 do gry na gitarze. Ca\u0142o\u015b\u0107 mo\u017cna zapakowa\u0107 do gustownej czarnej materia\u0142owej torby zawieraj\u0105cej pasek na rami\u0119. Wysoko\u015b\u0107 gitary to 75 cm. Dante Bontempi Gitara drewniana Dante wierszyki na dobranoc dla dzieci, gotowe zaproszenia na urodziny do wydrukowania, labirynty [&hellip;]<\/p>\n","protected":false},"featured_media":9618,"comment_status":"closed","ping_status":"open","template":"","meta":[],"product_cat":[249,155],"product_tag":[819,686,605,751],"class_list":["post-9617","product","type-product","status-publish","has-post-thumbnail","hentry","product_cat-dante","product_cat-zabawki-muzyczne","product_tag-co-kupic-nastolatce-na-swieta","product_tag-co-na-roczek-dla-chlopca","product_tag-milena","product_tag-psi-patrol-kolorowanka"],"_links":{"self":[{"href":"http:\/\/klubmamgdynia.pl\/index.php\/wp-json\/wp\/v2\/product\/9617","targetHints":{"allow":["GET"]}}],"collection":[{"href":"http:\/\/klubmamgdynia.pl\/index.php\/wp-json\/wp\/v2\/product"}],"about":[{"href":"http:\/\/klubmamgdynia.pl\/index.php\/wp-json\/wp\/v2\/types\/product"}],"replies":[{"embeddable":true,"href":"http:\/\/klubmamgdynia.pl\/index.php\/wp-json\/wp\/v2\/comments?post=9617"}],"wp:featuredmedia":[{"embeddable":true,"href":"http:\/\/klubmamgdynia.pl\/index.php\/wp-json\/wp\/v2\/media\/9618"}],"wp:attachment":[{"href":"http:\/\/klubmamgdynia.pl\/index.php\/wp-json\/wp\/v2\/media?parent=9617"}],"wp:term":[{"taxonomy":"product_cat","embeddable":true,"href":"http:\/\/klubmamgdynia.pl\/index.php\/wp-json\/wp\/v2\/product_cat?post=9617"},{"taxonomy":"product_tag","embeddable":true,"href":"http:\/\/klubmamgdynia.pl\/index.php\/wp-json\/wp\/v2\/product_tag?post=9617"}],"curies":[{"name":"wp","href":"https:\/\/api.w.org\/{rel}","templated":true}]}}