{"id":9631,"date":"2019-09-20T03:31:48","date_gmt":"2019-09-20T01:31:48","guid":{"rendered":"http:\/\/klubmamgdynia.pl\/index.php\/produkt\/zestaw-artystyczny-do-malowania-168szt-walizka\/"},"modified":"2026-05-17T21:59:58","modified_gmt":"2026-05-17T19:59:58","slug":"zestaw-artystyczny-do-malowania-168szt-walizka","status":"publish","type":"product","link":"http:\/\/klubmamgdynia.pl\/index.php\/produkt\/zestaw-artystyczny-do-malowania-168szt-walizka\/","title":{"rendered":"Zestaw Artystyczny Do Malowania 168Szt Walizka"},"content":{"rendered":"<p>ZESTAW DO MALOWANIA W WALIZCE 168 ELEMENT\u00d3W \u2013 przy pomocy ogromnego wyboru 24 kredek, 24 mazak\u00f3w, 48 pasteli olejowych, 48 pasteli \u015bwiecowych, 12 farb akwarelowych, temper\u00f3wki, kleju, korektora, gumki do mazania, kartek a4 z \u0142atwo\u015bci\u0105 stworzymy najbardziej wymy\u015blne, kreatywne i oryginalne prace.PRAKTYCZNA WALIZKA \u2013 ca\u0142o\u015b\u0107 umieszczona jest w walizce, dzi\u0119ki czemu transportowanie pe\u0142nej zawarto\u015bci jest proste i komfortowe; dodatkowo posiada uchwyt umo\u017cliwiaj\u0105cy wygodne przenoszeni. Po wykolorowaniu pierwotnych przybor\u00f3w, mo\u017cna z powodzeniem zape\u0142ni\u0107 walizk\u0119 nowymi, w\u0142asnymi akcesoriami.\u0141ATWY DOST\u0118P \u2013 osobne przegr\u00f3dki daj\u0105 \u0142atwy i szybki dost\u0119p do potrzebnych rzeczy, a tak\u017ce zapewniaj\u0105 ich ochron\u0119 oraz utrzymanie porz\u0105dku w walizce; bez k\u0142opotu zabierzemy j\u0105 ze sob\u0105, np. do szko\u0142y, w plener czy te\u017c na prywatne zaj\u0119cia.UNIWERSALNY \u2013 produkt nadaje si\u0119 do stosowania w jednakowym stopniu zar\u00f3wno przez osoby starsze, jak i m\u0142odsze, niezale\u017cnie od p\u0142ci; komplet polecany jest do indywidualnego u\u017cytku w domu, jak r\u00f3wnie\u017c znajdzie zastosowanie jako wyposa\u017cenie prywatnych szk\u00f3\u0142 oferuj\u0105cych kursy rysunku.SPECYFIKACJA &#8211; kolor walizki: r\u00f3\u017cowy; wiek: 3+; ilo\u015b\u0107 element\u00f3w w zestawie: 168; wymiary z\u0142o\u017conej walizki (d\u0142\/szer\/wys): 39\/3,5\/33cm; waga zestawu: 0,92kg.SPECYFIKACJAkolor: r\u00f3\u017cowywiek: 3+ilo\u015b\u0107 element\u00f3w w zestawie: 168wymiary z\u0142o\u017conej walizki (d\u0142\/szer\/wys): 39\/3,5\/33cmwaga zestawu: 0,92kgW ZESTAWIEwalizka24 kredki o\u0142\u00f3wkowe48 pasteli \u015bwiecowych48 pasteli olejowych24 grubych pisak\u00f3wtemper\u00f3wkagumka do mazaniaklejkorektor12 farb akwarelowychp\u0119dzelekzatyczka do farb5 kartek do malowaniaDu\u017cy zestaw do malowania i rysowania to wspania\u0142a rzecz na pocz\u0105tek artystycznej przygody dla hobbyst\u00f3w, jak r\u00f3wnie\u017c dla bardziej do\u015bwiadczonych plastyk\u00f3w. Komplet jest funkcjonalny i sk\u0142ada si\u0119 \u0142\u0105cznie z 168przydatnychcz\u0119\u015bci wraz z praktyczn\u0105 walizk\u0105. Du\u017ca ilo\u015b\u0107 element\u00f3w umo\u017cliwia praktyczne wykorzystanie i pozwoli realizowa\u0107 rozmaite, kreatywne pomys\u0142y.Przy pomocy ogromnego wyboru 24 kredek, 24 mazak\u00f3w, 48 pasteli olejowych, 48 pasteli \u015bwiecowych, 12 farb akwarelowych, temper\u00f3wki, kleju, korektora, gumki do mazania, kartek a4 z \u0142atwo\u015bci\u0105 stworzymy najbardziej wymy\u015blne, kreatywne i oryginalne prace.Przybory maj\u0105 szerok\u0105 oraz atrakcyjn\u0105 gam\u0119 kolorystyczn\u0105.Ca\u0142o\u015b\u0107 umieszczona jest w walizce, dzi\u0119ki czemu transportowanie pe\u0142nej zawarto\u015bci jest proste i komfortowe; dodatkowo posiada uchwyt umo\u017cliwiaj\u0105cy wygodne przenoszeni. Po zamkni\u0119ciu walizka b\u0119dzie szczelnie zamkni\u0119ta i \u017cadna rzecz si\u0119 z niej nie wysypie ani niczego nie zgubimy. Osobne przegr\u00f3dki daj\u0105 \u0142atwy i szybki dost\u0119p do potrzebnych rzeczy, a tak\u017ce zapewniaj\u0105 ich ochron\u0119 oraz utrzymanie porz\u0105dku w walizce. Bez k\u0142opotu zabierzemy j\u0105 ze sob\u0105, np. na uczelni\u0119, w plener czy te\u017c na prywatne zaj\u0119cia.Szeroki wachlarz wyboru z pewno\u015bci\u0105 wp\u0142ynie na zadowolenie ka\u017cdego u\u017cytkuj\u0105cego i pozwoli na d\u0142ugie, wielokrotne wykorzystywanie. Po wyko\u0144czeniu pierwotnych przybor\u00f3w, mo\u017cna z powodzeniem zape\u0142ni\u0107 walizk\u0119 nowymi, w\u0142asnymi akcesoriami. Produkt nadaje si\u0119 do stosowania w jednakowym stopniu zar\u00f3wno przez osoby starsze, jak i m\u0142odsze, niezale\u017cnie od p\u0142ci. Komplet polecany jest do indywidualnego u\u017cytku w domu, jak r\u00f3wnie\u017c znajdzie zastosowanie jako wyposa\u017cenie prywatnych szk\u00f3\u0142 oferuj\u0105cych kursy rysunku. Solidny i r\u00f3\u017cnorodny mega zestaw malarski sprawdzi si\u0119 \u015bwietnie jako prezent z wielu okazji i z pewno\u015bci\u0105 ucieszy obdarowanego.kod produktu: 9174<\/p>\n<h2>Zestaw Artystyczny Do Malowania 168Szt Walizka Iso Trade<\/h2>\n<p>po \u0142\u0105ce biega lato tekst, test miko\u0142ajek 25 pyta\u0144, walentynka dla syna, bajki do czytania dla 6 latka, quiz o flagach, gra kulki, aniela imie<\/p>\n<p>yyyyy<\/p>\n<p>&nbsp;<\/p>\n","protected":false},"excerpt":{"rendered":"<p>ZESTAW DO MALOWANIA W WALIZCE 168 ELEMENT\u00d3W \u2013 przy pomocy ogromnego wyboru 24 kredek, 24 mazak\u00f3w, 48 pasteli olejowych, 48 pasteli \u015bwiecowych, 12 farb akwarelowych, temper\u00f3wki, kleju, korektora, gumki do mazania, kartek a4 z \u0142atwo\u015bci\u0105 stworzymy najbardziej wymy\u015blne, kreatywne i oryginalne prace.PRAKTYCZNA WALIZKA \u2013 ca\u0142o\u015b\u0107 umieszczona jest w walizce, dzi\u0119ki czemu transportowanie pe\u0142nej zawarto\u015bci jest [&hellip;]<\/p>\n","protected":false},"featured_media":9632,"comment_status":"closed","ping_status":"open","template":"","meta":[],"product_cat":[296,297],"product_tag":[836,754,655,614,705,841],"class_list":["post-9631","product","type-product","status-publish","has-post-thumbnail","hentry","product_cat-iso-trade","product_cat-szkolne-artykuly-plastyczne","product_tag-co-kupic-dziecku-na-roczek","product_tag-dyplomy-do-wydrukowania-a4","product_tag-najlepsze-zagadki","product_tag-pia","product_tag-prezent-na-roczek-dla-chlopca","product_tag-quiz-o-flagach"],"_links":{"self":[{"href":"http:\/\/klubmamgdynia.pl\/index.php\/wp-json\/wp\/v2\/product\/9631","targetHints":{"allow":["GET"]}}],"collection":[{"href":"http:\/\/klubmamgdynia.pl\/index.php\/wp-json\/wp\/v2\/product"}],"about":[{"href":"http:\/\/klubmamgdynia.pl\/index.php\/wp-json\/wp\/v2\/types\/product"}],"replies":[{"embeddable":true,"href":"http:\/\/klubmamgdynia.pl\/index.php\/wp-json\/wp\/v2\/comments?post=9631"}],"wp:featuredmedia":[{"embeddable":true,"href":"http:\/\/klubmamgdynia.pl\/index.php\/wp-json\/wp\/v2\/media\/9632"}],"wp:attachment":[{"href":"http:\/\/klubmamgdynia.pl\/index.php\/wp-json\/wp\/v2\/media?parent=9631"}],"wp:term":[{"taxonomy":"product_cat","embeddable":true,"href":"http:\/\/klubmamgdynia.pl\/index.php\/wp-json\/wp\/v2\/product_cat?post=9631"},{"taxonomy":"product_tag","embeddable":true,"href":"http:\/\/klubmamgdynia.pl\/index.php\/wp-json\/wp\/v2\/product_tag?post=9631"}],"curies":[{"name":"wp","href":"https:\/\/api.w.org\/{rel}","templated":true}]}}