{"id":964,"date":"2012-03-27T18:08:42","date_gmt":"2012-03-27T16:08:42","guid":{"rendered":"http:\/\/klubmamgdynia.pl\/index.php\/produkt\/meteor-012-motyl-niebieski-kapcie-damskie-niebieski\/"},"modified":"2026-04-05T03:03:21","modified_gmt":"2026-04-05T01:03:21","slug":"meteor-012-motyl-niebieski-kapcie-damskie-niebieski","status":"publish","type":"product","link":"http:\/\/klubmamgdynia.pl\/index.php\/produkt\/meteor-012-motyl-niebieski-kapcie-damskie-niebieski\/","title":{"rendered":"METEOR 012 MOTYL niebieski, kapcie damskie &#8211; Niebieski"},"content":{"rendered":"<p>Kapcie damskie. Kolekcja Natural Style. Cholewka z naturalnego lnu. Elastyczne, nie zostawiaj\u0105ce \u015blad\u00f3w podeszwy. Ozdobna aplikacja.<\/p>\n<h2>METEOR 012 MOTYL niebieski, kapcie damskie &#8211; Niebieski Meteor<\/h2>\n<p>\u015bmigus dyngus wiersz dla dzieci, \u015bmieszne kanapki kanapki dla dzieci, pomys\u0142 na prezent dla 15 latki, zagadka logiczna<\/p>\n<p>yyyyy<\/p>\n<p>&nbsp;<\/p>\n","protected":false},"excerpt":{"rendered":"<p>Kapcie damskie. Kolekcja Natural Style. Cholewka z naturalnego lnu. Elastyczne, nie zostawiaj\u0105ce \u015blad\u00f3w podeszwy. Ozdobna aplikacja. METEOR 012 MOTYL niebieski, kapcie damskie &#8211; Niebieski Meteor \u015bmigus dyngus wiersz dla dzieci, \u015bmieszne kanapki kanapki dla dzieci, pomys\u0142 na prezent dla 15 latki, zagadka logiczna yyyyy &nbsp;<\/p>\n","protected":false},"featured_media":965,"comment_status":"closed","ping_status":"open","template":"","meta":[],"product_cat":[321,320],"product_tag":[594,703,682,850,805],"class_list":["post-964","product","type-product","status-publish","has-post-thumbnail","hentry","product_cat-kapcie-damskie","product_cat-meteor","product_tag-podchwytliwe-zagadki-dla-dzieci","product_tag-prezent-dla-nastolatki","product_tag-przyjazn-cytaty","product_tag-wroclaw-atrakcje-dla-dzieci","product_tag-znaczenie-imienia-alan"],"_links":{"self":[{"href":"http:\/\/klubmamgdynia.pl\/index.php\/wp-json\/wp\/v2\/product\/964","targetHints":{"allow":["GET"]}}],"collection":[{"href":"http:\/\/klubmamgdynia.pl\/index.php\/wp-json\/wp\/v2\/product"}],"about":[{"href":"http:\/\/klubmamgdynia.pl\/index.php\/wp-json\/wp\/v2\/types\/product"}],"replies":[{"embeddable":true,"href":"http:\/\/klubmamgdynia.pl\/index.php\/wp-json\/wp\/v2\/comments?post=964"}],"wp:featuredmedia":[{"embeddable":true,"href":"http:\/\/klubmamgdynia.pl\/index.php\/wp-json\/wp\/v2\/media\/965"}],"wp:attachment":[{"href":"http:\/\/klubmamgdynia.pl\/index.php\/wp-json\/wp\/v2\/media?parent=964"}],"wp:term":[{"taxonomy":"product_cat","embeddable":true,"href":"http:\/\/klubmamgdynia.pl\/index.php\/wp-json\/wp\/v2\/product_cat?post=964"},{"taxonomy":"product_tag","embeddable":true,"href":"http:\/\/klubmamgdynia.pl\/index.php\/wp-json\/wp\/v2\/product_tag?post=964"}],"curies":[{"name":"wp","href":"https:\/\/api.w.org\/{rel}","templated":true}]}}