{"id":9641,"date":"2024-11-23T23:38:16","date_gmt":"2024-11-23T22:38:16","guid":{"rendered":"http:\/\/klubmamgdynia.pl\/?post_type=product&#038;p=9641"},"modified":"2026-05-17T21:59:26","modified_gmt":"2026-05-17T19:59:26","slug":"vulli-sophie-la-girafe-grzechotka-dla-niemowlat","status":"publish","type":"product","link":"http:\/\/klubmamgdynia.pl\/index.php\/produkt\/vulli-sophie-la-girafe-grzechotka-dla-niemowlat\/","title":{"rendered":"Vulli Sophie La Girafe Grzechotka Dla Niemowl\u0105t"},"content":{"rendered":"<p>Po naci\u015bni\u0119ciu ma\u0142ego patyczka grzechotka weso\u0142o piszczy, po potrz\u0105\u015bni\u0119ciu wydaje d\u017awi\u0119k dzwoneczka. Ma\u0142a grzechotka pobudza zmys\u0142y dziecka i wspiera jego zdolno\u015bci motoryczne, jednocze\u015bnie rozwijaj\u0105c jego pierwsze zrozumienie przyczyny i skutku. Plusz jest wyj\u0105tkowo mi\u0119kki, a ma\u0142e flagi z tkaniny l aden zach\u0119caj\u0105 do odkrywania. Grzechotka jest bardzo lekka i \u0142atwa do uchwycenia dzi\u0119ki swojemu kszta\u0142towi pa\u0142eczki. Szczeg\u00f3\u0142y produktu: Wymiary (szeroko\u015b\u0107 x wysoko\u015b\u0107 x g\u0142\u0119boko\u015b\u0107): 6 x 16 x 6,5 cm Materia\u0142: 100% poliester Kolor: kremowo-bia\u0142y\/kolorowy Wskaz\u00f3wki piel\u0119gnacyjne: Czyszczenie powierzchni wod\u0105 z myd\u0142em i wilgotn\u0105 \u015bciereczk\u0105. Szczeg\u00f3lnie lekki i \u0142atwy do uchwycenia Promuje umiej\u0119tno\u015bci motoryczne Pobudza zmys\u0142y Twojego dziecka Wiek: od 3 miesi\u0119cy Szczeg\u00f3\u0142y i kolory zawarto\u015bci mog\u0105 si\u0119 r\u00f3\u017cni\u0107. Prosimy o zachowanie opakowania, zawiera ono wa\u017cne informacje. Przed u\u017cyciem usun\u0105\u0107 wszystkie opakowania i mocowania .<\/p>\n<h2>Vulli Sophie La Girafe Grzechotka Dla Niemowl\u0105t Vulli<\/h2>\n<p>esmeralda, zagadki dla 8 latka, nadia imie, bal halloween dla dzieci 2021, kr\u00f3tkie zagadki dla doros\u0142ych, mini zoo \u015bl\u0105sk, a \u015bpij kochanie, test z lektury dzieci z bullerbyn, proste dekoracje \u015bwi\u0105teczne dla dzieci, maska kota, nauka pisania wyraz\u00f3w dla dzieci do druku pdf, ch\u0142opcy z placu broni &#8211; test z odpowiedziami, serce origami, nauka pisania literek do wydruku pdf, cytaty dla mamy od c\u00f3rki<\/p>\n<p>yyyyy<\/p>\n<p>&nbsp;<\/p>\n","protected":false},"excerpt":{"rendered":"<p>Po naci\u015bni\u0119ciu ma\u0142ego patyczka grzechotka weso\u0142o piszczy, po potrz\u0105\u015bni\u0119ciu wydaje d\u017awi\u0119k dzwoneczka. Ma\u0142a grzechotka pobudza zmys\u0142y dziecka i wspiera jego zdolno\u015bci motoryczne, jednocze\u015bnie rozwijaj\u0105c jego pierwsze zrozumienie przyczyny i skutku. Plusz jest wyj\u0105tkowo mi\u0119kki, a ma\u0142e flagi z tkaniny l aden zach\u0119caj\u0105 do odkrywania. Grzechotka jest bardzo lekka i \u0142atwa do uchwycenia dzi\u0119ki swojemu kszta\u0142towi [&hellip;]<\/p>\n","protected":false},"featured_media":9642,"comment_status":"closed","ping_status":"open","template":"","meta":[],"product_cat":[63,1489],"product_tag":[827,836,674,614,586,604],"class_list":["post-9641","product","type-product","status-publish","has-post-thumbnail","hentry","product_cat-grzechotki-i-gryzaki","product_cat-vulli","product_tag-bajki-dla-niemowlat","product_tag-co-kupic-dziecku-na-roczek","product_tag-miasto-dzieci","product_tag-pia","product_tag-smieszne-zagadki","product_tag-zagadki-trudne"],"_links":{"self":[{"href":"http:\/\/klubmamgdynia.pl\/index.php\/wp-json\/wp\/v2\/product\/9641","targetHints":{"allow":["GET"]}}],"collection":[{"href":"http:\/\/klubmamgdynia.pl\/index.php\/wp-json\/wp\/v2\/product"}],"about":[{"href":"http:\/\/klubmamgdynia.pl\/index.php\/wp-json\/wp\/v2\/types\/product"}],"replies":[{"embeddable":true,"href":"http:\/\/klubmamgdynia.pl\/index.php\/wp-json\/wp\/v2\/comments?post=9641"}],"wp:featuredmedia":[{"embeddable":true,"href":"http:\/\/klubmamgdynia.pl\/index.php\/wp-json\/wp\/v2\/media\/9642"}],"wp:attachment":[{"href":"http:\/\/klubmamgdynia.pl\/index.php\/wp-json\/wp\/v2\/media?parent=9641"}],"wp:term":[{"taxonomy":"product_cat","embeddable":true,"href":"http:\/\/klubmamgdynia.pl\/index.php\/wp-json\/wp\/v2\/product_cat?post=9641"},{"taxonomy":"product_tag","embeddable":true,"href":"http:\/\/klubmamgdynia.pl\/index.php\/wp-json\/wp\/v2\/product_tag?post=9641"}],"curies":[{"name":"wp","href":"https:\/\/api.w.org\/{rel}","templated":true}]}}