{"id":9659,"date":"2024-11-03T01:11:25","date_gmt":"2024-11-03T00:11:25","guid":{"rendered":"http:\/\/klubmamgdynia.pl\/?post_type=product&#038;p=9659"},"modified":"2026-04-29T05:38:47","modified_gmt":"2026-04-29T03:38:47","slug":"mikado-sygnalizator-bran-podwieszany-zielony","status":"publish","type":"product","link":"http:\/\/klubmamgdynia.pl\/index.php\/produkt\/mikado-sygnalizator-bran-podwieszany-zielony\/","title":{"rendered":"Mikado Sygnalizator Bra\u0144 Podwieszany Zielony"},"content":{"rendered":"<p>L\u017cejszy sygnalizator z mi\u0119kkim ramieniem typu hanger przeznaczony na mniejsze zbiorniki i po\u0142owy rzutowe. Wyposa\u017cony w zdejmowane obci\u0105\u017cenie i dodatkowe pod\u015bwietlenie diod\u0105 LED. Niezwykle czu\u0142y i wytrzyma\u0142y.<\/p>\n<h2>Mikado Sygnalizator Bra\u0144 Podwieszany Zielony Mikado<\/h2>\n<p>kr\u00f3tkie cytaty o mamie, opowie\u015bci z narni lew czarownica i stara szafa test, ma\u0142y ksi\u0105\u017c\u0119 &#8211; test z odpowiedziami, test z lektury pies kt\u00f3ry je\u017adzi\u0142 kolej\u0105, piosenki na dobranoc dla dzieci + tekst, pieski, flagi \u015bwiata quiz, regina, test z lektury ten obcy, przysz\u0142a zima bia\u0142a, prezent na dzie\u0144 dziecka dla nastolatk\u00f3w, borys imi\u0119<\/p>\n<p>yyyyy<\/p>\n<p>&nbsp;<\/p>\n","protected":false},"excerpt":{"rendered":"<p>L\u017cejszy sygnalizator z mi\u0119kkim ramieniem typu hanger przeznaczony na mniejsze zbiorniki i po\u0142owy rzutowe. Wyposa\u017cony w zdejmowane obci\u0105\u017cenie i dodatkowe pod\u015bwietlenie diod\u0105 LED. Niezwykle czu\u0142y i wytrzyma\u0142y. Mikado Sygnalizator Bra\u0144 Podwieszany Zielony Mikado kr\u00f3tkie cytaty o mamie, opowie\u015bci z narni lew czarownica i stara szafa test, ma\u0142y ksi\u0105\u017c\u0119 &#8211; test z odpowiedziami, test z lektury [&hellip;]<\/p>\n","protected":false},"featured_media":9660,"comment_status":"closed","ping_status":"open","template":"","meta":[],"product_cat":[1836,1837],"product_tag":[761,744,613,826,736],"class_list":["post-9659","product","type-product","status-publish","has-post-thumbnail","hentry","product_cat-mikado","product_cat-pozostaly-sprzet-wedkarski","product_tag-choinko-piekna-jak-las-tekst","product_tag-kolorowanki-swiateczne-do-wydruku","product_tag-na-wyspach-bergamutach","product_tag-prezent-dla-15-latka","product_tag-zabawki-na-roczek"],"_links":{"self":[{"href":"http:\/\/klubmamgdynia.pl\/index.php\/wp-json\/wp\/v2\/product\/9659","targetHints":{"allow":["GET"]}}],"collection":[{"href":"http:\/\/klubmamgdynia.pl\/index.php\/wp-json\/wp\/v2\/product"}],"about":[{"href":"http:\/\/klubmamgdynia.pl\/index.php\/wp-json\/wp\/v2\/types\/product"}],"replies":[{"embeddable":true,"href":"http:\/\/klubmamgdynia.pl\/index.php\/wp-json\/wp\/v2\/comments?post=9659"}],"wp:featuredmedia":[{"embeddable":true,"href":"http:\/\/klubmamgdynia.pl\/index.php\/wp-json\/wp\/v2\/media\/9660"}],"wp:attachment":[{"href":"http:\/\/klubmamgdynia.pl\/index.php\/wp-json\/wp\/v2\/media?parent=9659"}],"wp:term":[{"taxonomy":"product_cat","embeddable":true,"href":"http:\/\/klubmamgdynia.pl\/index.php\/wp-json\/wp\/v2\/product_cat?post=9659"},{"taxonomy":"product_tag","embeddable":true,"href":"http:\/\/klubmamgdynia.pl\/index.php\/wp-json\/wp\/v2\/product_tag?post=9659"}],"curies":[{"name":"wp","href":"https:\/\/api.w.org\/{rel}","templated":true}]}}