{"id":9677,"date":"2012-08-27T09:37:07","date_gmt":"2012-08-27T07:37:07","guid":{"rendered":"http:\/\/klubmamgdynia.pl\/index.php\/produkt\/collecta-zwierzeta-dzikie-skunks-88381\/"},"modified":"2026-05-17T22:39:00","modified_gmt":"2026-05-17T20:39:00","slug":"collecta-zwierzeta-dzikie-skunks-88381","status":"publish","type":"product","link":"http:\/\/klubmamgdynia.pl\/index.php\/produkt\/collecta-zwierzeta-dzikie-skunks-88381\/","title":{"rendered":"Collecta Zwierz\u0119ta dzikie Skunks (88381)"},"content":{"rendered":"<p>Misj\u0105 firmy Collecta jest budowanie \u015bwiata przyrody w miniaturze dla kolekcjoner\u00f3w.Figurki Collecta:- wykonane z najwy\u017csz\u0105 dba\u0142o\u015bci\u0105 o szczeg\u00f3\u0142y,- wiernie oddaj\u0105 wygl\u0105d rzeczywisty zwierz\u0119cia czy postaci,- spe\u0142niaj\u0105 najwy\u017csze standardy bezpiecze\u0144stwa i jako\u015bci.Kolekcja figurek obejmuje: figurki dzikich zwierz\u0105t, koni rasowych, zwierz\u0105t gospodarskich, kot\u00f3w i ps\u00f3w rasowych, zwierz\u0105t prehistorycznych, zwierz\u0105t egzotycznych, owad\u00f3w, zwierz\u0105t morskich i postaci mitycznych.Collecta to jeden z najwi\u0119kszych na \u015bwiecie producent\u00f3w zabawkowych replik zwierz\u0105t oraz postaci mitologicznych.Figurki mog\u0105 by\u0107 wykorzystywane w odgrywaniu r\u00f3l w celach edukacyjnych, ale tak\u017ce przypominaj\u0105 o zagro\u017conych gatunkach, rozwijaj\u0105c potrzeb\u0119 ochrony \u015brodowiska z korzy\u015bci\u0105 dla zwierz\u0105t, kt\u00f3re reprezentuj\u0105.Firma Collecta z pomoc\u0105 paleontolog\u00f3w z Wielkiej Brytanii stworzy\u0142a jedn\u0105 z najwi\u0119kszych kolekcji dinozaur\u00f3w na \u015bwiecie, natomiast przy wsp\u00f3\u0142pracy z dobrze znanym ekspertem je\u017adzieckim z USA Deborah McDermott powstaj\u0105 realistyczne modele koni.<\/p>\n<h2>Collecta Zwierz\u0119ta dzikie Skunks (88381) Collecta<\/h2>\n<p>historia pluszowego misia, jesienne piosenki dla dzieci, melania imi\u0119, kolorowanki do druku dla dziewczynek, kolorowanka piesek, logiczne zagadki dla dzieci, marianna, cytaty dla mamy, piosenka dla mamy tekst, kr\u00f3tkie czytanki dla dzieci do wydruku, wzruszaj\u0105ce s\u0142owa dla przyjaci\u00f3\u0142ki, quiz felix net i nika oraz gang niewidzialnych ludzi, gry dla m\u0142odzie\u017cy, kolorowanka lato, bajka terapeutyczna o emocjach, kolorowanki konie, nowe quizy do rozwi\u0105zania<\/p>\n<p>yyyyy<\/p>\n<p>&nbsp;<\/p>\n","protected":false},"excerpt":{"rendered":"<p>Misj\u0105 firmy Collecta jest budowanie \u015bwiata przyrody w miniaturze dla kolekcjoner\u00f3w.Figurki Collecta:- wykonane z najwy\u017csz\u0105 dba\u0142o\u015bci\u0105 o szczeg\u00f3\u0142y,- wiernie oddaj\u0105 wygl\u0105d rzeczywisty zwierz\u0119cia czy postaci,- spe\u0142niaj\u0105 najwy\u017csze standardy bezpiecze\u0144stwa i jako\u015bci.Kolekcja figurek obejmuje: figurki dzikich zwierz\u0105t, koni rasowych, zwierz\u0105t gospodarskich, kot\u00f3w i ps\u00f3w rasowych, zwierz\u0105t prehistorycznych, zwierz\u0105t egzotycznych, owad\u00f3w, zwierz\u0105t morskich i postaci mitycznych.Collecta to [&hellip;]<\/p>\n","protected":false},"featured_media":9678,"comment_status":"closed","ping_status":"open","template":"","meta":[],"product_cat":[490,95],"product_tag":[580,646,692,609],"class_list":["post-9677","product","type-product","status-publish","has-post-thumbnail","hentry","product_cat-collecta","product_cat-figurki-makiety-i-zestawy","product_tag-janusz","product_tag-prezent-na-pierwsze-urodziny","product_tag-prezenty-na-roczek","product_tag-quiz-flagi-europy"],"_links":{"self":[{"href":"http:\/\/klubmamgdynia.pl\/index.php\/wp-json\/wp\/v2\/product\/9677","targetHints":{"allow":["GET"]}}],"collection":[{"href":"http:\/\/klubmamgdynia.pl\/index.php\/wp-json\/wp\/v2\/product"}],"about":[{"href":"http:\/\/klubmamgdynia.pl\/index.php\/wp-json\/wp\/v2\/types\/product"}],"replies":[{"embeddable":true,"href":"http:\/\/klubmamgdynia.pl\/index.php\/wp-json\/wp\/v2\/comments?post=9677"}],"wp:featuredmedia":[{"embeddable":true,"href":"http:\/\/klubmamgdynia.pl\/index.php\/wp-json\/wp\/v2\/media\/9678"}],"wp:attachment":[{"href":"http:\/\/klubmamgdynia.pl\/index.php\/wp-json\/wp\/v2\/media?parent=9677"}],"wp:term":[{"taxonomy":"product_cat","embeddable":true,"href":"http:\/\/klubmamgdynia.pl\/index.php\/wp-json\/wp\/v2\/product_cat?post=9677"},{"taxonomy":"product_tag","embeddable":true,"href":"http:\/\/klubmamgdynia.pl\/index.php\/wp-json\/wp\/v2\/product_tag?post=9677"}],"curies":[{"name":"wp","href":"https:\/\/api.w.org\/{rel}","templated":true}]}}