{"id":9683,"date":"2022-08-28T05:11:12","date_gmt":"2022-08-28T03:11:12","guid":{"rendered":"http:\/\/klubmamgdynia.pl\/index.php\/produkt\/doris-drewniane-warzywa-owoce-z-deska-w-skrzynce-zabawka\/"},"modified":"2026-04-27T13:44:17","modified_gmt":"2026-04-27T11:44:17","slug":"doris-drewniane-warzywa-owoce-z-deska-w-skrzynce-zabawka","status":"publish","type":"product","link":"http:\/\/klubmamgdynia.pl\/index.php\/produkt\/doris-drewniane-warzywa-owoce-z-deska-w-skrzynce-zabawka\/","title":{"rendered":"Doris drewniane warzywa owoce z desk\u0105 w skrzynce &#8211; Zabawka"},"content":{"rendered":"<p>Wspania\u0142y zestaw, kt\u00f3rym dziecko mo\u017ce bawi\u0107 si\u0119 w krojenie i przygotowanie posi\u0142k\u00f3w. Dzieci uwielbiaj\u0105 na\u015bladowa\u0107 doros\u0142ych w ich codziennych czynno\u015bciach, a ten zestaw pozwoli im uczy\u0107 si\u0119 poprzez zabaw\u0119.Zabawka pos\u0142u\u017cy do nauki krojenia. Owoce i warzywa mo\u017cna &#8222;przekroi\u0107&#8221; za\u0142\u0105czonym do zestawu no\u017cykiem, potem bardzo \u0142atwo mo\u017cna je po\u0142\u0105czy\u0107 poprzez magnes znajduj\u0105cy si\u0119 wewn\u0105trz.Ka\u017cdy z produkt\u00f3w jest znakomitym odwzorowaniem prawdziwych produkt\u00f3w przez co zabawa staje si\u0119 jeszcze ciekawsza.Produkty wykonane s\u0105 z drewna, dzi\u0119ki czemu s\u0105 nie tylko \u0142adne ale i trwa\u0142e.W zestawie:-drewniana skrzynka na owoce-deska do krojenia-no\u017cyki 2x-obieraczka -pomara\u0144cza-ryba-gruszka-kiwi-pomidor-cebula-marchewka-papryka-cytryna-arbuz-og\u00f3rek-broku\u0142-bak\u0142a\u017canWiek 3+<\/p>\n<h2>Doris drewniane warzywa owoce z desk\u0105 w skrzynce &#8211; Zabawka Doris<\/h2>\n<p>atrakcje dla dzieci pozna\u0144 2021, kolorowanki star wars, gry z pi\u0142k\u0105, oliwier, kolorowanka do malowania farbami, prezenty dla nastolatk\u00f3w 2021, ziemia wyspa zielona tekst, kartki na dobranoc dla przyjaci\u00f3\u0142, kolorowe kredki tekst, dobre \u017carty na prima aprilis, sonia imi\u0119, quizy dla dzieci z bajek, twarz wiosny do druku, karnawa\u0142 maska karnawa\u0142owa szablon, ch\u0142opcy z placu broni &#8211; test z odpowiedziami, jak narysowa\u0107 oko, prezenty dla m\u0142odzie\u017cy, fajne zagadki, ozdoby na choink\u0119 dla dzieci z papieru, czasdzieci krak\u00f3w, malowanki piesek<\/p>\n<p>yyyyy<\/p>\n<p>&nbsp;<\/p>\n","protected":false},"excerpt":{"rendered":"<p>Wspania\u0142y zestaw, kt\u00f3rym dziecko mo\u017ce bawi\u0107 si\u0119 w krojenie i przygotowanie posi\u0142k\u00f3w. Dzieci uwielbiaj\u0105 na\u015bladowa\u0107 doros\u0142ych w ich codziennych czynno\u015bciach, a ten zestaw pozwoli im uczy\u0107 si\u0119 poprzez zabaw\u0119.Zabawka pos\u0142u\u017cy do nauki krojenia. Owoce i warzywa mo\u017cna &#8222;przekroi\u0107&#8221; za\u0142\u0105czonym do zestawu no\u017cykiem, potem bardzo \u0142atwo mo\u017cna je po\u0142\u0105czy\u0107 poprzez magnes znajduj\u0105cy si\u0119 wewn\u0105trz.Ka\u017cdy z produkt\u00f3w [&hellip;]<\/p>\n","protected":false},"featured_media":9684,"comment_status":"closed","ping_status":"open","template":"","meta":[],"product_cat":[338,53],"product_tag":[776,808,656,866,726],"class_list":["post-9683","product","type-product","status-publish","has-post-thumbnail","hentry","product_cat-doris","product_cat-kaciki-zabaw","product_tag-dobrej-nocy","product_tag-imie-mia","product_tag-kolorowanki-lol","product_tag-opis-do-zdjecia-dziecka-na-fb","product_tag-quiz-zemsta"],"_links":{"self":[{"href":"http:\/\/klubmamgdynia.pl\/index.php\/wp-json\/wp\/v2\/product\/9683","targetHints":{"allow":["GET"]}}],"collection":[{"href":"http:\/\/klubmamgdynia.pl\/index.php\/wp-json\/wp\/v2\/product"}],"about":[{"href":"http:\/\/klubmamgdynia.pl\/index.php\/wp-json\/wp\/v2\/types\/product"}],"replies":[{"embeddable":true,"href":"http:\/\/klubmamgdynia.pl\/index.php\/wp-json\/wp\/v2\/comments?post=9683"}],"wp:featuredmedia":[{"embeddable":true,"href":"http:\/\/klubmamgdynia.pl\/index.php\/wp-json\/wp\/v2\/media\/9684"}],"wp:attachment":[{"href":"http:\/\/klubmamgdynia.pl\/index.php\/wp-json\/wp\/v2\/media?parent=9683"}],"wp:term":[{"taxonomy":"product_cat","embeddable":true,"href":"http:\/\/klubmamgdynia.pl\/index.php\/wp-json\/wp\/v2\/product_cat?post=9683"},{"taxonomy":"product_tag","embeddable":true,"href":"http:\/\/klubmamgdynia.pl\/index.php\/wp-json\/wp\/v2\/product_tag?post=9683"}],"curies":[{"name":"wp","href":"https:\/\/api.w.org\/{rel}","templated":true}]}}