{"id":9691,"date":"2024-11-13T11:47:53","date_gmt":"2024-11-13T10:47:53","guid":{"rendered":"http:\/\/klubmamgdynia.pl\/?post_type=product&#038;p=9691"},"modified":"2026-04-18T19:21:05","modified_gmt":"2026-04-18T17:21:05","slug":"kids-concept-lodowka-z-zamrazarka-kc1000281-zabawka","status":"publish","type":"product","link":"http:\/\/klubmamgdynia.pl\/index.php\/produkt\/kids-concept-lodowka-z-zamrazarka-kc1000281-zabawka\/","title":{"rendered":"Kids Concept Lod\u00f3wka Z Zamra\u017cark\u0105 Kc1000281 &#8211; Zabawka"},"content":{"rendered":"<p>Kids Concept Lod\u00f3wka z Zamra\u017cark\u0105 DrewnianaNumer kat. 1000281Drewniana lod\u00f3wka z zara\u017cark\u0105 jest \u015bwietn\u0105 propozycj\u0105 dla dzieci w wieku powy\u017cej 3 lat, kt\u00f3re ch\u0119tnie pomagaj\u0105 rodzicom w kuchni. Ka\u017cde dziecko chcia\u0142oby na\u015bladowa\u0107 swoich rodzic\u00f3w w codziennym \u017cyciu, a dzi\u0119ki niej mog\u0105 mie\u0107 sw\u00f3j w\u0142asny kuchenny k\u0105cik. Lod\u00f3wka wyposa\u017cona jest dwie wewn\u0119trzne p\u00f3\u0142ki na drzwiach, przestronne p\u00f3\u0142eczki, szuflad\u0119 na dole dla warzyw i owoc\u00f3w. Dodatkowym elementem lod\u00f3wki jest przesuwany prze\u0142\u0105cznik do regulacji temperatury. Ca\u0142o\u015b\u0107 jest starannie wyko\u0144czona i bezpieczna w u\u017cytkowaniu. Zabawa zestawem rozwija zdolno\u015bci ruchowe oraz wyobra\u017ani\u0119 dziecka. Zabawka inspiruje dzieci do kreatywnej zabawy, kt\u00f3rej nie b\u0119dzie ko\u0144ca. Wraz z dost\u0119pnymi akcesoriami takimi jak owoce lub warzywa w skrzynce, butelki i wiele innych produkt\u00f3w do kupienia osobno, b\u0119dzie stanowi\u0142a niepowtarzalny komplet. Uroczo zapakowane w kartonowe pude\u0142ko b\u0119dzie idealnym prezentem dla ma\u0142ego gospodarza domu :)Produkt zgodny z aktualnymi standardami bezpiecze\u0144stwa UE.Wymiary:- wysoko\u015b\u0107 73 cm- szeroko\u015b\u0107 30 cm- g\u0142\u0119boko\u015b\u0107 30 cmWymiary opakowania:- szeroko\u015b\u0107 cm- wysoko\u015b\u0107 cm- g\u0142\u0119boko\u015b\u0107 cmSzwedzka firma Kids Concept dzia\u0142a na rynku od 2007 r. oferuj\u0105c gam\u0119 produkt\u00f3w do dekoracji i wystroju wn\u0119trza pokoju dzieci\u0119cego w wieku oko\u0142o 0-7 lat. G\u0142\u00f3wn\u0105 cech\u0105 mebli jest ich uniwersalno\u015b\u0107 i dba\u0142o\u015b\u0107 dodatk\u00f3w o najdrobniejsze szczeg\u00f3\u0142y, kt\u00f3re pobudzaj\u0105 wyobra\u017ani\u0119 dziecka od najm\u0142odszych lat. Ka\u017cdy produkt jest starannie zapakowany, a wszystkie kolekcje pozwalaj\u0105 na ich mieszanie i \u0142\u0105czenie ze sob\u0105 w odr\u0119bne oryginalne zestawy dekoracyjne.<\/p>\n<h2>Kids Concept Lod\u00f3wka Z Zamra\u017cark\u0105 Kc1000281 &#8211; Zabawka Kids Concept<\/h2>\n<p>dekorowanie kanapek dla dzieci, obrazki do druku, wydarzenia dla dzieci warszawa, kr\u00f3tkie zagadki dla doros\u0142ych, zagadki o dinozaurach<\/p>\n<p>yyyyy<\/p>\n<p>&nbsp;<\/p>\n","protected":false},"excerpt":{"rendered":"<p>Kids Concept Lod\u00f3wka z Zamra\u017cark\u0105 DrewnianaNumer kat. 1000281Drewniana lod\u00f3wka z zara\u017cark\u0105 jest \u015bwietn\u0105 propozycj\u0105 dla dzieci w wieku powy\u017cej 3 lat, kt\u00f3re ch\u0119tnie pomagaj\u0105 rodzicom w kuchni. Ka\u017cde dziecko chcia\u0142oby na\u015bladowa\u0107 swoich rodzic\u00f3w w codziennym \u017cyciu, a dzi\u0119ki niej mog\u0105 mie\u0107 sw\u00f3j w\u0142asny kuchenny k\u0105cik. Lod\u00f3wka wyposa\u017cona jest dwie wewn\u0119trzne p\u00f3\u0142ki na drzwiach, przestronne p\u00f3\u0142eczki, [&hellip;]<\/p>\n","protected":false},"featured_media":9692,"comment_status":"closed","ping_status":"open","template":"","meta":[],"product_cat":[53,281],"product_tag":[583,703,743,710],"class_list":["post-9691","product","type-product","status-publish","has-post-thumbnail","hentry","product_cat-kaciki-zabaw","product_cat-kids-concept","product_tag-kolysanki-dla-dzieci-tekst","product_tag-prezent-dla-nastolatki","product_tag-quiz-dla-dzieci","product_tag-zagadki-dla-dzieci-10-12-lat"],"_links":{"self":[{"href":"http:\/\/klubmamgdynia.pl\/index.php\/wp-json\/wp\/v2\/product\/9691","targetHints":{"allow":["GET"]}}],"collection":[{"href":"http:\/\/klubmamgdynia.pl\/index.php\/wp-json\/wp\/v2\/product"}],"about":[{"href":"http:\/\/klubmamgdynia.pl\/index.php\/wp-json\/wp\/v2\/types\/product"}],"replies":[{"embeddable":true,"href":"http:\/\/klubmamgdynia.pl\/index.php\/wp-json\/wp\/v2\/comments?post=9691"}],"wp:featuredmedia":[{"embeddable":true,"href":"http:\/\/klubmamgdynia.pl\/index.php\/wp-json\/wp\/v2\/media\/9692"}],"wp:attachment":[{"href":"http:\/\/klubmamgdynia.pl\/index.php\/wp-json\/wp\/v2\/media?parent=9691"}],"wp:term":[{"taxonomy":"product_cat","embeddable":true,"href":"http:\/\/klubmamgdynia.pl\/index.php\/wp-json\/wp\/v2\/product_cat?post=9691"},{"taxonomy":"product_tag","embeddable":true,"href":"http:\/\/klubmamgdynia.pl\/index.php\/wp-json\/wp\/v2\/product_tag?post=9691"}],"curies":[{"name":"wp","href":"https:\/\/api.w.org\/{rel}","templated":true}]}}