{"id":9695,"date":"2017-10-30T19:08:05","date_gmt":"2017-10-30T18:08:05","guid":{"rendered":"http:\/\/klubmamgdynia.pl\/index.php\/produkt\/zippo-28323\/"},"modified":"2026-05-17T23:04:37","modified_gmt":"2026-05-17T21:04:37","slug":"zippo-28323","status":"publish","type":"product","link":"http:\/\/klubmamgdynia.pl\/index.php\/produkt\/zippo-28323\/","title":{"rendered":"Zippo 28323"},"content":{"rendered":"<p>Kup dla siebie lub na wspania\u0142y prezent oryginaln\u0105 zapalniczk\u0119 Zippo i do\u0142\u0105cz do grona 400mln zadowolonych posiadaczy tej marki. Zapalniczka jest fabrycznie nowa, zaplombowana, nigdy nie nape\u0142niana benzyn\u0105, wraz z prezentowanym opakowaniem, instrukcja oraz kart\u0105 gwarancyjn\u0105. Dzi\u0119ki systemowi Windproof &#8211; zapalniczka nie ga\u015bnie na wietrze.PAMI\u0118TAJ: Zapalniczka jest fabrycznie sucha i aby dzia\u0142a\u0142a nale\u017cy nape\u0142ni\u0107 j\u0105 benzyn\u0105.Seria: IndulganceModel: 28323 Ace FiligreeKolor: Black ice z be\u017cow\u0105 grawerk\u0105Korpus: Wysoki po\u0142ysk + grawerOpakowanie: Czarne kartonowe ZippoGwarancja: Do\u017cywotnia producenta<\/p>\n<h2>Zippo 28323 Zippo<\/h2>\n<p>nietypowe imiona damskie, rymowanki o pisankach, wydarzenia dla dzieci warszawa, z\u0142ote my\u015bli o przyja\u017ani, milosz imie, piosenka na dzie\u0144 mamy tekst, prezent dla 19 latka, psi patrol do czytania, renata to nie imi\u0119, samolot kolorowanka<\/p>\n<p>yyyyy<\/p>\n<p>&nbsp;<\/p>\n","protected":false},"excerpt":{"rendered":"<p>Kup dla siebie lub na wspania\u0142y prezent oryginaln\u0105 zapalniczk\u0119 Zippo i do\u0142\u0105cz do grona 400mln zadowolonych posiadaczy tej marki. Zapalniczka jest fabrycznie nowa, zaplombowana, nigdy nie nape\u0142niana benzyn\u0105, wraz z prezentowanym opakowaniem, instrukcja oraz kart\u0105 gwarancyjn\u0105. Dzi\u0119ki systemowi Windproof &#8211; zapalniczka nie ga\u015bnie na wietrze.PAMI\u0118TAJ: Zapalniczka jest fabrycznie sucha i aby dzia\u0142a\u0142a nale\u017cy nape\u0142ni\u0107 j\u0105 [&hellip;]<\/p>\n","protected":false},"featured_media":9696,"comment_status":"closed","ping_status":"open","template":"","meta":[],"product_cat":[1842,1841],"product_tag":[836,828,835,782],"class_list":["post-9695","product","type-product","status-publish","has-post-thumbnail","hentry","product_cat-zapalniczki","product_cat-zippo","product_tag-co-kupic-dziecku-na-roczek","product_tag-filmy-wigilijne-dla-dzieci","product_tag-radosc-dziecka-cytaty","product_tag-zagadki-dla-dzieci-z-odpowiedziami"],"_links":{"self":[{"href":"http:\/\/klubmamgdynia.pl\/index.php\/wp-json\/wp\/v2\/product\/9695","targetHints":{"allow":["GET"]}}],"collection":[{"href":"http:\/\/klubmamgdynia.pl\/index.php\/wp-json\/wp\/v2\/product"}],"about":[{"href":"http:\/\/klubmamgdynia.pl\/index.php\/wp-json\/wp\/v2\/types\/product"}],"replies":[{"embeddable":true,"href":"http:\/\/klubmamgdynia.pl\/index.php\/wp-json\/wp\/v2\/comments?post=9695"}],"wp:featuredmedia":[{"embeddable":true,"href":"http:\/\/klubmamgdynia.pl\/index.php\/wp-json\/wp\/v2\/media\/9696"}],"wp:attachment":[{"href":"http:\/\/klubmamgdynia.pl\/index.php\/wp-json\/wp\/v2\/media?parent=9695"}],"wp:term":[{"taxonomy":"product_cat","embeddable":true,"href":"http:\/\/klubmamgdynia.pl\/index.php\/wp-json\/wp\/v2\/product_cat?post=9695"},{"taxonomy":"product_tag","embeddable":true,"href":"http:\/\/klubmamgdynia.pl\/index.php\/wp-json\/wp\/v2\/product_tag?post=9695"}],"curies":[{"name":"wp","href":"https:\/\/api.w.org\/{rel}","templated":true}]}}