{"id":9699,"date":"2016-11-10T23:47:22","date_gmt":"2016-11-10T22:47:22","guid":{"rendered":"http:\/\/klubmamgdynia.pl\/index.php\/produkt\/candylab-samochod-drewniany-big-sur-green\/"},"modified":"2026-05-17T22:59:46","modified_gmt":"2026-05-17T20:59:46","slug":"candylab-samochod-drewniany-big-sur-green","status":"publish","type":"product","link":"http:\/\/klubmamgdynia.pl\/index.php\/produkt\/candylab-samochod-drewniany-big-sur-green\/","title":{"rendered":"Candylab Samoch\u00f3d Drewniany Big Sur Green"},"content":{"rendered":"<p>Candylab Samoch\u00f3d Drewniany Big Sur GreenNumer kat: M1201Pakuj ekip\u0119 i ruszamy na off road! Wyrze\u017abiony z litego drewna bukowego z prawdziwym metalowym baga\u017cnikiem dachowym Big Sur to nasz uk\u0142on w stron\u0119 minionej epoki starych i niezwykle uroczych du\u017cych ameryka\u0144skich aut. Zbudowali\u015bmy go, by celebrowa\u0107 przygody, ekscytacj\u0119 i wolno\u015b\u0107.Samoch\u00f3d drewniany Big Sur Green doskonale sprawdzi si\u0119 jako towarzysz zabaw, jak r\u00f3wnie\u017c jako kolekcjonerski element wystroju.Samochody Candylab to idealny prezent dla mi\u0142o\u015bnik\u00f3w designu i wspania\u0142ych ameryka\u0144skich lat 60.Auto dost\u0119pne tak\u017ce w wersji br\u0105zowej.(Nie zawiera kajaka).Produkt zgodny z aktualnymi standardami bezpiecze\u0144stwa UE.Materia\u0142y wykorzystane do produkcji drewnianego auta: lite drewno bukowe, farba na bazie wody i bezbarwna pow\u0142oka uretanowa. Testowane pod k\u0105tem bezpiecze\u0144stwa zgodnie z ameryka\u0144sk\u0105 CPSIA oraz przepisami europejskimi, australijskimi i nowozelandzkimi.Wymiary produktu:- szeroko\u015b\u0107 9,4cm- wysoko\u015b\u0107 8,26cm- d\u0142ugo\u015b\u0107 16,51cmWymiary opakowania:- szeroko\u015b\u0107 11,5cm- wysoko\u015b\u0107 7,2cm- d\u0142ugo\u015b\u0107 26 cmWaga: 425 gWiek: 3+* Produkt sprzedawany bez akcesori\u00f3w widocznych na zdj\u0119ciach aran\u017cacyjnych.<\/p>\n<h2>Candylab Samoch\u00f3d Drewniany Big Sur Green <\/h2>\n<p>upominek dla nastolatk\u00f3w, olaf znaczenie imienia, prezent na 1 urodziny dla ch\u0142opca, star wars kolorowanka, kolorowanki do druku dla doros\u0142ych<\/p>\n<p>yyyyy<\/p>\n<p>&nbsp;<\/p>\n","protected":false},"excerpt":{"rendered":"<p>Candylab Samoch\u00f3d Drewniany Big Sur GreenNumer kat: M1201Pakuj ekip\u0119 i ruszamy na off road! Wyrze\u017abiony z litego drewna bukowego z prawdziwym metalowym baga\u017cnikiem dachowym Big Sur to nasz uk\u0142on w stron\u0119 minionej epoki starych i niezwykle uroczych du\u017cych ameryka\u0144skich aut. Zbudowali\u015bmy go, by celebrowa\u0107 przygody, ekscytacj\u0119 i wolno\u015b\u0107.Samoch\u00f3d drewniany Big Sur Green doskonale sprawdzi si\u0119 [&hellip;]<\/p>\n","protected":false},"featured_media":9700,"comment_status":"closed","ping_status":"open","template":"","meta":[],"product_cat":[99],"product_tag":[605,785,726,822,710],"class_list":["post-9699","product","type-product","status-publish","has-post-thumbnail","hentry","product_cat-zabawki-ekologiczne","product_tag-milena","product_tag-prezent-dla-nastolatkow","product_tag-quiz-zemsta","product_tag-wierszyki-o-wakacjach-krotkie","product_tag-zagadki-dla-dzieci-10-12-lat"],"_links":{"self":[{"href":"http:\/\/klubmamgdynia.pl\/index.php\/wp-json\/wp\/v2\/product\/9699","targetHints":{"allow":["GET"]}}],"collection":[{"href":"http:\/\/klubmamgdynia.pl\/index.php\/wp-json\/wp\/v2\/product"}],"about":[{"href":"http:\/\/klubmamgdynia.pl\/index.php\/wp-json\/wp\/v2\/types\/product"}],"replies":[{"embeddable":true,"href":"http:\/\/klubmamgdynia.pl\/index.php\/wp-json\/wp\/v2\/comments?post=9699"}],"wp:featuredmedia":[{"embeddable":true,"href":"http:\/\/klubmamgdynia.pl\/index.php\/wp-json\/wp\/v2\/media\/9700"}],"wp:attachment":[{"href":"http:\/\/klubmamgdynia.pl\/index.php\/wp-json\/wp\/v2\/media?parent=9699"}],"wp:term":[{"taxonomy":"product_cat","embeddable":true,"href":"http:\/\/klubmamgdynia.pl\/index.php\/wp-json\/wp\/v2\/product_cat?post=9699"},{"taxonomy":"product_tag","embeddable":true,"href":"http:\/\/klubmamgdynia.pl\/index.php\/wp-json\/wp\/v2\/product_tag?post=9699"}],"curies":[{"name":"wp","href":"https:\/\/api.w.org\/{rel}","templated":true}]}}