{"id":970,"date":"2013-09-23T14:08:42","date_gmt":"2013-09-23T12:08:42","guid":{"rendered":"http:\/\/klubmamgdynia.pl\/index.php\/produkt\/starpak-kleje-w-sztyfcie-15g-play-doh-2-sztuki\/"},"modified":"2026-04-19T03:58:39","modified_gmt":"2026-04-19T01:58:39","slug":"starpak-kleje-w-sztyfcie-15g-play-doh-2-sztuki","status":"publish","type":"product","link":"http:\/\/klubmamgdynia.pl\/index.php\/produkt\/starpak-kleje-w-sztyfcie-15g-play-doh-2-sztuki\/","title":{"rendered":"Starpak Kleje W Sztyfcie 15G Play-Doh (2 Sztuki)"},"content":{"rendered":"<p>Kleje sprawdz\u0105 si\u0119 w szkole \u2013 s\u0105 niezb\u0119dne na zaj\u0119cia plastyczne. Mog\u0105 si\u0119 przyda\u0107 r\u00f3wnie\u017c w biurze. Kleje w sztyfcie s\u0105 proste i szybkie w obs\u0142udze. Ponadto, zapewniaj\u0105 wysok\u0105 wydajno\u015b\u0107. Dobre do papieru, tektury, etykiet, fotografii.<\/p>\n<h2>Starpak Kleje W Sztyfcie 15G Play-Doh (2 Sztuki) Starpak<\/h2>\n<p>darmowe bajki dla dzieci, mira imi\u0119, prezenty dla 15 latki, cytat o rodzinie, prezent dla dziewczynki na roczek, quiz o usa, imi\u0119 nadia, z\u0142ote my\u015bli kr\u00f3tkie, kartki na dobranoc dla przyjaci\u00f3\u0142, oryginalny prezent na roczek dla dziewczynki, zagadki o zimie, jan pawe\u0142 2 rysunek \u0142atwy dla dzieci, imi\u0119 alan<\/p>\n<p>yyyyy<\/p>\n<p>&nbsp;<\/p>\n","protected":false},"excerpt":{"rendered":"<p>Kleje sprawdz\u0105 si\u0119 w szkole \u2013 s\u0105 niezb\u0119dne na zaj\u0119cia plastyczne. Mog\u0105 si\u0119 przyda\u0107 r\u00f3wnie\u017c w biurze. Kleje w sztyfcie s\u0105 proste i szybkie w obs\u0142udze. Ponadto, zapewniaj\u0105 wysok\u0105 wydajno\u015b\u0107. Dobre do papieru, tektury, etykiet, fotografii. Starpak Kleje W Sztyfcie 15G Play-Doh (2 Sztuki) Starpak darmowe bajki dla dzieci, mira imi\u0119, prezenty dla 15 latki, [&hellip;]<\/p>\n","protected":false},"featured_media":971,"comment_status":"closed","ping_status":"open","template":"","meta":[],"product_cat":[323,269],"product_tag":[770,771,869],"class_list":["post-970","product","type-product","status-publish","has-post-thumbnail","hentry","product_cat-pozostale-akcesoria-biurowe","product_cat-starpak","product_tag-samolot-z-papieru","product_tag-stolice-europy-quiz","product_tag-zagadki-na-logike"],"_links":{"self":[{"href":"http:\/\/klubmamgdynia.pl\/index.php\/wp-json\/wp\/v2\/product\/970","targetHints":{"allow":["GET"]}}],"collection":[{"href":"http:\/\/klubmamgdynia.pl\/index.php\/wp-json\/wp\/v2\/product"}],"about":[{"href":"http:\/\/klubmamgdynia.pl\/index.php\/wp-json\/wp\/v2\/types\/product"}],"replies":[{"embeddable":true,"href":"http:\/\/klubmamgdynia.pl\/index.php\/wp-json\/wp\/v2\/comments?post=970"}],"wp:featuredmedia":[{"embeddable":true,"href":"http:\/\/klubmamgdynia.pl\/index.php\/wp-json\/wp\/v2\/media\/971"}],"wp:attachment":[{"href":"http:\/\/klubmamgdynia.pl\/index.php\/wp-json\/wp\/v2\/media?parent=970"}],"wp:term":[{"taxonomy":"product_cat","embeddable":true,"href":"http:\/\/klubmamgdynia.pl\/index.php\/wp-json\/wp\/v2\/product_cat?post=970"},{"taxonomy":"product_tag","embeddable":true,"href":"http:\/\/klubmamgdynia.pl\/index.php\/wp-json\/wp\/v2\/product_tag?post=970"}],"curies":[{"name":"wp","href":"https:\/\/api.w.org\/{rel}","templated":true}]}}