{"id":9719,"date":"2019-03-19T05:27:32","date_gmt":"2019-03-19T04:27:32","guid":{"rendered":"http:\/\/klubmamgdynia.pl\/index.php\/produkt\/pojemnik-na-zabawki-kosz-worek-na-pranie-czarny-kot-or27\/"},"modified":"2026-04-06T01:24:49","modified_gmt":"2026-04-05T23:24:49","slug":"pojemnik-na-zabawki-kosz-worek-na-pranie-czarny-kot-or27","status":"publish","type":"product","link":"http:\/\/klubmamgdynia.pl\/index.php\/produkt\/pojemnik-na-zabawki-kosz-worek-na-pranie-czarny-kot-or27\/","title":{"rendered":"Pojemnik Na Zabawki Kosz, Worek Na Pranie Czarny Kot Or27"},"content":{"rendered":"<p>Worek, organizer na zabawki, pranie lub inne produktyPraktyczny dodatek do pokoju lub \u0142azienki.Po\u0142\u0105czenie stylu skandynawskiego z praktyczno\u015bci\u0105. Posiada praktyczne r\u0105czki do przenoszenia pojemnika z miejsca na miejsce. Sk\u0142ad:Brezent bawe\u0142niany &#8211; sztywny materia\u0142Wymiary:szeroko\u015b\u0107 30 cm wysoko\u015b\u0107 30 cm<\/p>\n<h2>Pojemnik Na Zabawki Kosz, Worek Na Pranie Czarny Kot Or27 <\/h2>\n<p>zaproszenia urodzinowe do druku, test znaki drogowe, prezent roczek dziewczynka, zagadki o wielkanocy, wroc\u0142aw atrakcje dla dzieci 2021, zima z\u0142a tekst, opis do zdj\u0119cia z dzieckiem, planety uk\u0142ad s\u0142oneczny dla dzieci do druku, zabawka na roczek dla dziewczynki, atrakcje do 30 km od wroc\u0142awia, jan pawe\u0142 2 rysunek \u0142atwy dla dzieci, postacie z bajek kolorowanki do wydrukowania, kartka walentynkowa r\u0119cznie robiona \u0142atwa, dzie\u0144 pluszowego misia napis, borys imi\u0119<\/p>\n<p>yyyyy<\/p>\n<p>&nbsp;<\/p>\n","protected":false},"excerpt":{"rendered":"<p>Worek, organizer na zabawki, pranie lub inne produktyPraktyczny dodatek do pokoju lub \u0142azienki.Po\u0142\u0105czenie stylu skandynawskiego z praktyczno\u015bci\u0105. Posiada praktyczne r\u0105czki do przenoszenia pojemnika z miejsca na miejsce. Sk\u0142ad:Brezent bawe\u0142niany &#8211; sztywny materia\u0142Wymiary:szeroko\u015b\u0107 30 cm wysoko\u015b\u0107 30 cm Pojemnik Na Zabawki Kosz, Worek Na Pranie Czarny Kot Or27 zaproszenia urodzinowe do druku, test znaki drogowe, prezent [&hellip;]<\/p>\n","protected":false},"featured_media":9720,"comment_status":"closed","ping_status":"open","template":"","meta":[],"product_cat":[990],"product_tag":[702,867,645,810,704,634],"class_list":["post-9719","product","type-product","status-publish","has-post-thumbnail","hentry","product_cat-skrzynie-i-pojemniki-na-zabawki","product_tag-co-kupic-na-roczek-dla-dziewczynki","product_tag-kolorowanki-dla-dziewczynek","product_tag-latwe-zagadki","product_tag-nauka-zegara-do-druku","product_tag-prezent-dla-nastolatka","product_tag-zagadki-wielkanocne-dla-dzieci"],"_links":{"self":[{"href":"http:\/\/klubmamgdynia.pl\/index.php\/wp-json\/wp\/v2\/product\/9719","targetHints":{"allow":["GET"]}}],"collection":[{"href":"http:\/\/klubmamgdynia.pl\/index.php\/wp-json\/wp\/v2\/product"}],"about":[{"href":"http:\/\/klubmamgdynia.pl\/index.php\/wp-json\/wp\/v2\/types\/product"}],"replies":[{"embeddable":true,"href":"http:\/\/klubmamgdynia.pl\/index.php\/wp-json\/wp\/v2\/comments?post=9719"}],"wp:featuredmedia":[{"embeddable":true,"href":"http:\/\/klubmamgdynia.pl\/index.php\/wp-json\/wp\/v2\/media\/9720"}],"wp:attachment":[{"href":"http:\/\/klubmamgdynia.pl\/index.php\/wp-json\/wp\/v2\/media?parent=9719"}],"wp:term":[{"taxonomy":"product_cat","embeddable":true,"href":"http:\/\/klubmamgdynia.pl\/index.php\/wp-json\/wp\/v2\/product_cat?post=9719"},{"taxonomy":"product_tag","embeddable":true,"href":"http:\/\/klubmamgdynia.pl\/index.php\/wp-json\/wp\/v2\/product_tag?post=9719"}],"curies":[{"name":"wp","href":"https:\/\/api.w.org\/{rel}","templated":true}]}}