{"id":9729,"date":"2021-10-16T06:11:41","date_gmt":"2021-10-16T04:11:41","guid":{"rendered":"http:\/\/klubmamgdynia.pl\/index.php\/produkt\/bayonetta-digital-deluxe-edition-digital\/"},"modified":"2026-04-26T09:42:14","modified_gmt":"2026-04-26T07:42:14","slug":"bayonetta-digital-deluxe-edition-digital","status":"publish","type":"product","link":"http:\/\/klubmamgdynia.pl\/index.php\/produkt\/bayonetta-digital-deluxe-edition-digital\/","title":{"rendered":"Bayonetta Digital Deluxe Edition (Digital)"},"content":{"rendered":"<p>Wielokrotnie nagradzane arcydzie\u0142o PlatinumGames wreszcie trafia na PC. Zobacz niesamowit\u0105 akcj\u0119 w 60 klatkach na sekund\u0119 przy odblokowanych rozdzielczo\u015bciach HD. To najlepszy spos\u00f3b na granie: bycie z\u0142ym nigdy nie by\u0142o tak dobre.<\/p>\n<h2>Bayonetta Digital Deluxe Edition (Digital) Sega<\/h2>\n<p>kolorowanki \u015bwi\u0105teczne do wydruku, iwo imie, prezent dla 13 latki na \u015bwi\u0119ta, warszawa dla dzieci, bajka o miko\u0142aju do czytania, zagadki \u015bmieszne podchwytliwe, zagadki na my\u015blenie, prezent dla nastolatka, kolorowanka pikachu<\/p>\n<p>yyyyy<\/p>\n<p>&nbsp;<\/p>\n","protected":false},"excerpt":{"rendered":"<p>Wielokrotnie nagradzane arcydzie\u0142o PlatinumGames wreszcie trafia na PC. Zobacz niesamowit\u0105 akcj\u0119 w 60 klatkach na sekund\u0119 przy odblokowanych rozdzielczo\u015bciach HD. To najlepszy spos\u00f3b na granie: bycie z\u0142ym nigdy nie by\u0142o tak dobre. Bayonetta Digital Deluxe Edition (Digital) Sega kolorowanki \u015bwi\u0105teczne do wydruku, iwo imie, prezent dla 13 latki na \u015bwi\u0119ta, warszawa dla dzieci, bajka o [&hellip;]<\/p>\n","protected":false},"featured_media":9730,"comment_status":"closed","ping_status":"open","template":"","meta":[],"product_cat":[352,344],"product_tag":[578,683,867,744],"class_list":["post-9729","product","type-product","status-publish","has-post-thumbnail","hentry","product_cat-gry-do-pobrania-na-pc","product_cat-sega","product_tag-fajne-zarty-na-prima-aprilis","product_tag-karaluchy-pod-poduchy","product_tag-kolorowanki-dla-dziewczynek","product_tag-kolorowanki-swiateczne-do-wydruku"],"_links":{"self":[{"href":"http:\/\/klubmamgdynia.pl\/index.php\/wp-json\/wp\/v2\/product\/9729","targetHints":{"allow":["GET"]}}],"collection":[{"href":"http:\/\/klubmamgdynia.pl\/index.php\/wp-json\/wp\/v2\/product"}],"about":[{"href":"http:\/\/klubmamgdynia.pl\/index.php\/wp-json\/wp\/v2\/types\/product"}],"replies":[{"embeddable":true,"href":"http:\/\/klubmamgdynia.pl\/index.php\/wp-json\/wp\/v2\/comments?post=9729"}],"wp:featuredmedia":[{"embeddable":true,"href":"http:\/\/klubmamgdynia.pl\/index.php\/wp-json\/wp\/v2\/media\/9730"}],"wp:attachment":[{"href":"http:\/\/klubmamgdynia.pl\/index.php\/wp-json\/wp\/v2\/media?parent=9729"}],"wp:term":[{"taxonomy":"product_cat","embeddable":true,"href":"http:\/\/klubmamgdynia.pl\/index.php\/wp-json\/wp\/v2\/product_cat?post=9729"},{"taxonomy":"product_tag","embeddable":true,"href":"http:\/\/klubmamgdynia.pl\/index.php\/wp-json\/wp\/v2\/product_tag?post=9729"}],"curies":[{"name":"wp","href":"https:\/\/api.w.org\/{rel}","templated":true}]}}