{"id":9731,"date":"2012-03-17T12:17:46","date_gmt":"2012-03-17T11:17:46","guid":{"rendered":"http:\/\/klubmamgdynia.pl\/index.php\/produkt\/alvi-pieluchy-gazowe-3-pak-biale-80x80cm-r-80x80cm\/"},"modified":"2026-05-17T21:59:57","modified_gmt":"2026-05-17T19:59:57","slug":"alvi-pieluchy-gazowe-3-pak-biale-80x80cm-r-80x80cm","status":"publish","type":"product","link":"http:\/\/klubmamgdynia.pl\/index.php\/produkt\/alvi-pieluchy-gazowe-3-pak-biale-80x80cm-r-80x80cm\/","title":{"rendered":"Alvi Pieluchy Gazowe 3-Pak Bia\u0142e 80X80Cm &#8211; R. 80X80Cm"},"content":{"rendered":"<p>Szczeg\u00f3\u0142y produktu: Opakowanie 3 pieluch mu\u015blinowych Wszechstronne zastosowanie Delikatny dla sk\u00f3ry Bardzo ch\u0142onny Podw\u00f3jnie tkane Wzmocnione kraw\u0119dzie Potwierdzone klinicznie Mi\u0119kka jako\u015b\u0107 Wymiary i waga: Wymiary: 80 x 80 cm Waga: ok. 200 gr. Materia\u0142 i piel\u0119gnacja: Materia\u0142: 100% bawe\u0142na organiczna Mo\u017cna pra\u0107 w temperaturze do 95\u00b0C Nadaje si\u0119 do suszenia w suszarce b\u0119bnowej W zestawie: 3x pieluszki mu\u015blinowe<\/p>\n<h2>Alvi Pieluchy Gazowe 3-Pak Bia\u0142e 80X80Cm &#8211; R. 80X80Cm Alvi<\/h2>\n<p>\u017carty na prima aprilis dla ch\u0142opaka, jagna, zagadki dla doros\u0142ych, liwia, o mamie, prezent dla dwunastolatka, zagadki dla dzieci 9-10 lat z odpowiedziami, prezenty dla nastolatk\u00f3w<\/p>\n<p>yyyyy<\/p>\n<p>&nbsp;<\/p>\n","protected":false},"excerpt":{"rendered":"<p>Szczeg\u00f3\u0142y produktu: Opakowanie 3 pieluch mu\u015blinowych Wszechstronne zastosowanie Delikatny dla sk\u00f3ry Bardzo ch\u0142onny Podw\u00f3jnie tkane Wzmocnione kraw\u0119dzie Potwierdzone klinicznie Mi\u0119kka jako\u015b\u0107 Wymiary i waga: Wymiary: 80 x 80 cm Waga: ok. 200 gr. Materia\u0142 i piel\u0119gnacja: Materia\u0142: 100% bawe\u0142na organiczna Mo\u017cna pra\u0107 w temperaturze do 95\u00b0C Nadaje si\u0119 do suszenia w suszarce b\u0119bnowej W zestawie: [&hellip;]<\/p>\n","protected":false},"featured_media":9732,"comment_status":"closed","ping_status":"open","template":"","meta":[],"product_cat":[121,17],"product_tag":[729,582,798,586,794],"class_list":["post-9731","product","type-product","status-publish","has-post-thumbnail","hentry","product_cat-alvi","product_cat-pieluchy","product_tag-madre-bajki-dla-dzieci-do-czytania","product_tag-nauka-pisania-literek-do-wydruku-pdf","product_tag-prezenty-dla-nastolatki","product_tag-smieszne-zagadki","product_tag-test-opowiesci-z-narnii-lew-czarownica-i-stara-szafa-do-druku"],"_links":{"self":[{"href":"http:\/\/klubmamgdynia.pl\/index.php\/wp-json\/wp\/v2\/product\/9731","targetHints":{"allow":["GET"]}}],"collection":[{"href":"http:\/\/klubmamgdynia.pl\/index.php\/wp-json\/wp\/v2\/product"}],"about":[{"href":"http:\/\/klubmamgdynia.pl\/index.php\/wp-json\/wp\/v2\/types\/product"}],"replies":[{"embeddable":true,"href":"http:\/\/klubmamgdynia.pl\/index.php\/wp-json\/wp\/v2\/comments?post=9731"}],"wp:featuredmedia":[{"embeddable":true,"href":"http:\/\/klubmamgdynia.pl\/index.php\/wp-json\/wp\/v2\/media\/9732"}],"wp:attachment":[{"href":"http:\/\/klubmamgdynia.pl\/index.php\/wp-json\/wp\/v2\/media?parent=9731"}],"wp:term":[{"taxonomy":"product_cat","embeddable":true,"href":"http:\/\/klubmamgdynia.pl\/index.php\/wp-json\/wp\/v2\/product_cat?post=9731"},{"taxonomy":"product_tag","embeddable":true,"href":"http:\/\/klubmamgdynia.pl\/index.php\/wp-json\/wp\/v2\/product_tag?post=9731"}],"curies":[{"name":"wp","href":"https:\/\/api.w.org\/{rel}","templated":true}]}}