{"id":9743,"date":"2015-04-29T01:16:05","date_gmt":"2015-04-28T23:16:05","guid":{"rendered":"http:\/\/klubmamgdynia.pl\/index.php\/produkt\/epoch-aquabeads-urocza-lama\/"},"modified":"2026-04-07T12:33:26","modified_gmt":"2026-04-07T10:33:26","slug":"epoch-aquabeads-urocza-lama","status":"publish","type":"product","link":"http:\/\/klubmamgdynia.pl\/index.php\/produkt\/epoch-aquabeads-urocza-lama\/","title":{"rendered":"Epoch Aquabeads Urocza Lama"},"content":{"rendered":"<p>Zestaw Rozkoszne lamy Aquabeads zawiera ponad 2000 kolorowych koralik\u00f3w do zabaw kreatywnych, podstawk\u0119 do uk\u0142adania, spryskiwacz, wspania\u0142\u0105 mat\u0119 ze sceneri\u0105, szablony oraz podstawk\u0119 do ekspozycji wykonanych kreacji. Zestaw.<\/p>\n<h2>Epoch Aquabeads Urocza Lama Epoch<\/h2>\n<p>zagadki o bo\u017cym narodzeniu, pomys\u0142y na prima aprilis w szkole, kolorowanka lody, przyjazn<\/p>\n<p>yyyyy<\/p>\n<p>&nbsp;<\/p>\n","protected":false},"excerpt":{"rendered":"<p>Zestaw Rozkoszne lamy Aquabeads zawiera ponad 2000 kolorowych koralik\u00f3w do zabaw kreatywnych, podstawk\u0119 do uk\u0142adania, spryskiwacz, wspania\u0142\u0105 mat\u0119 ze sceneri\u0105, szablony oraz podstawk\u0119 do ekspozycji wykonanych kreacji. Zestaw. Epoch Aquabeads Urocza Lama Epoch zagadki o bo\u017cym narodzeniu, pomys\u0142y na prima aprilis w szkole, kolorowanka lody, przyjazn yyyyy &nbsp;<\/p>\n","protected":false},"featured_media":9744,"comment_status":"closed","ping_status":"open","template":"","meta":[],"product_cat":[263,21],"product_tag":[716,797,806,616,778],"class_list":["post-9743","product","type-product","status-publish","has-post-thumbnail","hentry","product_cat-epoch","product_cat-zabawki-plastyczne","product_tag-filmy-animowane-o-swietach","product_tag-kiekrz","product_tag-prezent-dla-dziecka-na-roczek","product_tag-test-mikolajek-25-pytan","product_tag-zabawki-na-roczek-dla-chlopca"],"_links":{"self":[{"href":"http:\/\/klubmamgdynia.pl\/index.php\/wp-json\/wp\/v2\/product\/9743","targetHints":{"allow":["GET"]}}],"collection":[{"href":"http:\/\/klubmamgdynia.pl\/index.php\/wp-json\/wp\/v2\/product"}],"about":[{"href":"http:\/\/klubmamgdynia.pl\/index.php\/wp-json\/wp\/v2\/types\/product"}],"replies":[{"embeddable":true,"href":"http:\/\/klubmamgdynia.pl\/index.php\/wp-json\/wp\/v2\/comments?post=9743"}],"wp:featuredmedia":[{"embeddable":true,"href":"http:\/\/klubmamgdynia.pl\/index.php\/wp-json\/wp\/v2\/media\/9744"}],"wp:attachment":[{"href":"http:\/\/klubmamgdynia.pl\/index.php\/wp-json\/wp\/v2\/media?parent=9743"}],"wp:term":[{"taxonomy":"product_cat","embeddable":true,"href":"http:\/\/klubmamgdynia.pl\/index.php\/wp-json\/wp\/v2\/product_cat?post=9743"},{"taxonomy":"product_tag","embeddable":true,"href":"http:\/\/klubmamgdynia.pl\/index.php\/wp-json\/wp\/v2\/product_tag?post=9743"}],"curies":[{"name":"wp","href":"https:\/\/api.w.org\/{rel}","templated":true}]}}