{"id":9745,"date":"2014-03-02T07:17:03","date_gmt":"2014-03-02T06:17:03","guid":{"rendered":"http:\/\/klubmamgdynia.pl\/index.php\/produkt\/haciendo-el-indio-muslin-ballerina-120x120-cm\/"},"modified":"2026-04-29T12:29:47","modified_gmt":"2026-04-29T10:29:47","slug":"haciendo-el-indio-muslin-ballerina-120x120-cm","status":"publish","type":"product","link":"http:\/\/klubmamgdynia.pl\/index.php\/produkt\/haciendo-el-indio-muslin-ballerina-120x120-cm\/","title":{"rendered":"Haciendo El Indio Mu\u015blin Ballerina (120X120 Cm)"},"content":{"rendered":"<p>Dzieci zas\u0142uguj\u0105 na to co najlepsze, dlatego przedstawiamy Ci Mu\u015blin Haciendo el Indio Ballerina (120 x 120 cm), idealny dla tych, kt\u00f3rzy szukaj\u0105 produkt\u00f3w wysokiej jako\u015bci dla dzieci! Zdob\u0105d\u017a Haciendo el Indio i inne produkty markowe i licencyjne w najlepszych cenach!Materia\u0142: 100% bawe\u0142nyWymiary ok.: 120 x 120 cmNadruk: Wysokiej jako\u015bci barwienie, wysoka odporno\u015b\u0107 na pranie.Instrukcja prania: Pra\u0107 w temperaturze maksymalnej 40 \u00baC. Po wypraniu niezw\u0142ocznie wysuszy\u0107, nie pozostawia\u0107 zamoczonej lub wilgotnej odzie\u017cy w pralce.Pra\u0107 neutralnymi \u015brodkami pior\u0105cymi&#8230;<\/p>\n<h2>Haciendo El Indio Mu\u015blin Ballerina (120X120 Cm) <\/h2>\n<p>kolorowanki, quiz spos\u00f3b na alcybiadesa, prezent dla nastolatek, super zings do druku, quiz narnia lew czarownica i stara szafa, wystawy dla dzieci warszawa, prezent dla dziecka 1 rok, aniela imie, nowoczesna babcia wiersz, jad\u0105 jad\u0105 misie tekst, bajka dla dzieci do czytania, co mo\u017cna zrobi\u0107 z rolek po papierze toaletowym, zagadki o bajkach, platformy edukacyjne dla dzieci, dzieci z bullerbyn quiz, ewelina, gad\u017cety dla nastolatek, sta\u0142a pod \u015bniegiem, kr\u00f3tkie zagadki matematyczne z odpowiedziami, kolorowanka spongebob<\/p>\n<p>yyyyy<\/p>\n<p>&nbsp;<\/p>\n","protected":false},"excerpt":{"rendered":"<p>Dzieci zas\u0142uguj\u0105 na to co najlepsze, dlatego przedstawiamy Ci Mu\u015blin Haciendo el Indio Ballerina (120 x 120 cm), idealny dla tych, kt\u00f3rzy szukaj\u0105 produkt\u00f3w wysokiej jako\u015bci dla dzieci! Zdob\u0105d\u017a Haciendo el Indio i inne produkty markowe i licencyjne w najlepszych cenach!Materia\u0142: 100% bawe\u0142nyWymiary ok.: 120 x 120 cmNadruk: Wysokiej jako\u015bci barwienie, wysoka odporno\u015b\u0107 na pranie.Instrukcja [&hellip;]<\/p>\n","protected":false},"featured_media":9746,"comment_status":"closed","ping_status":"open","template":"","meta":[],"product_cat":[17],"product_tag":[648,739,757,709],"class_list":["post-9745","product","type-product","status-publish","has-post-thumbnail","hentry","product_cat-pieluchy","product_tag-dobrej-nocy-i-sza","product_tag-prima-aprilis-w-szkole","product_tag-test-z-lektury-ania-z-zielonego-wzgorza-klasa-6-z-odpowiedziami","product_tag-zagadki-dla-dzieci-6-7-lat"],"_links":{"self":[{"href":"http:\/\/klubmamgdynia.pl\/index.php\/wp-json\/wp\/v2\/product\/9745","targetHints":{"allow":["GET"]}}],"collection":[{"href":"http:\/\/klubmamgdynia.pl\/index.php\/wp-json\/wp\/v2\/product"}],"about":[{"href":"http:\/\/klubmamgdynia.pl\/index.php\/wp-json\/wp\/v2\/types\/product"}],"replies":[{"embeddable":true,"href":"http:\/\/klubmamgdynia.pl\/index.php\/wp-json\/wp\/v2\/comments?post=9745"}],"wp:featuredmedia":[{"embeddable":true,"href":"http:\/\/klubmamgdynia.pl\/index.php\/wp-json\/wp\/v2\/media\/9746"}],"wp:attachment":[{"href":"http:\/\/klubmamgdynia.pl\/index.php\/wp-json\/wp\/v2\/media?parent=9745"}],"wp:term":[{"taxonomy":"product_cat","embeddable":true,"href":"http:\/\/klubmamgdynia.pl\/index.php\/wp-json\/wp\/v2\/product_cat?post=9745"},{"taxonomy":"product_tag","embeddable":true,"href":"http:\/\/klubmamgdynia.pl\/index.php\/wp-json\/wp\/v2\/product_tag?post=9745"}],"curies":[{"name":"wp","href":"https:\/\/api.w.org\/{rel}","templated":true}]}}