{"id":9765,"date":"2018-03-23T06:33:20","date_gmt":"2018-03-23T05:33:20","guid":{"rendered":"http:\/\/klubmamgdynia.pl\/index.php\/produkt\/oli-and-carol-bransoletka-flaming-sky-olive\/"},"modified":"2026-05-17T23:30:53","modified_gmt":"2026-05-17T21:30:53","slug":"oli-and-carol-bransoletka-flaming-sky-olive","status":"publish","type":"product","link":"http:\/\/klubmamgdynia.pl\/index.php\/produkt\/oli-and-carol-bransoletka-flaming-sky-olive\/","title":{"rendered":"Oli And Carol Bransoletka Flaming Sky Olive"},"content":{"rendered":"<p>Oli and Carol Bransoletka FlamingGryzak Oli and Carol wykonany jest na naturalnego kauczuku dzi\u0119ki czemu jest przyjazny dla dzi\u0105se\u0142 twojego dziecka. Bransoletka Flaming Oli and Carol nie posiada \u017cadnych otwor\u00f3w, dzi\u0119ki czemu sprawi r\u00f3wnie\u017c wiele rado\u015bci jako zabawka k\u0105pielowa.Flamingi s\u0105 zwierz\u0119tami stadnymi dlatego mo\u017cesz by\u0107 pewien, \u017ce Flaming Sky nie opu\u015bci Ci\u0119 nigdy. Bo w pary \u0142\u0105cz\u0105 si\u0119 na ca\u0142e \u017cycie. Mo\u017cesz i z nim podr\u00f3\u017cowa\u0107 i za\u017cywa\u0107 k\u0105pieli, bardzo lubi ciep\u0142e i gor\u0105ce klimaty. Nasz przyjazny Flaming Sky jest bransoletk\u0105 do \u017cucia, do zabawy sensorycznej i z\u0105bkowania! Ma\u0142e dzi\u0105s\u0142a dziecka pokochaj\u0105 faktur\u0119 naturalnej gumy Hevea!R\u0119cznie malowany Flaming Oli and Carol b\u0119dzie idealn\u0105 bi\u017cuteri\u0105 dla Twojego dziecka. Te przyjazne dla \u015brodowiska bransoletki s\u0105 mi\u0119kkie i \u0142atwe do uchwycenia i umieszczenia wok\u00f3\u0142 nadgarstka dziecka lub mamy!Kolekcja :Nowym pomys\u0142em tw\u00f3rc\u00f3w Oli and Carol s\u0105 bransoletki. Stworzone aby jeszcze bardziej wzbogaci\u0107 sensoryczne odczuwanie naszego dziecka. Praktyczny uchwyt nie tylko sprawdzi si\u0119 jako uchwyt ale mo\u017ce zaj\u0105\u0107 nasze dziecko przy przebieraniu.Dodatkowe informacje:- Wszystkie produkty marki Oli and Carol posiadaj\u0105 6 cech, kt\u00f3re decyduj\u0105 o ich wyj\u0105tkowo\u015bci:- wykonane w 100% z naturalnej gumy z drzewa kauczukowego Hevea. S\u0105 mi\u0119kkie i elastyczne, \u0142atwo je chwyci\u0107 i \u015bcisn\u0105\u0107 ma\u0142ymi r\u0105czkami, idealnie sprawdzaj\u0105 si\u0119 jako gryzaki. Kauczuk jest wprost idealny dla niemowl\u0119cych dzi\u0105se\u0142!- Zabawki Oli and Carol s\u0105 r\u0119cznie malowane certyfikowanymi barwnikami spo\u017cywczymi, nie s\u0105 sztuczne ani plastikowe. Dziecko mo\u017ce je gry\u017a\u0107 zupe\u0142nie bezpiecznie.- Zabawki Oli and Carol ulegaj\u0105 biodegradacji i s\u0105 przyjazne \u015brodowisku.- Nietoksyczne &#8211; nie zawieraj\u0105 PVC (polichlorku winylu), BPA (bisfenolu), ftalanu ani nitrozaminy. S\u0105 wyj\u0105tkowo higieniczne i nie zbiera si\u0119 w nich ple\u015b\u0144. W produktach Oli and Carol nie ma \u017cadnych otwor\u00f3w, dzi\u0119ki czemu nie s\u0105 siedliskiem bakterii.- Opatrzone certyfikatem jako\u015bci \u2013 w pe\u0142ni bezpieczne dla dzieci. Posiadaj\u0105 certyfikat dla nietoksycznych i przyjaznych \u015brodowisku zabawek przyznawany przez Bureau Veritas.- Ka\u017cda zakupiona zabawka Oli and Carol wspiera edukacj\u0119 hinduskich dzieci.Czyszczenie i przechowywanie:- Aby wyczy\u015bci\u0107 zabawk\u0119, wystarczy umy\u0107 j\u0105 delikatnie wod\u0105 z myd\u0142em.- Przechowywa\u0107 w suchym miejscu.- Je\u015bli gryzak zostawimy d\u0142u\u017cej w mokrej wannie, kafelkach lub w innym wilgotnym miejscu, mo\u017ce zacz\u0105\u0107 ple\u015bnie\u0107 (tak jak ka\u017cdy inny naturalny produkt).- Nie wystawia\u0107 na d\u0142ugie dzia\u0142anie s\u0142o\u0144ca lub sztucznego \u017ar\u00f3d\u0142a \u015bwiat\u0142a &#8211; kolor mo\u017ce wyblakn\u0105\u0107. Przed podaniem zabawki dziecku nale\u017cy usun\u0105\u0107 opakowanie i metki.- Nie sterylizowa\u0107.<\/p>\n<h2>Oli And Carol Bransoletka Flaming Sky Olive Shnuggle<\/h2>\n<p>imi\u0119 r\u00f3\u017ca, opowiadanie o jesieni dla dzieci, zagadki dla dzieci z odpowiedziami, laurka na urodziny do druku, swinka peppa do czytania, maski do druku kolorowe, imie aron, cytaty przyja\u017a\u0144, opisy do zdj\u0119\u0107 z dzieckiem<\/p>\n<p>yyyyy<\/p>\n<p>&nbsp;<\/p>\n","protected":false},"excerpt":{"rendered":"<p>Oli and Carol Bransoletka FlamingGryzak Oli and Carol wykonany jest na naturalnego kauczuku dzi\u0119ki czemu jest przyjazny dla dzi\u0105se\u0142 twojego dziecka. Bransoletka Flaming Oli and Carol nie posiada \u017cadnych otwor\u00f3w, dzi\u0119ki czemu sprawi r\u00f3wnie\u017c wiele rado\u015bci jako zabawka k\u0105pielowa.Flamingi s\u0105 zwierz\u0119tami stadnymi dlatego mo\u017cesz by\u0107 pewien, \u017ce Flaming Sky nie opu\u015bci Ci\u0119 nigdy. Bo w [&hellip;]<\/p>\n","protected":false},"featured_media":9766,"comment_status":"closed","ping_status":"open","template":"","meta":[],"product_cat":[63,1370],"product_tag":[664,747,630,771],"class_list":["post-9765","product","type-product","status-publish","has-post-thumbnail","hentry","product_cat-grzechotki-i-gryzaki","product_cat-shnuggle","product_tag-atrakcje-dla-dzieci-trojmiasto","product_tag-malowanki-do-druku","product_tag-podchwytliwe-zagadki-z-odpowiedziami","product_tag-stolice-europy-quiz"],"_links":{"self":[{"href":"http:\/\/klubmamgdynia.pl\/index.php\/wp-json\/wp\/v2\/product\/9765","targetHints":{"allow":["GET"]}}],"collection":[{"href":"http:\/\/klubmamgdynia.pl\/index.php\/wp-json\/wp\/v2\/product"}],"about":[{"href":"http:\/\/klubmamgdynia.pl\/index.php\/wp-json\/wp\/v2\/types\/product"}],"replies":[{"embeddable":true,"href":"http:\/\/klubmamgdynia.pl\/index.php\/wp-json\/wp\/v2\/comments?post=9765"}],"wp:featuredmedia":[{"embeddable":true,"href":"http:\/\/klubmamgdynia.pl\/index.php\/wp-json\/wp\/v2\/media\/9766"}],"wp:attachment":[{"href":"http:\/\/klubmamgdynia.pl\/index.php\/wp-json\/wp\/v2\/media?parent=9765"}],"wp:term":[{"taxonomy":"product_cat","embeddable":true,"href":"http:\/\/klubmamgdynia.pl\/index.php\/wp-json\/wp\/v2\/product_cat?post=9765"},{"taxonomy":"product_tag","embeddable":true,"href":"http:\/\/klubmamgdynia.pl\/index.php\/wp-json\/wp\/v2\/product_tag?post=9765"}],"curies":[{"name":"wp","href":"https:\/\/api.w.org\/{rel}","templated":true}]}}