{"id":9781,"date":"2014-04-28T02:39:24","date_gmt":"2014-04-28T00:39:24","guid":{"rendered":"http:\/\/klubmamgdynia.pl\/index.php\/produkt\/olicarol-gryzak-carl-xl-white\/"},"modified":"2026-04-29T16:22:48","modified_gmt":"2026-04-29T14:22:48","slug":"olicarol-gryzak-carl-xl-white","status":"publish","type":"product","link":"http:\/\/klubmamgdynia.pl\/index.php\/produkt\/olicarol-gryzak-carl-xl-white\/","title":{"rendered":"Oli&amp;Carol Gryzak Carl Xl White"},"content":{"rendered":"<p>Wykonany z organicznego kauczuku hevea gryzak Oli and Carol Samoch\u00f3d XL poleca si\u0119 dla wymagaj\u0105cych maluch\u00f3w &#8211; super zabawka sensoryczna, przyjemnie masuj\u0105cy dzi\u0105s\u0142a gryzak w okresie z\u0105bkowani i towarzysz k\u0105pieli! Czego chcie\u0107 wi\u0119cej? Wszystkie zabawki kauczukowe Oli and Carol s\u0105 zupe\u0142nie szczelne, dzi\u0119ki czemu zapewniaj\u0105 bezpieczn\u0105 i higieniczn\u0105 zabaw\u0119 podczas k\u0105pieli!Naturalny, ekologiczny kauczuk, jest wprost idealny dla niemowl\u0119cych dzi\u0105se\u0142 &#8211; przyjemny w dotyku, nietoksyczny, ca\u0142kowicie bezpieczny dla maluszk\u00f3w.Wspania\u0142a zabawa, pomoc w z\u0105bkowaniu i tyyyyle frajdy &#8211; gryzak Oli and Carol Samoch\u00f3w XL wspiera rodzic\u00f3w w tak wielu kwestiach, \u017ce kochaj\u0105 go mali i duzi! Sprawd\u017acie wszytskie kolory!Gryzak Oli and Carol Samoch\u00f3d XL- parametry techniczne:Materia\u0142: organiczny kauczuk heveaWymiary: 5.8 x 9.2 x 4.8 cmDodatkowe informacje:Wszystkie produkty marki Oli and Carol posiadaj\u0105 6 cech, kt\u00f3re decyduj\u0105 o ich wyj\u0105tkowo\u015bci:wykonane w 100% z naturalnej gumy z drzewa kauczukowego Hevea. S\u0105 mi\u0119kkie i elastyczne, \u0142atwo je chwyci\u0107 i \u015bcisn\u0105\u0107 ma\u0142ymi r\u0105czkami, idealnie sprawdzaj\u0105 si\u0119 jako gryzaki. Kauczuk jest wprost idealny dla niemowl\u0119cych dzi\u0105se\u0142!Zabawki Oli and Carol s\u0105 r\u0119cznie malowane certyfikowanymi barwnikami spo\u017cywczymi, nie s\u0105 sztuczne ani plastikowe. Dziecko mo\u017ce je gry\u017a\u0107 zupe\u0142nie bezpiecznie.Zabawki Oli and Carol ulegaj\u0105 biodegradacji i s\u0105 przyjazne \u015brodowisku.Nietoksyczne &#8211; nie zawieraj\u0105 PVC (polichlorku winylu), BPA (bisfenolu), ftalanu ani nitrozaminy. S\u0105 wyj\u0105tkowo higieniczne i nie zbiera si\u0119 w nich ple\u015b\u0144. W produktach Oli and Carol nie ma \u017cadnych otwor\u00f3w, dzi\u0119ki czemu nie s\u0105 siedliskiem bakterii.Opatrzone certyfikatem jako\u015bci \u2013 w pe\u0142ni bezpieczne dla dzieci. Posiadaj\u0105 certyfikat dla nietoksycznych i przyjaznych \u015brodowisku zabawek przyznawany przez Bureau Veritas.Ka\u017cda zakupiona zabawka Oli and Carol wspiera edukacj\u0119 hinduskich dzieci.Czyszczenie i przechowywanie:Aby wyczy\u015bci\u0107 zabawk\u0119, wystarczy umy\u0107 j\u0105 delikatnie wod\u0105 z myd\u0142em.Przechowywa\u0107 w suchym miejscu.Je\u015bli gryzak zostawimy d\u0142u\u017cej w mokrej wannie, kafelkach lub w innym wilgotnym miejscu, mo\u017ce zacz\u0105\u0107 ple\u015bnie\u0107 (tak jak ka\u017cdy inny naturalny produkt). Rekomendujemy suszenie gryzaka po k\u0105pieli w suchym i przewiewnym miejscu.Nie wystawia\u0107 na d\u0142ugie dzia\u0142anie s\u0142o\u0144ca lub sztucznego \u017ar\u00f3d\u0142a \u015bwiat\u0142a &#8211; kolor mo\u017ce wyblakn\u0105\u0107. Przed podaniem zabawki dziecku nale\u017cy usun\u0105\u0107 opakowanie i metki.Nie sterylizowa\u0107.<\/p>\n<h2>Oli&amp;Carol Gryzak Carl Xl White Shnuggle<\/h2>\n<p>kolorowanka uk\u0142ad s\u0142oneczny dla dzieci do druku, zagadki dla 5 latka, kolorowanki dla ch\u0142opc\u00f3w, pomysly na prima aprilis, nauka pisania literek do wydruku pdf, lol kolorowanki do druku, rado\u015b\u0107 dziecka cytaty, imi\u0119 pola, dyplomy do druku, bajka dla dziewczynek, test z lektury opowie\u015bci z narnii lew czarownica i stara szafa z odpowiedziami, nowe quizy do rozwi\u0105zania, miko\u0142ajek sprawdzian z lektury z odpowiedziami, cukierku ty \u0142obuzie test, walentynka kolorowanka, papugi do druku, jakie prezenty na roczek, \u015bwi\u0105teczne filmy familijne, wr\u00f3\u017cby andrzejkowe online dla dzieci, zabawy ruchowe dla dzieci w przedszkolu, traktor do druku<\/p>\n<p>yyyyy<\/p>\n<p>&nbsp;<\/p>\n","protected":false},"excerpt":{"rendered":"<p>Wykonany z organicznego kauczuku hevea gryzak Oli and Carol Samoch\u00f3d XL poleca si\u0119 dla wymagaj\u0105cych maluch\u00f3w &#8211; super zabawka sensoryczna, przyjemnie masuj\u0105cy dzi\u0105s\u0142a gryzak w okresie z\u0105bkowani i towarzysz k\u0105pieli! Czego chcie\u0107 wi\u0119cej? Wszystkie zabawki kauczukowe Oli and Carol s\u0105 zupe\u0142nie szczelne, dzi\u0119ki czemu zapewniaj\u0105 bezpieczn\u0105 i higieniczn\u0105 zabaw\u0119 podczas k\u0105pieli!Naturalny, ekologiczny kauczuk, jest wprost [&hellip;]<\/p>\n","protected":false},"featured_media":9782,"comment_status":"closed","ping_status":"open","template":"","meta":[],"product_cat":[63,1370],"product_tag":[804,623,779],"class_list":["post-9781","product","type-product","status-publish","has-post-thumbnail","hentry","product_cat-grzechotki-i-gryzaki","product_cat-shnuggle","product_tag-ryz-z-owocami","product_tag-zagadki-logiczne-smieszne","product_tag-zarty-na-prima-aprilis-w-domu"],"_links":{"self":[{"href":"http:\/\/klubmamgdynia.pl\/index.php\/wp-json\/wp\/v2\/product\/9781","targetHints":{"allow":["GET"]}}],"collection":[{"href":"http:\/\/klubmamgdynia.pl\/index.php\/wp-json\/wp\/v2\/product"}],"about":[{"href":"http:\/\/klubmamgdynia.pl\/index.php\/wp-json\/wp\/v2\/types\/product"}],"replies":[{"embeddable":true,"href":"http:\/\/klubmamgdynia.pl\/index.php\/wp-json\/wp\/v2\/comments?post=9781"}],"wp:featuredmedia":[{"embeddable":true,"href":"http:\/\/klubmamgdynia.pl\/index.php\/wp-json\/wp\/v2\/media\/9782"}],"wp:attachment":[{"href":"http:\/\/klubmamgdynia.pl\/index.php\/wp-json\/wp\/v2\/media?parent=9781"}],"wp:term":[{"taxonomy":"product_cat","embeddable":true,"href":"http:\/\/klubmamgdynia.pl\/index.php\/wp-json\/wp\/v2\/product_cat?post=9781"},{"taxonomy":"product_tag","embeddable":true,"href":"http:\/\/klubmamgdynia.pl\/index.php\/wp-json\/wp\/v2\/product_tag?post=9781"}],"curies":[{"name":"wp","href":"https:\/\/api.w.org\/{rel}","templated":true}]}}