{"id":9783,"date":"2013-10-23T01:16:39","date_gmt":"2013-10-22T23:16:39","guid":{"rendered":"http:\/\/klubmamgdynia.pl\/index.php\/produkt\/brio-grzechotki-30180\/"},"modified":"2026-04-06T16:18:55","modified_gmt":"2026-04-06T14:18:55","slug":"brio-grzechotki-30180","status":"publish","type":"product","link":"http:\/\/klubmamgdynia.pl\/index.php\/produkt\/brio-grzechotki-30180\/","title":{"rendered":"Brio Grzechotki 30180"},"content":{"rendered":"<p>GrzechotkiNumer katalogowy: 30180Dwie ma\u0142e grzechotki do zabawy.Produkt przeznaczony dla dzieci od 12 miesi\u0105ca \u017cycia.<\/p>\n<h2>Brio Grzechotki 30180 Brio<\/h2>\n<p>zagadki logiczne dla dzieci, zagadki zimowe dla dzieci, esmeralda, znaczenie imienia alan<\/p>\n<p>yyyyy<\/p>\n<p>&nbsp;<\/p>\n","protected":false},"excerpt":{"rendered":"<p>GrzechotkiNumer katalogowy: 30180Dwie ma\u0142e grzechotki do zabawy.Produkt przeznaczony dla dzieci od 12 miesi\u0105ca \u017cycia. Brio Grzechotki 30180 Brio zagadki logiczne dla dzieci, zagadki zimowe dla dzieci, esmeralda, znaczenie imienia alan yyyyy &nbsp;<\/p>\n","protected":false},"featured_media":9784,"comment_status":"closed","ping_status":"open","template":"","meta":[],"product_cat":[78,63],"product_tag":[761,848,775,800],"class_list":["post-9783","product","type-product","status-publish","has-post-thumbnail","hentry","product_cat-brio","product_cat-grzechotki-i-gryzaki","product_tag-choinko-piekna-jak-las-tekst","product_tag-cytat-o-rodzinie","product_tag-kolorowanki-do-druku-pokemon","product_tag-zagadki-smieszne"],"_links":{"self":[{"href":"http:\/\/klubmamgdynia.pl\/index.php\/wp-json\/wp\/v2\/product\/9783","targetHints":{"allow":["GET"]}}],"collection":[{"href":"http:\/\/klubmamgdynia.pl\/index.php\/wp-json\/wp\/v2\/product"}],"about":[{"href":"http:\/\/klubmamgdynia.pl\/index.php\/wp-json\/wp\/v2\/types\/product"}],"replies":[{"embeddable":true,"href":"http:\/\/klubmamgdynia.pl\/index.php\/wp-json\/wp\/v2\/comments?post=9783"}],"wp:featuredmedia":[{"embeddable":true,"href":"http:\/\/klubmamgdynia.pl\/index.php\/wp-json\/wp\/v2\/media\/9784"}],"wp:attachment":[{"href":"http:\/\/klubmamgdynia.pl\/index.php\/wp-json\/wp\/v2\/media?parent=9783"}],"wp:term":[{"taxonomy":"product_cat","embeddable":true,"href":"http:\/\/klubmamgdynia.pl\/index.php\/wp-json\/wp\/v2\/product_cat?post=9783"},{"taxonomy":"product_tag","embeddable":true,"href":"http:\/\/klubmamgdynia.pl\/index.php\/wp-json\/wp\/v2\/product_tag?post=9783"}],"curies":[{"name":"wp","href":"https:\/\/api.w.org\/{rel}","templated":true}]}}