{"id":9789,"date":"2012-11-27T15:07:20","date_gmt":"2012-11-27T14:07:20","guid":{"rendered":"http:\/\/klubmamgdynia.pl\/index.php\/produkt\/sunnylife-ukulele-lilac-ombre\/"},"modified":"2026-04-06T11:31:18","modified_gmt":"2026-04-06T09:31:18","slug":"sunnylife-ukulele-lilac-ombre","status":"publish","type":"product","link":"http:\/\/klubmamgdynia.pl\/index.php\/produkt\/sunnylife-ukulele-lilac-ombre\/","title":{"rendered":"Sunnylife Ukulele Lilac Ombre"},"content":{"rendered":"<p>Ukulele Sunnylife urozmaici letnie dni w rodzinnym gronie. B\u0119dzie idealnym prezentem dla m\u0142odych (i nie tylko!) muzyk\u00f3w.Opis szczeg\u00f3\u0142owy:Prawdziwy d\u017awi\u0119k Mo\u017cliwo\u015b\u0107 strojeniaMateria\u0142: drewno, nylon, stal, akrylWymiary: 17 cm x 6 cm x 53 cmStworzone dla \u017cycia w promieniach s\u0142o\u0144ca, Sunnylife jest wiod\u0105c\u0105 mark\u0105 produkuj\u0105c\u0105 akcesoria letnie. Powsta\u0142a na pla\u017cach Sydney w 2003 roku, ma prosty cel: dzieli\u0107 si\u0119 wyj\u0105tkowym australijskim, letnim stylem z reszt\u0105 \u015bwiata. Dzi\u015b, produkty Sunnylife mo\u017cna znale\u017a\u0107 na pla\u017cach oraz basenach we wszystkich najgor\u0119tszych miejscach wakacyjnych \u015bwiata. Marka jest rozpoznawalna za jej szerok\u0105 ofert\u0119 produkt\u00f3w niezb\u0119dnych w ka\u017cdym sezonie letnim. Zadaniem Sunnylife jest tworzenie nowych, innowacyjnych letnich niezb\u0119dnik\u00f3w, kt\u00f3re s\u0105 nie tylko pi\u0119kne i stylowe, ale r\u00f3wnie\u017c niezwykle funkcjonalne i wykonane z wysokiej jako\u015bci materia\u0142\u00f3w.<\/p>\n<h2>Sunnylife Ukulele Lilac Ombre <\/h2>\n<p>jak narysowa\u0107 pikachu, oliwier znaczenie imienia, park ujazdowski, karty pracy do druku litery, sentencja dla dziecka, \u015bwinka peppa kolorowanka do druku, imie kuba, jeremi, pikachu kolorowanka, zagadki o bajkach, wz\u00f3r drzewo genealogiczne szablon do wydruku, zagadki logiczne matematyczne dla dzieci, mi\u0142osz imie, darmowe kolorowanki do druku<\/p>\n<p>yyyyy<\/p>\n<p>&nbsp;<\/p>\n","protected":false},"excerpt":{"rendered":"<p>Ukulele Sunnylife urozmaici letnie dni w rodzinnym gronie. B\u0119dzie idealnym prezentem dla m\u0142odych (i nie tylko!) muzyk\u00f3w.Opis szczeg\u00f3\u0142owy:Prawdziwy d\u017awi\u0119k Mo\u017cliwo\u015b\u0107 strojeniaMateria\u0142: drewno, nylon, stal, akrylWymiary: 17 cm x 6 cm x 53 cmStworzone dla \u017cycia w promieniach s\u0142o\u0144ca, Sunnylife jest wiod\u0105c\u0105 mark\u0105 produkuj\u0105c\u0105 akcesoria letnie. Powsta\u0142a na pla\u017cach Sydney w 2003 roku, ma prosty cel: [&hellip;]<\/p>\n","protected":false},"featured_media":9790,"comment_status":"closed","ping_status":"open","template":"","meta":[],"product_cat":[155],"product_tag":[819,745,739,835,632],"class_list":["post-9789","product","type-product","status-publish","has-post-thumbnail","hentry","product_cat-zabawki-muzyczne","product_tag-co-kupic-nastolatce-na-swieta","product_tag-prezent-dla-15-latki","product_tag-prima-aprilis-w-szkole","product_tag-radosc-dziecka-cytaty","product_tag-warszawa-atrakcje-dla-mlodziezy"],"_links":{"self":[{"href":"http:\/\/klubmamgdynia.pl\/index.php\/wp-json\/wp\/v2\/product\/9789","targetHints":{"allow":["GET"]}}],"collection":[{"href":"http:\/\/klubmamgdynia.pl\/index.php\/wp-json\/wp\/v2\/product"}],"about":[{"href":"http:\/\/klubmamgdynia.pl\/index.php\/wp-json\/wp\/v2\/types\/product"}],"replies":[{"embeddable":true,"href":"http:\/\/klubmamgdynia.pl\/index.php\/wp-json\/wp\/v2\/comments?post=9789"}],"wp:featuredmedia":[{"embeddable":true,"href":"http:\/\/klubmamgdynia.pl\/index.php\/wp-json\/wp\/v2\/media\/9790"}],"wp:attachment":[{"href":"http:\/\/klubmamgdynia.pl\/index.php\/wp-json\/wp\/v2\/media?parent=9789"}],"wp:term":[{"taxonomy":"product_cat","embeddable":true,"href":"http:\/\/klubmamgdynia.pl\/index.php\/wp-json\/wp\/v2\/product_cat?post=9789"},{"taxonomy":"product_tag","embeddable":true,"href":"http:\/\/klubmamgdynia.pl\/index.php\/wp-json\/wp\/v2\/product_tag?post=9789"}],"curies":[{"name":"wp","href":"https:\/\/api.w.org\/{rel}","templated":true}]}}