{"id":9799,"date":"2015-11-13T20:22:08","date_gmt":"2015-11-13T19:22:08","guid":{"rendered":"http:\/\/klubmamgdynia.pl\/index.php\/produkt\/royal-canin-labrador-retriever-puppy-2x12kg\/"},"modified":"2026-04-05T23:03:22","modified_gmt":"2026-04-05T21:03:22","slug":"royal-canin-labrador-retriever-puppy-2x12kg","status":"publish","type":"product","link":"http:\/\/klubmamgdynia.pl\/index.php\/produkt\/royal-canin-labrador-retriever-puppy-2x12kg\/","title":{"rendered":"Royal Canin Labrador Retriever Puppy 2x12kg"},"content":{"rendered":"<p>Royal Canin &#8211; gwarancja najwy\u017cszej smakowito\u015bci                            <\/p>\n<p>Dlaczego karma Royal Canin b\u0119dzie<br \/>\nodpowiednia dla Twojego zwierz\u0119cia?<\/p>\n<p>Bo potrzeb jest wiele,<br \/>\na Royal Canin odpowiada<br \/>\nna wszystkie.                            <\/p>\n<p>                                Zobacz szczeg\u00f3\u0142y Gwarancji Najwy\u017cszej Smakowito\u015bci<\/p>\n<h2>Royal Canin Labrador Retriever Puppy 2x12kg Royal Canin<\/h2>\n<p>kolorowanka ksi\u0119\u017cniczka, nietypowe imiona damskie, aforyzmy o dzieciach, prezenty na roczek dla ch\u0142opca, romantyczna bajka na dobranoc, tabliczka mno\u017cenia kolorowanki do wydruku, zagadki dla dzieci 10 12 lat z odpowiedziami<\/p>\n<p>yyyyy<\/p>\n<p>&nbsp;<\/p>\n","protected":false},"excerpt":{"rendered":"<p>Royal Canin &#8211; gwarancja najwy\u017cszej smakowito\u015bci Dlaczego karma Royal Canin b\u0119dzie odpowiednia dla Twojego zwierz\u0119cia? Bo potrzeb jest wiele, a Royal Canin odpowiada na wszystkie. Zobacz szczeg\u00f3\u0142y Gwarancji Najwy\u017cszej Smakowito\u015bci Royal Canin Labrador Retriever Puppy 2x12kg Royal Canin kolorowanka ksi\u0119\u017cniczka, nietypowe imiona damskie, aforyzmy o dzieciach, prezenty na roczek dla ch\u0142opca, romantyczna bajka na dobranoc, [&hellip;]<\/p>\n","protected":false},"featured_media":9800,"comment_status":"closed","ping_status":"open","template":"","meta":[],"product_cat":[951,936],"product_tag":[598,739,620,846,653],"class_list":["post-9799","product","type-product","status-publish","has-post-thumbnail","hentry","product_cat-karmy-dla-psow","product_cat-royal-canin","product_tag-co-na-roczek-dla-dziewczynki","product_tag-prima-aprilis-w-szkole","product_tag-quiz-opowiesci-z-narnii","product_tag-rysowanki","product_tag-warszawa-dla-dzieci"],"_links":{"self":[{"href":"http:\/\/klubmamgdynia.pl\/index.php\/wp-json\/wp\/v2\/product\/9799","targetHints":{"allow":["GET"]}}],"collection":[{"href":"http:\/\/klubmamgdynia.pl\/index.php\/wp-json\/wp\/v2\/product"}],"about":[{"href":"http:\/\/klubmamgdynia.pl\/index.php\/wp-json\/wp\/v2\/types\/product"}],"replies":[{"embeddable":true,"href":"http:\/\/klubmamgdynia.pl\/index.php\/wp-json\/wp\/v2\/comments?post=9799"}],"wp:featuredmedia":[{"embeddable":true,"href":"http:\/\/klubmamgdynia.pl\/index.php\/wp-json\/wp\/v2\/media\/9800"}],"wp:attachment":[{"href":"http:\/\/klubmamgdynia.pl\/index.php\/wp-json\/wp\/v2\/media?parent=9799"}],"wp:term":[{"taxonomy":"product_cat","embeddable":true,"href":"http:\/\/klubmamgdynia.pl\/index.php\/wp-json\/wp\/v2\/product_cat?post=9799"},{"taxonomy":"product_tag","embeddable":true,"href":"http:\/\/klubmamgdynia.pl\/index.php\/wp-json\/wp\/v2\/product_tag?post=9799"}],"curies":[{"name":"wp","href":"https:\/\/api.w.org\/{rel}","templated":true}]}}