{"id":9801,"date":"2025-09-21T22:54:37","date_gmt":"2025-09-21T20:54:37","guid":{"rendered":"http:\/\/klubmamgdynia.pl\/?post_type=product&#038;p=9801"},"modified":"2026-04-29T13:37:09","modified_gmt":"2026-04-29T11:37:09","slug":"step2-lawka-z-oparciem-pojemnik-na-zabawki","status":"publish","type":"product","link":"http:\/\/klubmamgdynia.pl\/index.php\/produkt\/step2-lawka-z-oparciem-pojemnik-na-zabawki\/","title":{"rendered":"Step2 \u0141awka z Oparciem Pojemnik Na Zabawki"},"content":{"rendered":"<p>\u0141awka zewn\u0119trzna Step2 to realistyczna \u0142awka o fakturze kamienia, kt\u00f3ra zapewni Ci komfort podczas siedzenia i przechowywania akcesori\u00f3w zewn\u0119trznych. \u015awietnie sprawdzi si\u0119 na ka\u017cdym patio lub na ka\u017cdym podw\u00f3rku. To wytrzyma\u0142e pude\u0142ko do przechowywania na zewn\u0105trz to idealny spos\u00f3b na przechowywanie sprz\u0119tu ogrodowego, narz\u0119dzi, zabawek basenowych i nie tylko!Charakterystyka: &#8211; Wygodna \u0142awka z oparciem i pod\u0142okietnikami, o d\u0142ugo\u015bci nie mniejszej ni\u017c 130 cm i szeroko\u015bci 60 cm.- Niewymagaj\u0105ca impregnacji. Lekka, \u0142atwa w monta\u017cu i demonta\u017cu, wykonana z masywnego tworzywa sztucznego imituj\u0105cego kamie\u0144 i drewno, odporna na warunki atmosferyczne.- Pod siedziskiem znajduje si\u0119 obszerna skrzynia, w kt\u00f3rej mo\u017cna przechowywa\u0107 r\u00f3\u017cne przedmioty np.: zabawki.<\/p>\n<h2>Step2 \u0141awka z Oparciem Pojemnik Na Zabawki Step 2<\/h2>\n<p>quizy ortograficzne trudne, przyja\u017a\u0144, test zaczarowana zagroda, historia pluszowego misia dla dzieci, najpi\u0119kniejsze cytaty o przyja\u017ani, test wiedzy z lektury przygody tomka sawyera z odpowiedziami, kolorowanka piesek do druku, wiersz o wakacjach, bezpieczne kosmetyki do makija\u017cu dla dzieci, opowie\u015bci z narni lew czarownica i stara szafa test, adriana imi\u0119, wzruszajace cytaty o rodzinie, bajka krecik, super zings do druku, warsztaty dla dzieci warszawa, pies kolorowanka, prezent dla rocznego ch\u0142opca, maska iron man, znaki drogowe do druku, lody kolorowanka, czytanki na dobranoc<\/p>\n<p>yyyyy<\/p>\n<p>&nbsp;<\/p>\n","protected":false},"excerpt":{"rendered":"<p>\u0141awka zewn\u0119trzna Step2 to realistyczna \u0142awka o fakturze kamienia, kt\u00f3ra zapewni Ci komfort podczas siedzenia i przechowywania akcesori\u00f3w zewn\u0119trznych. \u015awietnie sprawdzi si\u0119 na ka\u017cdym patio lub na ka\u017cdym podw\u00f3rku. To wytrzyma\u0142e pude\u0142ko do przechowywania na zewn\u0105trz to idealny spos\u00f3b na przechowywanie sprz\u0119tu ogrodowego, narz\u0119dzi, zabawek basenowych i nie tylko!Charakterystyka: &#8211; Wygodna \u0142awka z oparciem i [&hellip;]<\/p>\n","protected":false},"featured_media":9802,"comment_status":"closed","ping_status":"open","template":"","meta":[],"product_cat":[990,1847],"product_tag":[754,876,868,604],"class_list":["post-9801","product","type-product","status-publish","has-post-thumbnail","hentry","product_cat-skrzynie-i-pojemniki-na-zabawki","product_cat-step-2","product_tag-dyplomy-do-wydrukowania-a4","product_tag-przyjazn","product_tag-quizy-dla-dzieci","product_tag-zagadki-trudne"],"_links":{"self":[{"href":"http:\/\/klubmamgdynia.pl\/index.php\/wp-json\/wp\/v2\/product\/9801","targetHints":{"allow":["GET"]}}],"collection":[{"href":"http:\/\/klubmamgdynia.pl\/index.php\/wp-json\/wp\/v2\/product"}],"about":[{"href":"http:\/\/klubmamgdynia.pl\/index.php\/wp-json\/wp\/v2\/types\/product"}],"replies":[{"embeddable":true,"href":"http:\/\/klubmamgdynia.pl\/index.php\/wp-json\/wp\/v2\/comments?post=9801"}],"wp:featuredmedia":[{"embeddable":true,"href":"http:\/\/klubmamgdynia.pl\/index.php\/wp-json\/wp\/v2\/media\/9802"}],"wp:attachment":[{"href":"http:\/\/klubmamgdynia.pl\/index.php\/wp-json\/wp\/v2\/media?parent=9801"}],"wp:term":[{"taxonomy":"product_cat","embeddable":true,"href":"http:\/\/klubmamgdynia.pl\/index.php\/wp-json\/wp\/v2\/product_cat?post=9801"},{"taxonomy":"product_tag","embeddable":true,"href":"http:\/\/klubmamgdynia.pl\/index.php\/wp-json\/wp\/v2\/product_tag?post=9801"}],"curies":[{"name":"wp","href":"https:\/\/api.w.org\/{rel}","templated":true}]}}