{"id":9825,"date":"2019-08-19T10:35:49","date_gmt":"2019-08-19T08:35:49","guid":{"rendered":"http:\/\/klubmamgdynia.pl\/index.php\/produkt\/brio-motor-zestaw-konstruktora\/"},"modified":"2026-04-23T10:34:16","modified_gmt":"2026-04-23T08:34:16","slug":"brio-motor-zestaw-konstruktora","status":"publish","type":"product","link":"http:\/\/klubmamgdynia.pl\/index.php\/produkt\/brio-motor-zestaw-konstruktora\/","title":{"rendered":"Brio Motor Zestaw Konstruktora"},"content":{"rendered":"<p>Builder Zestaw z silniczkiem 34591 BRIO to idealna zabawka konstrukcyjna, kt\u00f3ra wspiera rozw\u00f3j ma\u0142ych in\u017cynier\u00f3w.O\u017cyw swoje dzie\u0142a BRIO Builder dzi\u0119ki zestawowi z silnikiem BRIO Builder &#8211; doskona\u0142ej zabawce do budowania, kt\u00f3ra rzuci wyzwanie wyobra\u017ani pocz\u0105tkuj\u0105cych in\u017cynier\u00f3w. Zabawkowy zestaw konstrukcyjny zawiera 120 element\u00f3w do zabawy, w pe\u0142ni dzia\u0142aj\u0105cy silnik na baterie i \u0142atwe w u\u017cyciu narz\u0119dzia. Silnik ma tryb do przodu, zatrzymywania i cofania, wi\u0119c po prostu pozw\u00f3l swojej kreatywno\u015bci p\u0142yn\u0105\u0107, a nast\u0119pnie patrz, jak dzia\u0142a nowa konstrukcja.Builder Zestaw z silniczkiem 34591 BRIO posiada certyfikat FSC, kt\u00f3ry gwarantuje, \u017ce pozyskuj\u0105c drewno do produkcji firma BRIO zachowuje \u017cywotno\u015b\u0107 las\u00f3w i ich bogactw naturalnych.Wiek dziecka: 3 +Ilo\u015b\u0107 element\u00f3w: 121Wymagane baterie: 2 x AAABrak baterii w zestawie.Wymiary opakowania: 31 x 20 x 7 cmOpakowanie stanowi element produktu.Kod ean: 7312350345919<\/p>\n<h2>Brio Motor Zestaw Konstruktora Brio<\/h2>\n<p>maska karnawa\u0142owa pdf, t\u0119cza kolorowanka, opisy do zdj dziecka, litery kolorowanka, przyjazn<\/p>\n<p>yyyyy<\/p>\n<p>&nbsp;<\/p>\n","protected":false},"excerpt":{"rendered":"<p>Builder Zestaw z silniczkiem 34591 BRIO to idealna zabawka konstrukcyjna, kt\u00f3ra wspiera rozw\u00f3j ma\u0142ych in\u017cynier\u00f3w.O\u017cyw swoje dzie\u0142a BRIO Builder dzi\u0119ki zestawowi z silnikiem BRIO Builder &#8211; doskona\u0142ej zabawce do budowania, kt\u00f3ra rzuci wyzwanie wyobra\u017ani pocz\u0105tkuj\u0105cych in\u017cynier\u00f3w. Zabawkowy zestaw konstrukcyjny zawiera 120 element\u00f3w do zabawy, w pe\u0142ni dzia\u0142aj\u0105cy silnik na baterie i \u0142atwe w u\u017cyciu narz\u0119dzia. [&hellip;]<\/p>\n","protected":false},"featured_media":9826,"comment_status":"closed","ping_status":"open","template":"","meta":[],"product_cat":[78,113],"product_tag":[749,816,876,701],"class_list":["post-9825","product","type-product","status-publish","has-post-thumbnail","hentry","product_cat-brio","product_cat-klocki","product_tag-najlepsze-zarty-na-prima-aprilis","product_tag-place-zabaw-warszawa","product_tag-przyjazn","product_tag-zgadywanki-dla-dzieci"],"_links":{"self":[{"href":"http:\/\/klubmamgdynia.pl\/index.php\/wp-json\/wp\/v2\/product\/9825","targetHints":{"allow":["GET"]}}],"collection":[{"href":"http:\/\/klubmamgdynia.pl\/index.php\/wp-json\/wp\/v2\/product"}],"about":[{"href":"http:\/\/klubmamgdynia.pl\/index.php\/wp-json\/wp\/v2\/types\/product"}],"replies":[{"embeddable":true,"href":"http:\/\/klubmamgdynia.pl\/index.php\/wp-json\/wp\/v2\/comments?post=9825"}],"wp:featuredmedia":[{"embeddable":true,"href":"http:\/\/klubmamgdynia.pl\/index.php\/wp-json\/wp\/v2\/media\/9826"}],"wp:attachment":[{"href":"http:\/\/klubmamgdynia.pl\/index.php\/wp-json\/wp\/v2\/media?parent=9825"}],"wp:term":[{"taxonomy":"product_cat","embeddable":true,"href":"http:\/\/klubmamgdynia.pl\/index.php\/wp-json\/wp\/v2\/product_cat?post=9825"},{"taxonomy":"product_tag","embeddable":true,"href":"http:\/\/klubmamgdynia.pl\/index.php\/wp-json\/wp\/v2\/product_tag?post=9825"}],"curies":[{"name":"wp","href":"https:\/\/api.w.org\/{rel}","templated":true}]}}