{"id":9833,"date":"2023-05-06T21:47:47","date_gmt":"2023-05-06T19:47:47","guid":{"rendered":"http:\/\/klubmamgdynia.pl\/?post_type=product&#038;p=9833"},"modified":"2026-04-29T16:19:05","modified_gmt":"2026-04-29T14:19:05","slug":"fresk-zestaw-walizek-2-szt-zyrafa","status":"publish","type":"product","link":"http:\/\/klubmamgdynia.pl\/index.php\/produkt\/fresk-zestaw-walizek-2-szt-zyrafa\/","title":{"rendered":"FRESK &#8211; ZESTAW WALIZEK 2 SZT \u017bYRAFA"},"content":{"rendered":"<p>Zestaw walizeczek &#8211; oryginalna ozdoba pokoju dziecka i praktyczny gad\u017cet do przechowywania Zestaw dw\u00f3ch pi\u0119knych i uniwersalnych walizek Fresk z motywami zwierz\u0119cymi. Idealne do przechowywania zabawek i innych ma\u0142ych skarb\u00f3w, spakowania si\u0119 do dziadk\u00f3w, czy jako ozdoba do pokoju malucha. Walizki do pokoju dziecka wykonane s\u0105 z trwa\u0142ej tektury wysokiej jako\u015bci. Charakterystyka produktu Rozmiar: 29 x 20,5 cm 25 x 18 cm Wz\u00f3r: \u017byrafa<\/p>\n<h2>FRESK &#8211; ZESTAW WALIZEK 2 SZT \u017bYRAFA Fresk<\/h2>\n<p>wzory dyplom\u00f3w dyplomy do druku, traktor do druku, prezent dla dziecka 1 rok, kolorowanki my little pony, list do \u015bw miko\u0142aja &#8212; wz\u00f3r, prezent dla 7 latka ch\u0142opca, piosenka na dzie\u0144 nauczyciela przedszkole, zagadki dla dzieci 6 lat, bursztynek, walentynka kolorowanka, milan imie<\/p>\n<p>yyyyy<\/p>\n<p>&nbsp;<\/p>\n","protected":false},"excerpt":{"rendered":"<p>Zestaw walizeczek &#8211; oryginalna ozdoba pokoju dziecka i praktyczny gad\u017cet do przechowywania Zestaw dw\u00f3ch pi\u0119knych i uniwersalnych walizek Fresk z motywami zwierz\u0119cymi. Idealne do przechowywania zabawek i innych ma\u0142ych skarb\u00f3w, spakowania si\u0119 do dziadk\u00f3w, czy jako ozdoba do pokoju malucha. Walizki do pokoju dziecka wykonane s\u0105 z trwa\u0142ej tektury wysokiej jako\u015bci. Charakterystyka produktu Rozmiar: 29 [&hellip;]<\/p>\n","protected":false},"featured_media":9834,"comment_status":"closed","ping_status":"open","template":"","meta":[],"product_cat":[1582,990],"product_tag":[844,616,595,812,635],"class_list":["post-9833","product","type-product","status-publish","has-post-thumbnail","hentry","product_cat-fresk","product_cat-skrzynie-i-pojemniki-na-zabawki","product_tag-co-kupic-na-roczek","product_tag-test-mikolajek-25-pytan","product_tag-zagadki-dla-6-latka","product_tag-zagadki-logiczne-na-inteligencje","product_tag-znaki-drogowe-do-druku"],"_links":{"self":[{"href":"http:\/\/klubmamgdynia.pl\/index.php\/wp-json\/wp\/v2\/product\/9833","targetHints":{"allow":["GET"]}}],"collection":[{"href":"http:\/\/klubmamgdynia.pl\/index.php\/wp-json\/wp\/v2\/product"}],"about":[{"href":"http:\/\/klubmamgdynia.pl\/index.php\/wp-json\/wp\/v2\/types\/product"}],"replies":[{"embeddable":true,"href":"http:\/\/klubmamgdynia.pl\/index.php\/wp-json\/wp\/v2\/comments?post=9833"}],"wp:featuredmedia":[{"embeddable":true,"href":"http:\/\/klubmamgdynia.pl\/index.php\/wp-json\/wp\/v2\/media\/9834"}],"wp:attachment":[{"href":"http:\/\/klubmamgdynia.pl\/index.php\/wp-json\/wp\/v2\/media?parent=9833"}],"wp:term":[{"taxonomy":"product_cat","embeddable":true,"href":"http:\/\/klubmamgdynia.pl\/index.php\/wp-json\/wp\/v2\/product_cat?post=9833"},{"taxonomy":"product_tag","embeddable":true,"href":"http:\/\/klubmamgdynia.pl\/index.php\/wp-json\/wp\/v2\/product_tag?post=9833"}],"curies":[{"name":"wp","href":"https:\/\/api.w.org\/{rel}","templated":true}]}}