{"id":9837,"date":"2014-08-29T19:15:34","date_gmt":"2014-08-29T17:15:34","guid":{"rendered":"http:\/\/klubmamgdynia.pl\/index.php\/produkt\/bino-flet-kolorowy\/"},"modified":"2026-04-04T23:44:01","modified_gmt":"2026-04-04T21:44:01","slug":"bino-flet-kolorowy","status":"publish","type":"product","link":"http:\/\/klubmamgdynia.pl\/index.php\/produkt\/bino-flet-kolorowy\/","title":{"rendered":"Bino Flet Kolorowy"},"content":{"rendered":"<p>Flet kolorowyNumer katalogowy: 86581Kolorowy flet dla ma\u0142ych mi\u0142o\u015bnik\u00f3w muzyki.Szczeg\u00f3\u0142y: \u2022 materia\u0142: drewno\u2022 wymiary:\u2022 Produkt przeznaczony dla dzieci od 3 roku \u017aycia.Uwaga!Produkt nie jest przeznaczony dla dzieci poni\u017aej 3 roku \u017aycia. Produkt mo\u017ae zawiera\u0107 drobne elementy. Isnieje niebezpiecze\u0144stwo zad\u0142awienia.<\/p>\n<h2>Bino Flet Kolorowy BINO<\/h2>\n<p>milan imie, kolorowanka do wydruku, kotek kolorowanka, pokemon kolorowanka, wiersz o marzannie, jesienne zagadki, karty pracy dla dzieci z ukrainy do druku, imi\u0119 r\u00f3\u017ca, narodziny dziecka cytat, wierszyki o marzannie, dawne ko\u0142ysanki teksty, marcel imie, zagadki logiczne dla dzieci, quiz o hejka tu lenka, rainbow dash kolorowanka, zabawy z pi\u0142k\u0105 dla dzieci, iwo, zaproszenia na urodziny dla dzieci do druku, trudne zagadki na inteligencj\u0119, prezent dla rocznego dziecka, kolorowe kredki tekst<\/p>\n<p>yyyyy<\/p>\n<p>&nbsp;<\/p>\n","protected":false},"excerpt":{"rendered":"<p>Flet kolorowyNumer katalogowy: 86581Kolorowy flet dla ma\u0142ych mi\u0142o\u015bnik\u00f3w muzyki.Szczeg\u00f3\u0142y: \u2022 materia\u0142: drewno\u2022 wymiary:\u2022 Produkt przeznaczony dla dzieci od 3 roku \u017aycia.Uwaga!Produkt nie jest przeznaczony dla dzieci poni\u017aej 3 roku \u017aycia. Produkt mo\u017ae zawiera\u0107 drobne elementy. Isnieje niebezpiecze\u0144stwo zad\u0142awienia. Bino Flet Kolorowy BINO milan imie, kolorowanka do wydruku, kotek kolorowanka, pokemon kolorowanka, wiersz o marzannie, jesienne [&hellip;]<\/p>\n","protected":false},"featured_media":9838,"comment_status":"closed","ping_status":"open","template":"","meta":[],"product_cat":[322,155],"product_tag":[828,818,640,822],"class_list":["post-9837","product","type-product","status-publish","has-post-thumbnail","hentry","product_cat-bino","product_cat-zabawki-muzyczne","product_tag-filmy-wigilijne-dla-dzieci","product_tag-oliwier","product_tag-prezent-dla-rocznej-dziewczynki","product_tag-wierszyki-o-wakacjach-krotkie"],"_links":{"self":[{"href":"http:\/\/klubmamgdynia.pl\/index.php\/wp-json\/wp\/v2\/product\/9837","targetHints":{"allow":["GET"]}}],"collection":[{"href":"http:\/\/klubmamgdynia.pl\/index.php\/wp-json\/wp\/v2\/product"}],"about":[{"href":"http:\/\/klubmamgdynia.pl\/index.php\/wp-json\/wp\/v2\/types\/product"}],"replies":[{"embeddable":true,"href":"http:\/\/klubmamgdynia.pl\/index.php\/wp-json\/wp\/v2\/comments?post=9837"}],"wp:featuredmedia":[{"embeddable":true,"href":"http:\/\/klubmamgdynia.pl\/index.php\/wp-json\/wp\/v2\/media\/9838"}],"wp:attachment":[{"href":"http:\/\/klubmamgdynia.pl\/index.php\/wp-json\/wp\/v2\/media?parent=9837"}],"wp:term":[{"taxonomy":"product_cat","embeddable":true,"href":"http:\/\/klubmamgdynia.pl\/index.php\/wp-json\/wp\/v2\/product_cat?post=9837"},{"taxonomy":"product_tag","embeddable":true,"href":"http:\/\/klubmamgdynia.pl\/index.php\/wp-json\/wp\/v2\/product_tag?post=9837"}],"curies":[{"name":"wp","href":"https:\/\/api.w.org\/{rel}","templated":true}]}}