{"id":9853,"date":"2020-01-18T22:07:20","date_gmt":"2020-01-18T21:07:20","guid":{"rendered":"http:\/\/klubmamgdynia.pl\/index.php\/produkt\/silikonowa-forma-foremka-do-czekolady-lodu-ludzik\/"},"modified":"2026-04-23T08:13:32","modified_gmt":"2026-04-23T06:13:32","slug":"silikonowa-forma-foremka-do-czekolady-lodu-ludzik","status":"publish","type":"product","link":"http:\/\/klubmamgdynia.pl\/index.php\/produkt\/silikonowa-forma-foremka-do-czekolady-lodu-ludzik\/","title":{"rendered":"Silikonowa Forma Foremka Do Czekolady Lodu Ludzik"},"content":{"rendered":"<p>FORMA SILIKONOWA LUDZIKI LEGO 8szt.Forma silikonowa wykonana w 100% z silikonu spo\u017cywczego, nie wchodzi w reakcje ze zwi\u0105zkami chemicznymi zawartymi w \u017cywno\u015bci. Doskonale przewodzi ciep\u0142o, dzi\u0119ki czemu czas pieczenia jest kr\u00f3tszy o ok. 10-20%.Zalety form silikonowych:\u0142atwe w przechowywaniu (mo\u017cna je sk\u0142ada\u0107 lub zwija\u0107)\u0142atwe w czyszczeniu (mo\u017cna my\u0107 w zmywarce)odporna na temperatury w zakresie: -40\u00b0C &#8211; +230\u00b0CWymiary ca\u0142kowite:11 x 8 x 2 cmKOLOR WYSY\u0141ANY LOSOWO (ZIELONY, CZERWONY, NIEBIESKI)<\/p>\n<h2>Silikonowa Forma Foremka Do Czekolady Lodu Ludzik <\/h2>\n<p>fajne rzeczy dla nastolatk\u00f3w, kotki do druku, lucjan, jaki prezent na roczek<\/p>\n<p>yyyyy<\/p>\n<p>&nbsp;<\/p>\n","protected":false},"excerpt":{"rendered":"<p>FORMA SILIKONOWA LUDZIKI LEGO 8szt.Forma silikonowa wykonana w 100% z silikonu spo\u017cywczego, nie wchodzi w reakcje ze zwi\u0105zkami chemicznymi zawartymi w \u017cywno\u015bci. Doskonale przewodzi ciep\u0142o, dzi\u0119ki czemu czas pieczenia jest kr\u00f3tszy o ok. 10-20%.Zalety form silikonowych:\u0142atwe w przechowywaniu (mo\u017cna je sk\u0142ada\u0107 lub zwija\u0107)\u0142atwe w czyszczeniu (mo\u017cna my\u0107 w zmywarce)odporna na temperatury w zakresie: -40\u00b0C &#8211; [&hellip;]<\/p>\n","protected":false},"featured_media":9854,"comment_status":"closed","ping_status":"open","template":"","meta":[],"product_cat":[990],"product_tag":[865,766,699,794,653],"class_list":["post-9853","product","type-product","status-publish","has-post-thumbnail","hentry","product_cat-skrzynie-i-pojemniki-na-zabawki","product_tag-cytaty-o-dzieciach","product_tag-kira","product_tag-kolorowanki-do-druku-dla-dziewczyn","product_tag-test-opowiesci-z-narnii-lew-czarownica-i-stara-szafa-do-druku","product_tag-warszawa-dla-dzieci"],"_links":{"self":[{"href":"http:\/\/klubmamgdynia.pl\/index.php\/wp-json\/wp\/v2\/product\/9853","targetHints":{"allow":["GET"]}}],"collection":[{"href":"http:\/\/klubmamgdynia.pl\/index.php\/wp-json\/wp\/v2\/product"}],"about":[{"href":"http:\/\/klubmamgdynia.pl\/index.php\/wp-json\/wp\/v2\/types\/product"}],"replies":[{"embeddable":true,"href":"http:\/\/klubmamgdynia.pl\/index.php\/wp-json\/wp\/v2\/comments?post=9853"}],"wp:featuredmedia":[{"embeddable":true,"href":"http:\/\/klubmamgdynia.pl\/index.php\/wp-json\/wp\/v2\/media\/9854"}],"wp:attachment":[{"href":"http:\/\/klubmamgdynia.pl\/index.php\/wp-json\/wp\/v2\/media?parent=9853"}],"wp:term":[{"taxonomy":"product_cat","embeddable":true,"href":"http:\/\/klubmamgdynia.pl\/index.php\/wp-json\/wp\/v2\/product_cat?post=9853"},{"taxonomy":"product_tag","embeddable":true,"href":"http:\/\/klubmamgdynia.pl\/index.php\/wp-json\/wp\/v2\/product_tag?post=9853"}],"curies":[{"name":"wp","href":"https:\/\/api.w.org\/{rel}","templated":true}]}}