{"id":9863,"date":"2012-05-22T15:06:37","date_gmt":"2012-05-22T13:06:37","guid":{"rendered":"http:\/\/klubmamgdynia.pl\/index.php\/produkt\/lorena-canals-kosz-baby-mushroom\/"},"modified":"2026-05-03T13:48:26","modified_gmt":"2026-05-03T11:48:26","slug":"lorena-canals-kosz-baby-mushroom","status":"publish","type":"product","link":"http:\/\/klubmamgdynia.pl\/index.php\/produkt\/lorena-canals-kosz-baby-mushroom\/","title":{"rendered":"Lorena Canals Kosz Baby Mushroom"},"content":{"rendered":"<p>Kosz na zabawki w kszta\u0142cie grzybka sk\u0142adaj\u0105cy si\u0119 z dw\u00f3ch oddzielnych cz\u0119\u015bci. Kosz dolny jest szerszy u do\u0142u i w\u0105ski u g\u00f3ry, wykonany ze sznurka z naturalnej i mieszanej bawe\u0142ny lnianej z kontrastowymi szwami w kolorze Soil Brown. G\u00f3rna cz\u0119\u015b\u0107 kosza wykonana jest z naturalnego bawe\u0142nianego sznurka z wewn\u0119trznie zagi\u0119tymi brzegami. Dlaczego kosze na zabawki Lorena Canals s\u0105 tak wyj\u0105tkowe? mo\u017cliwo\u015b\u0107 prania w pralce &#8211; zabrudzenie nie jest ju\u017c problemem, poniewa\u017c mo\u017cesz je upra\u0107 w zwyk\u0142ej domowej pralce. s\u0105 ekologiczne &#8211; wytworzone z poszanowaniem \u015brodowiska, z naturalnej bawe\u0142ny i nietoksycznych barwnik\u00f3w. W procesie produkcyjnym nie u\u017cyto \u017cadnych barwnik\u00f3w toksycznych lub zanieczyszczaj\u0105cych \u015brodowisko. s\u0105 bezpieczne &#8211; mo\u017cesz zadba\u0107 o to, by by\u0142y zawsze czyste i dzieci mog\u0142y by\u0107 w bezpo\u015brednim kontakcie z koszem. Produkt posiada certyfikaty ISO 9001, ISO 14001 oraz ISO 18001. \u0142atwe w dopasowaniu &#8211; mo\u017cesz dopasowa\u0107 t\u0119 kolekcj\u0119 do dywan\u00f3w z kolekcji Cotton Woods i stworzy\u0107 oryginaln\u0105 aran\u017cacj\u0119 pokoju dziecka s\u0105 unikatowe &#8211; ka\u017cdy kosz wykonany jest r\u0119cznie z najwi\u0119ksz\u0105 staranno\u015bci\u0105, ka\u017cdy z nich jest unikatowy co sprawia \u017ce maj\u0105 specjaln\u0105 warto\u015b\u0107 Charakterystyka produktu Rozmiar: 23&#215;27 cm Kolor: be\u017cowy Sk\u0142ad: 97% bawe\u0142na\/ 3% inne Instrukcja u\u017cytkowania: pra\u0107 osobno w pralce, bez usuwania wype\u0142nienia nale\u017cy wybra\u0107 cykl dla tkanin delikatnych i nie stosowa\u0107 wybielaczy nale\u017cy stosowa\u0107 delikatny detergent suszy\u0107 w suszarce b\u0119bnowej w niskiej temperaturze nale\u017cy unika\u0107 suszenia na s\u0142o\u0144cu d\u0142ugie lub lu\u017ane nitki mo\u017cna obci\u0105\u0107 no\u017cyczkami, nigdy nie nale\u017cy ci\u0105gn\u0105\u0107 nitek<\/p>\n<h2>Lorena Canals Kosz Baby Mushroom LORENA CANALS<\/h2>\n<p>prezenty dla 7 latka, gabriel, literki do nauki pisania do druku, kolorowanki \u015bwi\u0105teczne do wydruku, pytania logiczne, kr\u00f3tkie czytanki dla dzieci do wydruku, zagadki o zwierz\u0119tach, maski superbohater\u00f3w do wydrukowania, mapa europy do druku<\/p>\n<p>yyyyy<\/p>\n<p>&nbsp;<\/p>\n","protected":false},"excerpt":{"rendered":"<p>Kosz na zabawki w kszta\u0142cie grzybka sk\u0142adaj\u0105cy si\u0119 z dw\u00f3ch oddzielnych cz\u0119\u015bci. Kosz dolny jest szerszy u do\u0142u i w\u0105ski u g\u00f3ry, wykonany ze sznurka z naturalnej i mieszanej bawe\u0142ny lnianej z kontrastowymi szwami w kolorze Soil Brown. G\u00f3rna cz\u0119\u015b\u0107 kosza wykonana jest z naturalnego bawe\u0142nianego sznurka z wewn\u0119trznie zagi\u0119tymi brzegami. Dlaczego kosze na zabawki [&hellip;]<\/p>\n","protected":false},"featured_media":9864,"comment_status":"closed","ping_status":"open","template":"","meta":[],"product_cat":[1851,990],"product_tag":[658,686,852,853,847,583,661],"class_list":["post-9863","product","type-product","status-publish","has-post-thumbnail","hentry","product_cat-lorena-canals","product_cat-skrzynie-i-pojemniki-na-zabawki","product_tag-alan-znaczenie-imienia","product_tag-co-na-roczek-dla-chlopca","product_tag-jak-zrobic-samolot-z-papieru","product_tag-kolorowanki-do-druku-dla-doroslych","product_tag-kolorowanki-pokemon","product_tag-kolysanki-dla-dzieci-tekst","product_tag-swinka-peppa-kolorowanka"],"_links":{"self":[{"href":"http:\/\/klubmamgdynia.pl\/index.php\/wp-json\/wp\/v2\/product\/9863","targetHints":{"allow":["GET"]}}],"collection":[{"href":"http:\/\/klubmamgdynia.pl\/index.php\/wp-json\/wp\/v2\/product"}],"about":[{"href":"http:\/\/klubmamgdynia.pl\/index.php\/wp-json\/wp\/v2\/types\/product"}],"replies":[{"embeddable":true,"href":"http:\/\/klubmamgdynia.pl\/index.php\/wp-json\/wp\/v2\/comments?post=9863"}],"wp:featuredmedia":[{"embeddable":true,"href":"http:\/\/klubmamgdynia.pl\/index.php\/wp-json\/wp\/v2\/media\/9864"}],"wp:attachment":[{"href":"http:\/\/klubmamgdynia.pl\/index.php\/wp-json\/wp\/v2\/media?parent=9863"}],"wp:term":[{"taxonomy":"product_cat","embeddable":true,"href":"http:\/\/klubmamgdynia.pl\/index.php\/wp-json\/wp\/v2\/product_cat?post=9863"},{"taxonomy":"product_tag","embeddable":true,"href":"http:\/\/klubmamgdynia.pl\/index.php\/wp-json\/wp\/v2\/product_tag?post=9863"}],"curies":[{"name":"wp","href":"https:\/\/api.w.org\/{rel}","templated":true}]}}