{"id":9867,"date":"2024-02-29T01:29:34","date_gmt":"2024-02-29T00:29:34","guid":{"rendered":"http:\/\/klubmamgdynia.pl\/?post_type=product&#038;p=9867"},"modified":"2026-05-17T22:39:32","modified_gmt":"2026-05-17T20:39:32","slug":"ecarla-plastikowy-pojemnik-regal-kosz-na-zabawki-szuflady","status":"publish","type":"product","link":"http:\/\/klubmamgdynia.pl\/index.php\/produkt\/ecarla-plastikowy-pojemnik-regal-kosz-na-zabawki-szuflady\/","title":{"rendered":"Ecarla Plastikowy Pojemnik Rega\u0142 Kosz Na Zabawki Szuflady"},"content":{"rendered":"<p>PLASTIKOWY POJEMNIK REGA\u0141 DO PRZECHOWYWANIAUtrzymanie porz\u0105dku to cz\u0119sto wielkie wyzwanie. Na szcz\u0119\u015bcie mamy na to rozwi\u0105zanie. Plastikowy rega\u0142 na k\u00f3\u0142kach z kolorowymi szufladami dzi\u0119ki, kt\u00f3remu uporz\u0105dkujesz swoje rzeczy.Dzi\u0119ki wykorzystaniu tworzywa o g\u0142adkich powierzchniach bardzo \u0142atwo utrzymasz go w czysto\u015bci. Pojemne szuflady pomieszcz\u0105 drobne i \u015brednie akcesoria, przedmioty oraz ubrania.Stonowane kolory sprawiaj\u0105, \u017ce z \u0142atwo\u015bci\u0105 dopasujesz go do wielu pomieszcze\u0144.Specyfikacja:Solidny bia\u0142y stela\u017cPi\u0119\u0107 kolorowych pastelowych szuflad z wygodnymi uchwytamiSzuflady posiadaj\u0105 blokady zapobiegaj\u0105ce przed wypadni\u0119ciemWykonane z trwa\u0142ego i elastycznego tworzywa sztucznegoPosiada k\u00f3\u0142ka\u0141atwy w utrzymaniu czysto\u015bciTrwa\u0142y produktProdukt do samodzielnego monta\u017cuProdukt sprzedawany w pude\u0142kuWYMIARYwysoko\u015b\u0107: 90 cmszeroko\u015b\u0107: 36 cmg\u0142\u0119boko\u015b\u0107: 36 cmwymiary pojemnika: 33 x 33 x 16 cmZdj\u0119cia<\/p>\n<h2>Ecarla Plastikowy Pojemnik Rega\u0142 Kosz Na Zabawki Szuflady <\/h2>\n<p>prima aprilis w szkole, atrakcje dla dzieci tr\u00f3jmiasto, maska karnawa\u0142owa pdf, g\u0142upie zagadki, kolorowanki do wydruku, \u015bmieszne zagadki z odpowiedziami, prezent dla 17 latki, dzie\u0144 pluszowego misia napis, list do \u015bw miko\u0142aja &#8212; wz\u00f3r<\/p>\n<p>yyyyy<\/p>\n<p>&nbsp;<\/p>\n","protected":false},"excerpt":{"rendered":"<p>PLASTIKOWY POJEMNIK REGA\u0141 DO PRZECHOWYWANIAUtrzymanie porz\u0105dku to cz\u0119sto wielkie wyzwanie. Na szcz\u0119\u015bcie mamy na to rozwi\u0105zanie. Plastikowy rega\u0142 na k\u00f3\u0142kach z kolorowymi szufladami dzi\u0119ki, kt\u00f3remu uporz\u0105dkujesz swoje rzeczy.Dzi\u0119ki wykorzystaniu tworzywa o g\u0142adkich powierzchniach bardzo \u0142atwo utrzymasz go w czysto\u015bci. Pojemne szuflady pomieszcz\u0105 drobne i \u015brednie akcesoria, przedmioty oraz ubrania.Stonowane kolory sprawiaj\u0105, \u017ce z \u0142atwo\u015bci\u0105 dopasujesz [&hellip;]<\/p>\n","protected":false},"featured_media":9868,"comment_status":"closed","ping_status":"open","template":"","meta":[],"product_cat":[990],"product_tag":[722,720,591,579],"class_list":["post-9867","product","type-product","status-publish","has-post-thumbnail","hentry","product_cat-skrzynie-i-pojemniki-na-zabawki","product_tag-cytaty-o-przyjazni","product_tag-malowanki","product_tag-quiz-o-minecraft","product_tag-quiz-opowiesci-z-narnii-lew-czarownica-i-stara-szafa"],"_links":{"self":[{"href":"http:\/\/klubmamgdynia.pl\/index.php\/wp-json\/wp\/v2\/product\/9867","targetHints":{"allow":["GET"]}}],"collection":[{"href":"http:\/\/klubmamgdynia.pl\/index.php\/wp-json\/wp\/v2\/product"}],"about":[{"href":"http:\/\/klubmamgdynia.pl\/index.php\/wp-json\/wp\/v2\/types\/product"}],"replies":[{"embeddable":true,"href":"http:\/\/klubmamgdynia.pl\/index.php\/wp-json\/wp\/v2\/comments?post=9867"}],"wp:featuredmedia":[{"embeddable":true,"href":"http:\/\/klubmamgdynia.pl\/index.php\/wp-json\/wp\/v2\/media\/9868"}],"wp:attachment":[{"href":"http:\/\/klubmamgdynia.pl\/index.php\/wp-json\/wp\/v2\/media?parent=9867"}],"wp:term":[{"taxonomy":"product_cat","embeddable":true,"href":"http:\/\/klubmamgdynia.pl\/index.php\/wp-json\/wp\/v2\/product_cat?post=9867"},{"taxonomy":"product_tag","embeddable":true,"href":"http:\/\/klubmamgdynia.pl\/index.php\/wp-json\/wp\/v2\/product_tag?post=9867"}],"curies":[{"name":"wp","href":"https:\/\/api.w.org\/{rel}","templated":true}]}}