{"id":9883,"date":"2025-03-04T19:51:51","date_gmt":"2025-03-04T18:51:51","guid":{"rendered":"http:\/\/klubmamgdynia.pl\/?post_type=product&#038;p=9883"},"modified":"2026-04-30T22:15:50","modified_gmt":"2026-04-30T20:15:50","slug":"3-sprouts-stojak-na-ksiazki-lew-yellow","status":"publish","type":"product","link":"http:\/\/klubmamgdynia.pl\/index.php\/produkt\/3-sprouts-stojak-na-ksiazki-lew-yellow\/","title":{"rendered":"3 Sprouts Stojak Na Ksi\u0105\u017cki Lew Yellow"},"content":{"rendered":"<p>Eksperci s\u0105 zgodni \u017ce czytanie dziecku od pierwszego dnia jest idealnym sposobem na rozwijanie umiej\u0119tno\u015bci j\u0119zykowych i rozwoju emocjonalnego Stojak 3 Sprouts to idealna p\u00f3\u0142ka na ksi\u0105\u017cki dla maluszka Utrzymuj\u0105c ksi\u0105\u017cki na poziomie wzroku Twojego dziecka P\u00f3\u0142ka na ksi\u0105\u017cki zach\u0119ca do czytania a nawet do odk\u0142adania je na miejsce gdy nadejdzie pora spania Stw\u00f3rz najmodniejszy ma\u0142y k\u0105cik do czytania dla swojego przysz\u0142ego mola ksi\u0105\u017ckowego ze stojakiem 3 Sprouts Estetyczny wygl\u0105d oraz kolorystyka sprawiaj\u0105 \u017ce organizer dopasuje si\u0119 do ka\u017cdego wn\u0119trza dzieci\u0119cego pokoju Cechy: przechowywanie ksi\u0105\u017cek na wyci\u0105gni\u0119cie dzieci\u0119cej r\u0119ki u\u0142atwia poszukiwanie ulubionej ksi\u0105\u017cki idealna wysoko\u015b\u0107 dla Twojego malucha wykonany z drewna z materia\u0142owymi kieszonkami Materia\u0142: stojak MDF materia\u0142 100 poliester Wymiary: wysoko\u015b\u0107 61 cm g\u0142\u0119boko\u015b\u0107 25 cm szeroko\u015b\u0107 62 cm Czyszczenie: czy\u015bci\u0107 tylko r\u0119cznie Wymiary opakowania: szeroko\u015b\u0107 28 5 cm wysoko\u015b\u0107 61 5 cm g\u0142\u0119boko\u015b\u0107 5 cm 3 Sprouts to Kanadyjska firma specjalizuj\u0105ca si\u0119 w produktach do wyposa\u017cenia wn\u0119trz 3 Sprouts zosta\u0142 stworzony przez trzech przyjaci\u00f3\u0142 kt\u00f3rzy podzielaj\u0105 mi\u0142o\u015b\u0107 do dzieci i uznanie dla unikalnych i nowoczesnych produkt\u00f3w Pracuj\u0105c w projektowaniu w Nowym Jorku i Toronto dla takich firm jak Kate Spade Barneys New York i Holt Renfrew zainspirowali si\u0119 do stworzenia kolekcji kt\u00f3ra skierowana zar\u00f3wno jest do rodzic\u00f3w jak i dzieci Od narodzin 3 Sprouts wiosn\u0105 2007 roku firma jest szcz\u0119\u015bliwa aby s\u0142u\u017cy\u0107 klientom kt\u00f3rzy podzielaj\u0105 zaanga\u017cowanie na dobrze zaprojektowane produkty dla dziecka Producenci kochaj\u0105 mark\u0119 3 Sprouts kt\u00f3ra pozwala znale\u017a\u0107 wielk\u0105 rado\u015b\u0107 w projektowaniu produkt\u00f3w kt\u00f3re pasuj\u0105 dla ka\u017cdego domu 3 Sprouts pozostawia u\u015bmiecha dla ka\u017cdego kt\u00f3ry widzi produkty jak i dla codziennych u\u017cytkownik\u00f3w<\/p>\n<h2>3 Sprouts Stojak Na Ksi\u0105\u017cki Lew Yellow 3 Sprouts<\/h2>\n<p>madre zyczenia bozonarodzeniowe, kr\u00f3tkie zagadki dla doros\u0142ych, dzie\u0144 pluszowego misia 2021, testy ma\u0142y ksi\u0105\u017ce, pranki na prima aprilis dla rodzic\u00f3w, zagadki logiczne z odpowiedziami, prezent dla ch\u0142opca na roczek, imi\u0119 pola, milosc do dzieci, kolorowanki my little pony<\/p>\n<p>yyyyy<\/p>\n<p>&nbsp;<\/p>\n","protected":false},"excerpt":{"rendered":"<p>Eksperci s\u0105 zgodni \u017ce czytanie dziecku od pierwszego dnia jest idealnym sposobem na rozwijanie umiej\u0119tno\u015bci j\u0119zykowych i rozwoju emocjonalnego Stojak 3 Sprouts to idealna p\u00f3\u0142ka na ksi\u0105\u017cki dla maluszka Utrzymuj\u0105c ksi\u0105\u017cki na poziomie wzroku Twojego dziecka P\u00f3\u0142ka na ksi\u0105\u017cki zach\u0119ca do czytania a nawet do odk\u0142adania je na miejsce gdy nadejdzie pora spania Stw\u00f3rz najmodniejszy [&hellip;]<\/p>\n","protected":false},"featured_media":9884,"comment_status":"closed","ping_status":"open","template":"","meta":[],"product_cat":[1004,978],"product_tag":[658,671,750,620,712],"class_list":["post-9883","product","type-product","status-publish","has-post-thumbnail","hentry","product_cat-3-sprouts","product_cat-regaly-i-polki-dzieciece","product_tag-alan-znaczenie-imienia","product_tag-cicha-noc-po-angielsku-tekst","product_tag-imie-kostek","product_tag-quiz-opowiesci-z-narnii","product_tag-zagadki-o-zwierzetach"],"_links":{"self":[{"href":"http:\/\/klubmamgdynia.pl\/index.php\/wp-json\/wp\/v2\/product\/9883","targetHints":{"allow":["GET"]}}],"collection":[{"href":"http:\/\/klubmamgdynia.pl\/index.php\/wp-json\/wp\/v2\/product"}],"about":[{"href":"http:\/\/klubmamgdynia.pl\/index.php\/wp-json\/wp\/v2\/types\/product"}],"replies":[{"embeddable":true,"href":"http:\/\/klubmamgdynia.pl\/index.php\/wp-json\/wp\/v2\/comments?post=9883"}],"wp:featuredmedia":[{"embeddable":true,"href":"http:\/\/klubmamgdynia.pl\/index.php\/wp-json\/wp\/v2\/media\/9884"}],"wp:attachment":[{"href":"http:\/\/klubmamgdynia.pl\/index.php\/wp-json\/wp\/v2\/media?parent=9883"}],"wp:term":[{"taxonomy":"product_cat","embeddable":true,"href":"http:\/\/klubmamgdynia.pl\/index.php\/wp-json\/wp\/v2\/product_cat?post=9883"},{"taxonomy":"product_tag","embeddable":true,"href":"http:\/\/klubmamgdynia.pl\/index.php\/wp-json\/wp\/v2\/product_tag?post=9883"}],"curies":[{"name":"wp","href":"https:\/\/api.w.org\/{rel}","templated":true}]}}