{"id":9893,"date":"2013-03-08T09:42:56","date_gmt":"2013-03-08T08:42:56","guid":{"rendered":"http:\/\/klubmamgdynia.pl\/index.php\/produkt\/3-sprouts-wklad-chlodzacy-jelen-brazowy\/"},"modified":"2026-04-14T19:41:29","modified_gmt":"2026-04-14T17:41:29","slug":"3-sprouts-wklad-chlodzacy-jelen-brazowy","status":"publish","type":"product","link":"http:\/\/klubmamgdynia.pl\/index.php\/produkt\/3-sprouts-wklad-chlodzacy-jelen-brazowy\/","title":{"rendered":"3 Sprouts Wk\u0142ad Ch\u0142odz\u0105cy Jele\u0144 Br\u0105zowy"},"content":{"rendered":"<p>3 Sprouts Wk\u0142ad Ch\u0142odz\u0105cy Jele\u0144 Brown Wymiary: 12 5 cm x nbsp;13 5 cm Wymiary opakowania: nbsp; 14 cm x nbsp;21 cm x nbsp;1 5 cm Cechy: idealny spos\u00f3b na utrzymanie zimnego i \u015bwie\u017cego lunchu dziecka w ci\u0105gu dnia w\u0142\u00f3\u017c do zamra\u017carki na 1 godzin\u0119 aby si\u0119 sch\u0142odzi\u0142 utrzymuje zimno przez 4 godziny ma r\u00f3wnie\u017c podw\u00f3jne dzia\u0142anie jako zimny kompres \u0142agodzi drobne b\u00f3le i uk\u0105szenia pszcz\u00f3\u0142 Wk\u0142ad ch\u0142odz\u0105cy 3 Sprouts to idealny i wygodny spos\u00f3b na pozostawienie jedzenia \u015bwie\u017cym i sch\u0142odzonym Wystarczy jedna godzina w zamra\u017carce kt\u00f3ra sprawi \u017ce wk\u0142ad b\u0119dzie zimny do 4 godzin nbsp; Wk\u0142ad ch\u0142odz\u0105cy ma podw\u00f3jne zadanie \u0142agodzi drobne b\u00f3le i uk\u0105szenia owad\u00f3w np nbsp;pszcz\u00f3\u0142 Wype\u0142niony jest nietoksycznym \u017celem idealny dla dzieci w wieku od 3 lat<\/p>\n<h2>3 Sprouts Wk\u0142ad Ch\u0142odz\u0105cy Jele\u0144 Br\u0105zowy 3 Sprouts<\/h2>\n<p>najpi\u0119kniejsze cytaty o przyja\u017ani, cytaty motywacyjne dla dzieci, adriana znaczenie imienia, quiz o flagach europy, zabawy na dzie\u0144 dziecka w szkole, mia imie, co oznacza nazwa jordan, testy na znaki drogowe, ko\u0142ysanka tekst, planety uk\u0142ad s\u0142oneczny dla dzieci do druku, zabawy logiczne dla dzieci, pisanki woskiem wzory, borys imi\u0119, miriam imi\u0119, j\u0119zyk polski dla dzieci z ukrainy, zagadki na logiczne my\u015blenie<\/p>\n<p>yyyyy<\/p>\n<p>&nbsp;<\/p>\n","protected":false},"excerpt":{"rendered":"<p>3 Sprouts Wk\u0142ad Ch\u0142odz\u0105cy Jele\u0144 Brown Wymiary: 12 5 cm x nbsp;13 5 cm Wymiary opakowania: nbsp; 14 cm x nbsp;21 cm x nbsp;1 5 cm Cechy: idealny spos\u00f3b na utrzymanie zimnego i \u015bwie\u017cego lunchu dziecka w ci\u0105gu dnia w\u0142\u00f3\u017c do zamra\u017carki na 1 godzin\u0119 aby si\u0119 sch\u0142odzi\u0142 utrzymuje zimno przez 4 godziny ma r\u00f3wnie\u017c [&hellip;]<\/p>\n","protected":false},"featured_media":9894,"comment_status":"closed","ping_status":"open","template":"","meta":[],"product_cat":[1004,1017],"product_tag":[845,838,781,855,822],"class_list":["post-9893","product","type-product","status-publish","has-post-thumbnail","hentry","product_cat-3-sprouts","product_cat-pozostale-akcesoria-do-karmienia-dzieci","product_tag-ach-spij-kochanie-tekst","product_tag-bajki-dla-dzieci-na-dobranoc","product_tag-cytaty-o-wychowaniu-dzieci","product_tag-nietypowe-imiona-zenskie","product_tag-wierszyki-o-wakacjach-krotkie"],"_links":{"self":[{"href":"http:\/\/klubmamgdynia.pl\/index.php\/wp-json\/wp\/v2\/product\/9893","targetHints":{"allow":["GET"]}}],"collection":[{"href":"http:\/\/klubmamgdynia.pl\/index.php\/wp-json\/wp\/v2\/product"}],"about":[{"href":"http:\/\/klubmamgdynia.pl\/index.php\/wp-json\/wp\/v2\/types\/product"}],"replies":[{"embeddable":true,"href":"http:\/\/klubmamgdynia.pl\/index.php\/wp-json\/wp\/v2\/comments?post=9893"}],"wp:featuredmedia":[{"embeddable":true,"href":"http:\/\/klubmamgdynia.pl\/index.php\/wp-json\/wp\/v2\/media\/9894"}],"wp:attachment":[{"href":"http:\/\/klubmamgdynia.pl\/index.php\/wp-json\/wp\/v2\/media?parent=9893"}],"wp:term":[{"taxonomy":"product_cat","embeddable":true,"href":"http:\/\/klubmamgdynia.pl\/index.php\/wp-json\/wp\/v2\/product_cat?post=9893"},{"taxonomy":"product_tag","embeddable":true,"href":"http:\/\/klubmamgdynia.pl\/index.php\/wp-json\/wp\/v2\/product_tag?post=9893"}],"curies":[{"name":"wp","href":"https:\/\/api.w.org\/{rel}","templated":true}]}}