{"id":9899,"date":"2013-09-06T12:44:17","date_gmt":"2013-09-06T10:44:17","guid":{"rendered":"http:\/\/klubmamgdynia.pl\/index.php\/produkt\/alvi-utensilo-square-dryfowanie-leaves\/"},"modified":"2026-04-04T02:15:09","modified_gmt":"2026-04-04T00:15:09","slug":"alvi-utensilo-square-dryfowanie-leaves","status":"publish","type":"product","link":"http:\/\/klubmamgdynia.pl\/index.php\/produkt\/alvi-utensilo-square-dryfowanie-leaves\/","title":{"rendered":"Alvi Utensilo Square Dryfowanie Leaves"},"content":{"rendered":"<p>Praktyczne pude\u0142ko do przechowywania Utensilo marki Aliv\u00ae jako wyposa\u017cenie sto\u0142u do przewijania lub pokoju dziecka. W kwadratowym kszta\u0142cie do przechowywania chusteczek, \u015brodk\u00f3w piel\u0119gnacyjnych, zabawek lub innych drobnych przedmiot\u00f3w. Szczeg\u00f3\u0142y produktu: Wymiary (d\u0142ugo\u015b\u0107 x szeroko\u015b\u0107 x wysoko\u015b\u0107): 25 x 21 x 12 cm Prostok\u0105tny kszta\u0142t Praktyczny dodatek do domu Materia\u0142 i wskaz\u00f3wki dotycz\u0105ce piel\u0119gnacji: Materia\u0142: 100% bawe\u0142na organiczna Wype\u0142nienie: 100% poliester Mo\u017cna pra\u0107 w temperaturze do 30 \u00b0C Nadaje si\u0119 do suszenia w suszarkach b\u0119bnowych, redukcja temperatury<\/p>\n<h2>Alvi Utensilo Square Dryfowanie Leaves Alvi<\/h2>\n<p>zagadki matematyczne dla dzieci, mateusz imi\u0119, cytat dla mamy, kr\u00f3tkie \u017cyczenia wielkanocne dla dzieci<\/p>\n<p>yyyyy<\/p>\n<p>&nbsp;<\/p>\n","protected":false},"excerpt":{"rendered":"<p>Praktyczne pude\u0142ko do przechowywania Utensilo marki Aliv\u00ae jako wyposa\u017cenie sto\u0142u do przewijania lub pokoju dziecka. W kwadratowym kszta\u0142cie do przechowywania chusteczek, \u015brodk\u00f3w piel\u0119gnacyjnych, zabawek lub innych drobnych przedmiot\u00f3w. Szczeg\u00f3\u0142y produktu: Wymiary (d\u0142ugo\u015b\u0107 x szeroko\u015b\u0107 x wysoko\u015b\u0107): 25 x 21 x 12 cm Prostok\u0105tny kszta\u0142t Praktyczny dodatek do domu Materia\u0142 i wskaz\u00f3wki dotycz\u0105ce piel\u0119gnacji: Materia\u0142: 100% [&hellip;]<\/p>\n","protected":false},"featured_media":9900,"comment_status":"closed","ping_status":"open","template":"","meta":[],"product_cat":[121,990],"product_tag":[676,847,651,588,708],"class_list":["post-9899","product","type-product","status-publish","has-post-thumbnail","hentry","product_cat-alvi","product_cat-skrzynie-i-pojemniki-na-zabawki","product_tag-bursztynek","product_tag-kolorowanki-pokemon","product_tag-quizy-online","product_tag-wzruszajace-slowa-dla-przyjaciela","product_tag-zabawy-ruchowe-dla-dzieci"],"_links":{"self":[{"href":"http:\/\/klubmamgdynia.pl\/index.php\/wp-json\/wp\/v2\/product\/9899","targetHints":{"allow":["GET"]}}],"collection":[{"href":"http:\/\/klubmamgdynia.pl\/index.php\/wp-json\/wp\/v2\/product"}],"about":[{"href":"http:\/\/klubmamgdynia.pl\/index.php\/wp-json\/wp\/v2\/types\/product"}],"replies":[{"embeddable":true,"href":"http:\/\/klubmamgdynia.pl\/index.php\/wp-json\/wp\/v2\/comments?post=9899"}],"wp:featuredmedia":[{"embeddable":true,"href":"http:\/\/klubmamgdynia.pl\/index.php\/wp-json\/wp\/v2\/media\/9900"}],"wp:attachment":[{"href":"http:\/\/klubmamgdynia.pl\/index.php\/wp-json\/wp\/v2\/media?parent=9899"}],"wp:term":[{"taxonomy":"product_cat","embeddable":true,"href":"http:\/\/klubmamgdynia.pl\/index.php\/wp-json\/wp\/v2\/product_cat?post=9899"},{"taxonomy":"product_tag","embeddable":true,"href":"http:\/\/klubmamgdynia.pl\/index.php\/wp-json\/wp\/v2\/product_tag?post=9899"}],"curies":[{"name":"wp","href":"https:\/\/api.w.org\/{rel}","templated":true}]}}