{"id":9905,"date":"2022-07-30T10:11:53","date_gmt":"2022-07-30T08:11:53","guid":{"rendered":"http:\/\/klubmamgdynia.pl\/index.php\/produkt\/beniamin-piornik-kosmetyczka-never-look-back\/"},"modified":"2026-05-17T20:53:15","modified_gmt":"2026-05-17T18:53:15","slug":"beniamin-piornik-kosmetyczka-never-look-back","status":"publish","type":"product","link":"http:\/\/klubmamgdynia.pl\/index.php\/produkt\/beniamin-piornik-kosmetyczka-never-look-back\/","title":{"rendered":"Beniamin Pi\u00f3rnik kosmetyczka Never Look Back"},"content":{"rendered":"<p>PI\u00d3RNIK KOSMETYCZKA 20x8x7 cm METALIZAKOLEKCJA METALIZA BLACK &amp; WHITEPrzedmiotem aukcji jest pi\u00f3rnik kosmetyczka marki Beniamin z serii Rexus.Pi\u00f3rnik ten jest w kolorach: czarny z metalizowan\u0105 grafik\u0105.S\u0142u\u017cy do przechowywania przybor\u00f3w szkolnym, kt\u00f3re s\u0105 niezb\u0119dne na zaj\u0119ciach.Pi\u00f3rnik jest w kszta\u0142cie prostok\u0105ta o wymiarach 20x8x7cm wykonany z p\u0142\u00f3tna, kt\u00f3ry w \u015brodku jest wy\u015bcielony poszewk\u0105.Zamykany jest na zamek b\u0142yskawiczny.PARAMETRY:Wymiary: 20x8x7 cmKszta\u0142t: Prostok\u0105tZamkni\u0119cie: Zamek b\u0142yskawicznyMateria\u0142 wykonania: P\u0142\u00f3tno (tkanina)<\/p>\n<h2>Beniamin Pi\u00f3rnik kosmetyczka Never Look Back Beniamin<\/h2>\n<p>bajki dla dzieci do czytania na dobranoc, prezent dla 14 letniej dziewczyny, zabawka na roczek, prezenty na urodziny dla nastolatk\u00f3w, kolorowanki antystresowe do druku, opis do zdj\u0119cia z dzieckiem, imiona postaci z bajek, quiz flagi, ry\u017c z owocami, pomysly na prima aprilis, literki do druku, bajka o smoku wawelskim, kolorowanki pikachu, koty rysunki, co\u015b dla nastolatk\u00f3w, fajne rzeczy dla nastolatk\u00f3w, jak narysowa\u0107 sanie miko\u0142aja, bajki na dobranoc dla dzieci, roczek prezent, ma\u0142y ksi\u0105\u017ce cytaty<\/p>\n<p>yyyyy<\/p>\n<p>&nbsp;<\/p>\n","protected":false},"excerpt":{"rendered":"<p>PI\u00d3RNIK KOSMETYCZKA 20x8x7 cm METALIZAKOLEKCJA METALIZA BLACK &amp; WHITEPrzedmiotem aukcji jest pi\u00f3rnik kosmetyczka marki Beniamin z serii Rexus.Pi\u00f3rnik ten jest w kolorach: czarny z metalizowan\u0105 grafik\u0105.S\u0142u\u017cy do przechowywania przybor\u00f3w szkolnym, kt\u00f3re s\u0105 niezb\u0119dne na zaj\u0119ciach.Pi\u00f3rnik jest w kszta\u0142cie prostok\u0105ta o wymiarach 20x8x7cm wykonany z p\u0142\u00f3tna, kt\u00f3ry w \u015brodku jest wy\u015bcielony poszewk\u0105.Zamykany jest na zamek b\u0142yskawiczny.PARAMETRY:Wymiary: [&hellip;]<\/p>\n","protected":false},"featured_media":9906,"comment_status":"closed","ping_status":"open","template":"","meta":[],"product_cat":[1376,976],"product_tag":[711,770,712],"class_list":["post-9905","product","type-product","status-publish","has-post-thumbnail","hentry","product_cat-beniamin","product_cat-piorniki","product_tag-prezenty-dla-nastolatkow","product_tag-samolot-z-papieru","product_tag-zagadki-o-zwierzetach"],"_links":{"self":[{"href":"http:\/\/klubmamgdynia.pl\/index.php\/wp-json\/wp\/v2\/product\/9905","targetHints":{"allow":["GET"]}}],"collection":[{"href":"http:\/\/klubmamgdynia.pl\/index.php\/wp-json\/wp\/v2\/product"}],"about":[{"href":"http:\/\/klubmamgdynia.pl\/index.php\/wp-json\/wp\/v2\/types\/product"}],"replies":[{"embeddable":true,"href":"http:\/\/klubmamgdynia.pl\/index.php\/wp-json\/wp\/v2\/comments?post=9905"}],"wp:featuredmedia":[{"embeddable":true,"href":"http:\/\/klubmamgdynia.pl\/index.php\/wp-json\/wp\/v2\/media\/9906"}],"wp:attachment":[{"href":"http:\/\/klubmamgdynia.pl\/index.php\/wp-json\/wp\/v2\/media?parent=9905"}],"wp:term":[{"taxonomy":"product_cat","embeddable":true,"href":"http:\/\/klubmamgdynia.pl\/index.php\/wp-json\/wp\/v2\/product_cat?post=9905"},{"taxonomy":"product_tag","embeddable":true,"href":"http:\/\/klubmamgdynia.pl\/index.php\/wp-json\/wp\/v2\/product_tag?post=9905"}],"curies":[{"name":"wp","href":"https:\/\/api.w.org\/{rel}","templated":true}]}}