{"id":9909,"date":"2011-12-02T01:59:23","date_gmt":"2011-12-02T00:59:23","guid":{"rendered":"http:\/\/klubmamgdynia.pl\/index.php\/produkt\/leki-passion-kije-nordic-walking-6492525120\/"},"modified":"2026-04-29T13:59:35","modified_gmt":"2026-04-29T11:59:35","slug":"leki-passion-kije-nordic-walking-6492525120","status":"publish","type":"product","link":"http:\/\/klubmamgdynia.pl\/index.php\/produkt\/leki-passion-kije-nordic-walking-6492525120\/","title":{"rendered":"Leki Passion Kije Nordic Walking 6492525120"},"content":{"rendered":"<p>Wykonane z aluminium 7075, kt\u00f3ry jest najlepszym materia\u0142em do budowy s\u0142up\u00f3w, jest odporne, dobrze dostosowane do specyfikacji mechanicznych przetwarzania r\u00f3\u017cnych komponent\u00f3w, a ponadto jest przyjazne dla natury, poniewa\u017c nadaje si\u0119 w ca\u0142o\u015bci do recyklingu. VIPOLE u\u017cywa wy\u0142\u0105cznie aluminium 7075.Aby zagwarantowa\u0107 ochron\u0119 przed czynnikami zewn\u0119trznymi, wszystkie elementy aluminiowe poddawane s\u0105 procesowi anodowania, co czyni je odpornymi na utlenianie i korozj\u0119. System blokowania TWISTLOCK osi\u0105ga najlepsze osi\u0105gi odporno\u015bci, jakie kiedykolwiek testowano, w ka\u017cdych warunkach atmosferycznych. Ten unikalny podw\u00f3jny ekspander zapewnia trwa\u0142o\u015b\u0107 i d\u0142ug\u0105 \u017cywotno\u015b\u0107 dzi\u0119ki sile rozpr\u0119\u017cania dw\u00f3ch metalowych cz\u0119\u015bci wsp\u00f3\u0142pracuj\u0105cych ze sob\u0105. Systemy szybkiego wypinania pask\u00f3w TOP-CLICK pozwalaj\u0105 szybko wcisn\u0105\u0107 i zwolni\u0107 pasek za pomoc\u0105 jednego palca.Pasek jest w ca\u0142o\u015bci wykonany we W\u0142oszech przy u\u017cyciu najlepszych materia\u0142\u00f3w dost\u0119pnych na rynku: cz\u0119\u015b\u0107 wewn\u0119trzna jest wykonana z mi\u0119kkiej, oddychaj\u0105cej poduszki, cz\u0119\u015b\u0107 zewn\u0119trzna jest z materia\u0142u o wysokiej odporno\u015bci, oddychaj\u0105cego r\u00f3wnie\u017c dla maksymalnego komfortu w lecie. Wszystkie szwy s\u0105 wykonane z nici nylonowej, metalowej klamry i sk\u00f3rzanej ochrony mi\u0119dzy palcami.<\/p>\n<h2>Leki Passion Kije Nordic Walking 6492525120 Leki<\/h2>\n<p>co kupi\u0107 dziecku na roczek, kiedy dzieci chodz\u0105 na halloween, bajki halloween, sing 2 multikino, wzory dyplom\u00f3w dyplomy do druku, piosenki o wakacjach, prezenty dla nastolatk\u00f3w do 50 z\u0142, milena, quizy ma\u0142y ksi\u0105\u017c\u0119<\/p>\n<p>yyyyy<\/p>\n<p>&nbsp;<\/p>\n","protected":false},"excerpt":{"rendered":"<p>Wykonane z aluminium 7075, kt\u00f3ry jest najlepszym materia\u0142em do budowy s\u0142up\u00f3w, jest odporne, dobrze dostosowane do specyfikacji mechanicznych przetwarzania r\u00f3\u017cnych komponent\u00f3w, a ponadto jest przyjazne dla natury, poniewa\u017c nadaje si\u0119 w ca\u0142o\u015bci do recyklingu. VIPOLE u\u017cywa wy\u0142\u0105cznie aluminium 7075.Aby zagwarantowa\u0107 ochron\u0119 przed czynnikami zewn\u0119trznymi, wszystkie elementy aluminiowe poddawane s\u0105 procesowi anodowania, co czyni je odpornymi [&hellip;]<\/p>\n","protected":false},"featured_media":9910,"comment_status":"closed","ping_status":"open","template":"","meta":[],"product_cat":[1856,1857],"product_tag":[859,749,830,869],"class_list":["post-9909","product","type-product","status-publish","has-post-thumbnail","hentry","product_cat-leki","product_cat-trekking-i-nordic-walking","product_tag-dobranoc-pchly-na-noc","product_tag-najlepsze-zarty-na-prima-aprilis","product_tag-rodzina-cytaty","product_tag-zagadki-na-logike"],"_links":{"self":[{"href":"http:\/\/klubmamgdynia.pl\/index.php\/wp-json\/wp\/v2\/product\/9909","targetHints":{"allow":["GET"]}}],"collection":[{"href":"http:\/\/klubmamgdynia.pl\/index.php\/wp-json\/wp\/v2\/product"}],"about":[{"href":"http:\/\/klubmamgdynia.pl\/index.php\/wp-json\/wp\/v2\/types\/product"}],"replies":[{"embeddable":true,"href":"http:\/\/klubmamgdynia.pl\/index.php\/wp-json\/wp\/v2\/comments?post=9909"}],"wp:featuredmedia":[{"embeddable":true,"href":"http:\/\/klubmamgdynia.pl\/index.php\/wp-json\/wp\/v2\/media\/9910"}],"wp:attachment":[{"href":"http:\/\/klubmamgdynia.pl\/index.php\/wp-json\/wp\/v2\/media?parent=9909"}],"wp:term":[{"taxonomy":"product_cat","embeddable":true,"href":"http:\/\/klubmamgdynia.pl\/index.php\/wp-json\/wp\/v2\/product_cat?post=9909"},{"taxonomy":"product_tag","embeddable":true,"href":"http:\/\/klubmamgdynia.pl\/index.php\/wp-json\/wp\/v2\/product_tag?post=9909"}],"curies":[{"name":"wp","href":"https:\/\/api.w.org\/{rel}","templated":true}]}}