{"id":9911,"date":"2013-08-12T15:48:37","date_gmt":"2013-08-12T13:48:37","guid":{"rendered":"http:\/\/klubmamgdynia.pl\/index.php\/produkt\/hulajnoga-yedoo-wolfer-2020-28-20-czerwony\/"},"modified":"2026-04-06T02:31:50","modified_gmt":"2026-04-06T00:31:50","slug":"hulajnoga-yedoo-wolfer-2020-28-20-czerwony","status":"publish","type":"product","link":"http:\/\/klubmamgdynia.pl\/index.php\/produkt\/hulajnoga-yedoo-wolfer-2020-28-20-czerwony\/","title":{"rendered":"Hulajnoga Yedoo Wolfer 2020 28 20&#8243; Czerwony"},"content":{"rendered":"<p>Mo\u017cesz wygra\u0107 dowolny wy\u015bcig. Mo\u017cesz zosta\u0107 mistrzem \u015bwiata i je\u017adzi\u0107 hulajnog\u0105 przez 24 godziny. B\u0119dziesz je\u017adzi\u0142 tak szybko, \u017ce b\u0119dziesz wiedzia\u0142, \u017ce dzieje si\u0119 co\u015b wyj\u0105tkowego. Znakomita geometria i aerodynamika, idealna rama o optymalnej sztywno\u015bci, wystarczaj\u0105ca przestrze\u0144 dla u\u017cytkownika, niski pok\u0142ad i komponenty najwy\u017cszej jako\u015bci. Yedoo Wolfer jest drapie\u017cnikiem.Hulajnoga Yedoo Wolfer 2020 to hulajnoga szosowa z aluminiow\u0105 ram\u0105, kt\u00f3ra jest nie tylko lekka, ale tak\u017ce sztywna. Du\u017ce, 28-calowe ko\u0142o przednie sprawia, \u017ce hulajnoga nadaje si\u0119 nie tylko do d\u0142ugodystansowych, utwardzonych dr\u00f3g, ale tak\u017ce do jazdy do szko\u0142y i\/lub pracy. Ponadto posiada wysokiej jako\u015bci hamulce V-brake, w\u0105skie opony Kenda i kierownic\u0119 z rogami o regulowanej wysoko\u015bci dla lepszej przyczepno\u015bci. Poniewa\u017c wa\u017cy zaledwie 6,9 kg, hulajnoga Yedoo Wolfer jest wyj\u0105tkowo lekka i dlatego skuteczna.Opis techniczny:RamaYedoo Alloy II.WidelecYedoo Alloy II.TrzonStop UNO 3DHeadsetStop NECO 1 1\/8 &#8222;AHEADKierownicaOversize ze stopu UNO 3DUchwyty kierownicyPianka XHH V3Kierownica BullhornPROMAX \/ TRANZ-X ergoD\u017awignie hamulcaTEKTRO EclipseHamulceHamulec szcz\u0119kowy stop TEKTRO \/ stop TEKTRO 102 mm \u201eV\u201dKo\u0142a28 &#8222;\/ 20&#8243;Obr\u0119czeDwu\u015bcienne ze stopu HJC + CNCPiastyNOVATEC RoadSzeroko\u015b\u0107 piasty (prz\u00f3d \/ ty\u0142)100\/74 mm\u0141o\u017cyskaprzemys\u0142oweSzybko zwalniane d\u017awignie (prz\u00f3d \/ ty\u0142)tak \/ takOpony (prz\u00f3d \/ ty\u0142)KENDA (60TPI, os\u0142ona kevlarowa)Maks. Inflacja (prz\u00f3d \/ ty\u0142)8,5 bar \/ 7 barPrzystosowanie do uchwytu na butelk\u0119 z wod\u01052xElementy odblaskoweNa przednim widelcuWaga6,9 kgD\u0142ugo\u015b\u0107173 cmPok\u0142ad40 cmWysoko\u015b\u0107 kierownicy86 &#8211; 92 cmSzeroko\u015b\u0107 kierownicy60 cmWysoko\u015b\u0107 prze\u015bwitu (g\u00f3ra \/ d\u00f3\u0142)3,2 \/ 5,2 cmWysoko\u015b\u0107 pok\u0142adu od ziemi (pozycja g\u00f3rna \/ dolna)5,9 \/ 7,9 cmPrzestrze\u0144 dla u\u017cytkownika68 cmMinimalny wzrost u\u017cytkownika150 cmMaksymalna waga u\u017cytkownika120 kg<\/p>\n<h2>Hulajnoga Yedoo Wolfer 2020 28 20&#8243; Czerwony Yedoo<\/h2>\n<p>rysunki dla pocz\u0105tkuj\u0105cych, bajka o emocjach, mandale do druku, miko\u0142ajki dla dzieci warszawa 2021, co kupic na roczek, quiz o miko\u0142ajku, \u015bmieszne zagadki dla dzieci, pomys\u0142 na prezent dla 15 latki, ninjago kolorowanki, kolorowanki dla dziewczynek, zagadki o zawodach<\/p>\n<p>yyyyy<\/p>\n<p>&nbsp;<\/p>\n","protected":false},"excerpt":{"rendered":"<p>Mo\u017cesz wygra\u0107 dowolny wy\u015bcig. Mo\u017cesz zosta\u0107 mistrzem \u015bwiata i je\u017adzi\u0107 hulajnog\u0105 przez 24 godziny. B\u0119dziesz je\u017adzi\u0142 tak szybko, \u017ce b\u0119dziesz wiedzia\u0142, \u017ce dzieje si\u0119 co\u015b wyj\u0105tkowego. Znakomita geometria i aerodynamika, idealna rama o optymalnej sztywno\u015bci, wystarczaj\u0105ca przestrze\u0144 dla u\u017cytkownika, niski pok\u0142ad i komponenty najwy\u017cszej jako\u015bci. Yedoo Wolfer jest drapie\u017cnikiem.Hulajnoga Yedoo Wolfer 2020 to hulajnoga szosowa [&hellip;]<\/p>\n","protected":false},"featured_media":9912,"comment_status":"closed","ping_status":"open","template":"","meta":[],"product_cat":[1853,1858],"product_tag":[729,594,630,710,712,725],"class_list":["post-9911","product","type-product","status-publish","has-post-thumbnail","hentry","product_cat-hulajnogi","product_cat-yedoo","product_tag-madre-bajki-dla-dzieci-do-czytania","product_tag-podchwytliwe-zagadki-dla-dzieci","product_tag-podchwytliwe-zagadki-z-odpowiedziami","product_tag-zagadki-dla-dzieci-10-12-lat","product_tag-zagadki-o-zwierzetach","product_tag-zgadywanki"],"_links":{"self":[{"href":"http:\/\/klubmamgdynia.pl\/index.php\/wp-json\/wp\/v2\/product\/9911","targetHints":{"allow":["GET"]}}],"collection":[{"href":"http:\/\/klubmamgdynia.pl\/index.php\/wp-json\/wp\/v2\/product"}],"about":[{"href":"http:\/\/klubmamgdynia.pl\/index.php\/wp-json\/wp\/v2\/types\/product"}],"replies":[{"embeddable":true,"href":"http:\/\/klubmamgdynia.pl\/index.php\/wp-json\/wp\/v2\/comments?post=9911"}],"wp:featuredmedia":[{"embeddable":true,"href":"http:\/\/klubmamgdynia.pl\/index.php\/wp-json\/wp\/v2\/media\/9912"}],"wp:attachment":[{"href":"http:\/\/klubmamgdynia.pl\/index.php\/wp-json\/wp\/v2\/media?parent=9911"}],"wp:term":[{"taxonomy":"product_cat","embeddable":true,"href":"http:\/\/klubmamgdynia.pl\/index.php\/wp-json\/wp\/v2\/product_cat?post=9911"},{"taxonomy":"product_tag","embeddable":true,"href":"http:\/\/klubmamgdynia.pl\/index.php\/wp-json\/wp\/v2\/product_tag?post=9911"}],"curies":[{"name":"wp","href":"https:\/\/api.w.org\/{rel}","templated":true}]}}