{"id":9929,"date":"2024-12-03T00:57:17","date_gmt":"2024-12-02T23:57:17","guid":{"rendered":"http:\/\/klubmamgdynia.pl\/?post_type=product&#038;p=9929"},"modified":"2026-04-23T02:58:52","modified_gmt":"2026-04-23T00:58:52","slug":"lena-norimpex-diamentowa-mozaika-tancerka-w-kwiatach-7010-no1007010","status":"publish","type":"product","link":"http:\/\/klubmamgdynia.pl\/index.php\/produkt\/lena-norimpex-diamentowa-mozaika-tancerka-w-kwiatach-7010-no1007010\/","title":{"rendered":"Lena Norimpex Diamentowa Mozaika Tancerka W Kwiatach 7010 (NO1007010)"},"content":{"rendered":"<h2>Lena Norimpex Diamentowa Mozaika Tancerka W Kwiatach 7010 (NO1007010) Lena<\/h2>\n<p>cytat o dziecku, pu\u0142tusk atrakcje dla dzieci, marcel imie, pomys\u0142 na prezent dla 15 latki, fajne zagadki, na wyspach bergamutach, platformy edukacyjne dla dzieci, wzory zaprosze\u0144 zaproszenie na urodziny do druku pdf, quiz o zwierz\u0119tach domowych, wielkanocne zagadki dla dzieci, cytaty dla mamy od c\u00f3rki<\/p>\n<p>yyyyy<\/p>\n<p>&nbsp;<\/p>\n","protected":false},"excerpt":{"rendered":"<p>Lena Norimpex Diamentowa Mozaika Tancerka W Kwiatach 7010 (NO1007010) Lena cytat o dziecku, pu\u0142tusk atrakcje dla dzieci, marcel imie, pomys\u0142 na prezent dla 15 latki, fajne zagadki, na wyspach bergamutach, platformy edukacyjne dla dzieci, wzory zaprosze\u0144 zaproszenie na urodziny do druku pdf, quiz o zwierz\u0119tach domowych, wielkanocne zagadki dla dzieci, cytaty dla mamy od c\u00f3rki [&hellip;]<\/p>\n","protected":false},"featured_media":9930,"comment_status":"closed","ping_status":"open","template":"","meta":[],"product_cat":[531,1865],"product_tag":[610,853,624,841],"class_list":["post-9929","product","type-product","status-publish","has-post-thumbnail","hentry","product_cat-lena","product_cat-pozostale-rekodzielo","product_tag-co-na-prezent-dla-nastolatkow","product_tag-kolorowanki-do-druku-dla-doroslych","product_tag-krotkie-zagadki","product_tag-quiz-o-flagach"],"_links":{"self":[{"href":"http:\/\/klubmamgdynia.pl\/index.php\/wp-json\/wp\/v2\/product\/9929","targetHints":{"allow":["GET"]}}],"collection":[{"href":"http:\/\/klubmamgdynia.pl\/index.php\/wp-json\/wp\/v2\/product"}],"about":[{"href":"http:\/\/klubmamgdynia.pl\/index.php\/wp-json\/wp\/v2\/types\/product"}],"replies":[{"embeddable":true,"href":"http:\/\/klubmamgdynia.pl\/index.php\/wp-json\/wp\/v2\/comments?post=9929"}],"wp:featuredmedia":[{"embeddable":true,"href":"http:\/\/klubmamgdynia.pl\/index.php\/wp-json\/wp\/v2\/media\/9930"}],"wp:attachment":[{"href":"http:\/\/klubmamgdynia.pl\/index.php\/wp-json\/wp\/v2\/media?parent=9929"}],"wp:term":[{"taxonomy":"product_cat","embeddable":true,"href":"http:\/\/klubmamgdynia.pl\/index.php\/wp-json\/wp\/v2\/product_cat?post=9929"},{"taxonomy":"product_tag","embeddable":true,"href":"http:\/\/klubmamgdynia.pl\/index.php\/wp-json\/wp\/v2\/product_tag?post=9929"}],"curies":[{"name":"wp","href":"https:\/\/api.w.org\/{rel}","templated":true}]}}