{"id":9933,"date":"2013-06-19T08:12:24","date_gmt":"2013-06-19T06:12:24","guid":{"rendered":"http:\/\/klubmamgdynia.pl\/index.php\/produkt\/hulajnoga-madd-gear-mgp-mgx-p1-pro-teal-pink\/"},"modified":"2026-04-06T14:21:39","modified_gmt":"2026-04-06T12:21:39","slug":"hulajnoga-madd-gear-mgp-mgx-p1-pro-teal-pink","status":"publish","type":"product","link":"http:\/\/klubmamgdynia.pl\/index.php\/produkt\/hulajnoga-madd-gear-mgp-mgx-p1-pro-teal-pink\/","title":{"rendered":"Hulajnoga Madd Gear Mgp Mgx P1 Pro Teal Pink"},"content":{"rendered":"<p>Hulajnoga wyczynowa MGX P1 Pro najwa\u017cniejsze cechy: Waga: 3,30 kg Wysoko\u015b\u0107 ca\u0142kowita (od ziemi do szczytu kierownicy): 81,9 cm Podest aluminiowy: d\u0142ugo\u015b\u0107: 49,5 cm, szeroko\u015b\u0107: 11,4 cm Kierownica: 4031 Cr-Mo Japan, wysoko\u015b\u0107: 58,4 cm, szeroko\u015b\u0107: 53,3 cm Widelec: 6061 Aluminium System kompresji: IHC K\u00f3\u0142ka: 120 mm MGP jest liderem w robieniu hulajn\u00f3g wyczynowych. Ich szalone pomys\u0142y s\u0105 poparte wiedz\u0105 i do\u015bwiadczeniem najlepszych rider\u00f3w na \u015bwiecie. Nic dziwnego, \u017ce ich produkty bij\u0105 rekordy popularno\u015bci na ca\u0142ym \u015bwiecie. Tym razem MGP wypu\u015bci\u0142 na rynek hulajnog\u0119 MGX P1 Pro, kt\u00f3rej poprzedniczka by\u0142a najlepiej sprzedaj\u0105cym si\u0119 modelem na \u015bwiecie. Nowy scooter od MGP sk\u0142ada si\u0119 z wysokiej jako\u015bci cz\u0119\u015bci, kt\u00f3re od razu po otwarciu pude\u0142ka tworz\u0105 kompletn\u0105 profesjonaln\u0105 hulajnog\u0119. Podest do hulajnogi jest zrobiony z wysokiej jako\u015bci aluminium, dwukrotnie utwardzanego cieplnie dla jeszcze wi\u0119kszej odporno\u015bci na uszkodzenia. Dzi\u0119ki temu ta hulajnoga zniesie najbardziej szalone akrobacje. System kompresji IHC daje moce po\u0142\u0105czenie. Wszystkie elementy tj. kierownica hulajnogi z japo\u0144skiej stali, firmowe stery MFX, alumnowi widelec, zapewni\u0105 precyzj\u0119 w manewrowaniu i stabiln\u0105 jazd\u0119. Ca\u0142a konstrukcja jest lekka wa\u017cy zaledwie 3,3 kg. \u0141atwo jest ni\u0105 operowa\u0107 podczas trik\u00f3w i podnosze\u0144. Ca\u0142o\u015b\u0107 wie\u0144czy szalona kolorystyka MGP. Katuj \u015bmia\u0142o swoj\u0105 now\u0105 MGP MGX P1 Pro w parku i na streecie, w domu trzymaj j\u0105 w stojaku, bezpiecznie transportuj w plecaku, a kiedy masz j\u0105 zostawi\u0107 sam\u0105 zabezpiecz przed kradzie\u017c\u0105. Hulajnoga mo\u017ce przyjecha\u0107 do Ciebie z\u0142o\u017cona gotowa do jazdy, zaznacz pole \u201eZ\u0142o\u017cenie hulajnogi \u2014 Tak, poprosz\u0119\u201d przy dodawaniu produktu do koszyka. Hulajnoga MGX P1 PRO szczeg\u00f3\u0142owa specyfikacja techniczna: MGP Podest: MGX 6061 aluminium Dwukrotnie utwardzany cieplnie Wymiary: d\u0142ugo\u015b\u0107 495 mm (19.5\u201d), szeroko\u015b\u0107 114 mm (4.5\u201d) Wyci\u0119cia dla zmniejszenia wagi Odlewana g\u0142\u00f3wka i \u0142\u0105czenie z podestem MGX z charakterystycznym znakiem \u201ex\u201d Stery zintegrowane MFX Kierownica do hulajnogi wyczynowej: MGP Low-Riser 4031 Cr-Mo Japan Wymiary: wysoko\u015b\u0107 584 mm (23\u201d), szeroko\u015b\u0107 533 mm (21\u201d) \u015arednica zewn\u0119trzna 32 mm (standard) Widelec do hulajnogi: MFX voltage 6061 aluminium System kompresji: IHC Zacisk MFX: MFX Cobra X2 Aluminium Double \/ podw\u00f3jny Dwie \u015bruby typu bolt 6 mm K\u00f3\u0142ka do hulajnogi: MFX Corrupt Holographic 120 mm x 24 mm Rdze\u0144: hollow 2-tone MGP proprietary polyurethane blend Gripy do hulajnogi: MGP TPR Swirls 150 mm Hamulec do hulajnogi wyczynowej: MFX V 3 composite blitz Flex fender Kolor: Teal Pink<\/p>\n<h2>Hulajnoga Madd Gear Mgp Mgx P1 Pro Teal Pink Madd Gear<\/h2>\n<p>zagadki wielkanocne przedszkole, sentencje ma\u0142y ksi\u0105\u017ce cytaty, kolorowanka pies, bajki dla dzieci do czytania na dobranoc, lamiglowki slowne, bo\u017ce narodzenie (film), minecraft quiz, test z lektury kajko i kokosz szko\u0142a latania, quizy hobbit, papuga kolorowanka, prezent dla nastolatk\u00f3w, gra kulki, teksty o rodzinie, w\u0142ochy, carmen imi\u0119, opis do zdj\u0119cia z dzieckiem, ilona, prezenty dla nastolatk\u00f3w, jacek<\/p>\n<p>yyyyy<\/p>\n<p>&nbsp;<\/p>\n","protected":false},"excerpt":{"rendered":"<p>Hulajnoga wyczynowa MGX P1 Pro najwa\u017cniejsze cechy: Waga: 3,30 kg Wysoko\u015b\u0107 ca\u0142kowita (od ziemi do szczytu kierownicy): 81,9 cm Podest aluminiowy: d\u0142ugo\u015b\u0107: 49,5 cm, szeroko\u015b\u0107: 11,4 cm Kierownica: 4031 Cr-Mo Japan, wysoko\u015b\u0107: 58,4 cm, szeroko\u015b\u0107: 53,3 cm Widelec: 6061 Aluminium System kompresji: IHC K\u00f3\u0142ka: 120 mm MGP jest liderem w robieniu hulajn\u00f3g wyczynowych. Ich szalone [&hellip;]<\/p>\n","protected":false},"featured_media":9934,"comment_status":"closed","ping_status":"open","template":"","meta":[],"product_cat":[1853,1866],"product_tag":[831,626,847,768],"class_list":["post-9933","product","type-product","status-publish","has-post-thumbnail","hentry","product_cat-hulajnogi","product_cat-madd-gear","product_tag-bruno","product_tag-jacek","product_tag-kolorowanki-pokemon","product_tag-krotkie-zagadki-logiczne"],"_links":{"self":[{"href":"http:\/\/klubmamgdynia.pl\/index.php\/wp-json\/wp\/v2\/product\/9933","targetHints":{"allow":["GET"]}}],"collection":[{"href":"http:\/\/klubmamgdynia.pl\/index.php\/wp-json\/wp\/v2\/product"}],"about":[{"href":"http:\/\/klubmamgdynia.pl\/index.php\/wp-json\/wp\/v2\/types\/product"}],"replies":[{"embeddable":true,"href":"http:\/\/klubmamgdynia.pl\/index.php\/wp-json\/wp\/v2\/comments?post=9933"}],"wp:featuredmedia":[{"embeddable":true,"href":"http:\/\/klubmamgdynia.pl\/index.php\/wp-json\/wp\/v2\/media\/9934"}],"wp:attachment":[{"href":"http:\/\/klubmamgdynia.pl\/index.php\/wp-json\/wp\/v2\/media?parent=9933"}],"wp:term":[{"taxonomy":"product_cat","embeddable":true,"href":"http:\/\/klubmamgdynia.pl\/index.php\/wp-json\/wp\/v2\/product_cat?post=9933"},{"taxonomy":"product_tag","embeddable":true,"href":"http:\/\/klubmamgdynia.pl\/index.php\/wp-json\/wp\/v2\/product_tag?post=9933"}],"curies":[{"name":"wp","href":"https:\/\/api.w.org\/{rel}","templated":true}]}}