{"id":9955,"date":"2016-09-05T15:14:07","date_gmt":"2016-09-05T13:14:07","guid":{"rendered":"http:\/\/klubmamgdynia.pl\/index.php\/produkt\/zagatto-zg90-czarny\/"},"modified":"2026-04-06T02:12:20","modified_gmt":"2026-04-06T00:12:20","slug":"zagatto-zg90-czarny","status":"publish","type":"product","link":"http:\/\/klubmamgdynia.pl\/index.php\/produkt\/zagatto-zg90-czarny\/","title":{"rendered":"Zagatto ZG90 Czarny"},"content":{"rendered":"<p>Zagatto ZG90 CzarnyIdealny plecak dla mi\u0142o\u015bnik\u00f3w wycieczek rowerowych i biegania lub na co dzie\u0144.\u00a0Idealnie wsp\u00f3\u0142gra ze sportowymi stylizacjami. Plecak mo\u017cna bardzo \u0142atwo zak\u0142ada\u0107 dzi\u0119ki szybko z\u0142\u0105czce znajduj\u0105cej si\u0119 w szelce. G\u0142\u00f3wna komora zamykana na zamek b\u0142yskawiczny. Plecak Zagatto ZG90 jest niezwykle lekki i posiada\u00a0odblaskowe paski z przodu &#8211; dla Twojego bezpiecze\u0144stwa.                            <\/p>\n<p>Cechy produktu:Kolekcja: Basic Air ZagattoModel: ZG90Marka: Zagatto\u00aeMateria\u0142: nylon i poliesterKolor: czarnyKolor zamk\u00f3w: czarnyWymiary: wysoko\u015b\u0107 39 cm, szeroko\u015b\u0107 22 cm, g\u0142\u0119boko\u015b\u0107 15 cmIlo\u015b\u0107 kom\u00f3r: 1Ilo\u015b\u0107 kieszeni: 2Szelki: z g\u0105beczk\u0105 i oddychaj\u0105c\u0105 siateczk\u0105; regulowane, na klipsyZapi\u0119cie: suwakZabezpieczenia: odblaskowy pasek na przedzie dla wi\u0119kszej widoczno\u015bci na drodze po zmroku                            <\/p>\n<p>Nowy wymiar wygodyTen model ma jedn\u0105 du\u017c\u0105 komor\u0119, ale jest niezwykle pojemny. Wn\u0119trze pozwoli Ci zmie\u015bci\u0107 wszystkie potrzebne rzeczy!\u00a0W \u015brodku znajdziesz 1 du\u017c\u0105 otwart\u0105 komor\u0119 + kiesze\u0144.Szelki to podstawaPrzy kupnie plecaka nale\u017cy zawsze zwraca\u0107 uwag\u0119 na konstrukcj\u0119 szelek &#8211; bez tego nie ma mowy o wygodzie.Szelki w tym produkcie:wy\u015bcie\u0142ane s\u0105 mi\u0119kk\u0105 g\u0105beczk\u0105od do\u0142u &#8211; oddychaj\u0105ca siateczkaregulowanezapinane na wytrzyma\u0142e, lekki klipsy<\/p>\n<h2>Zagatto ZG90 Czarny Zagatto<\/h2>\n<p>kolorowanka spiderman, maski zwierz\u0105t szablony do druku, zagadki wiosenne dla dzieci, rysunki krok po kroku, zagadki dla sze\u015bciolatk\u00f3w, zagadki dla starszych dzieci, prezenty na roczek dla dziewczynki, ciekawe zagadki i odpowiedzi<\/p>\n<p>yyyyy<\/p>\n<p>&nbsp;<\/p>\n","protected":false},"excerpt":{"rendered":"<p>Zagatto ZG90 CzarnyIdealny plecak dla mi\u0142o\u015bnik\u00f3w wycieczek rowerowych i biegania lub na co dzie\u0144.\u00a0Idealnie wsp\u00f3\u0142gra ze sportowymi stylizacjami. Plecak mo\u017cna bardzo \u0142atwo zak\u0142ada\u0107 dzi\u0119ki szybko z\u0142\u0105czce znajduj\u0105cej si\u0119 w szelce. G\u0142\u00f3wna komora zamykana na zamek b\u0142yskawiczny. Plecak Zagatto ZG90 jest niezwykle lekki i posiada\u00a0odblaskowe paski z przodu &#8211; dla Twojego bezpiecze\u0144stwa. Cechy produktu:Kolekcja: Basic Air [&hellip;]<\/p>\n","protected":false},"featured_media":9956,"comment_status":"closed","ping_status":"open","template":"","meta":[],"product_cat":[1706,1872],"product_tag":[618,731,739,721],"class_list":["post-9955","product","type-product","status-publish","has-post-thumbnail","hentry","product_cat-plecaki","product_cat-zagatto","product_tag-lato-lato-lato-czeka-tekst","product_tag-maly-ksiaze-cytaty","product_tag-prima-aprilis-w-szkole","product_tag-zagadki-matematyczne"],"_links":{"self":[{"href":"http:\/\/klubmamgdynia.pl\/index.php\/wp-json\/wp\/v2\/product\/9955","targetHints":{"allow":["GET"]}}],"collection":[{"href":"http:\/\/klubmamgdynia.pl\/index.php\/wp-json\/wp\/v2\/product"}],"about":[{"href":"http:\/\/klubmamgdynia.pl\/index.php\/wp-json\/wp\/v2\/types\/product"}],"replies":[{"embeddable":true,"href":"http:\/\/klubmamgdynia.pl\/index.php\/wp-json\/wp\/v2\/comments?post=9955"}],"wp:featuredmedia":[{"embeddable":true,"href":"http:\/\/klubmamgdynia.pl\/index.php\/wp-json\/wp\/v2\/media\/9956"}],"wp:attachment":[{"href":"http:\/\/klubmamgdynia.pl\/index.php\/wp-json\/wp\/v2\/media?parent=9955"}],"wp:term":[{"taxonomy":"product_cat","embeddable":true,"href":"http:\/\/klubmamgdynia.pl\/index.php\/wp-json\/wp\/v2\/product_cat?post=9955"},{"taxonomy":"product_tag","embeddable":true,"href":"http:\/\/klubmamgdynia.pl\/index.php\/wp-json\/wp\/v2\/product_tag?post=9955"}],"curies":[{"name":"wp","href":"https:\/\/api.w.org\/{rel}","templated":true}]}}