{"id":9959,"date":"2015-01-31T21:50:30","date_gmt":"2015-01-31T20:50:30","guid":{"rendered":"http:\/\/klubmamgdynia.pl\/index.php\/produkt\/ses-creative-3-in-1-kreatywny-zestaw-modnych-tatuaz\/"},"modified":"2026-04-05T18:47:28","modified_gmt":"2026-04-05T16:47:28","slug":"ses-creative-3-in-1-kreatywny-zestaw-modnych-tatuaz","status":"publish","type":"product","link":"http:\/\/klubmamgdynia.pl\/index.php\/produkt\/ses-creative-3-in-1-kreatywny-zestaw-modnych-tatuaz\/","title":{"rendered":"Ses Creative 3 In 1 Kreatywny Zestaw Modnych Tatua\u017c"},"content":{"rendered":"<p>Ten luksusowy zestaw kosmetyczny 3 w 1 od SES Creative pozwala ozdobi\u0107 si\u0119 najpi\u0119kniejszymi modnymi tatua\u017cami. Ten zestaw zawiera wspania\u0142e metaliczne tatua\u017ce, przezroczyste tatua\u017ce naklejane na sk\u00f3r\u0119 do samodzielnego posypania r\u00f3\u017cnymi jaskrawymi brokatami oraz specjalny klej do sk\u00f3ry, dzi\u0119ki kt\u00f3remu przykleisz diamencik. U\u017cyj te\u017c kleju, aby napisa\u0107 swoje imi\u0119 lub stw\u00f3rz w\u0142asny rysunek na sk\u00f3rze, a nast\u0119pnie posyp go brokatem lub przyklej luksusowe diamenty. W mgnieniu oka b\u0119dziesz wygl\u0105da\u0107 naprawd\u0119 pi\u0119knie! Testowany dermatologicznie i \u0142atwy do zmywania ze sk\u00f3ry.Dla dzieci w wieku od 5 lat<\/p>\n<h2>Ses Creative 3 In 1 Kreatywny Zestaw Modnych Tatua\u017c Ses Creative<\/h2>\n<p>platformy edukacyjne, zagadki o zwierz\u0119tach wiejskich, romantyczna bajka na dobranoc, tezeusz, ahmed, lol surprise kolorowanka, iwo imie, prezent dla nastolatki, zagadki dla dzieci 7-8 lat, samolot kolorowanka, znaczenie imienia marcel, adrian imie, rzadkie imiona japo\u0144skie, sentencje o dzieciach, anastazja imi\u0119, znaczenie imiona alan, liwia znaczenie imienia<\/p>\n<p>yyyyy<\/p>\n<p>&nbsp;<\/p>\n","protected":false},"excerpt":{"rendered":"<p>Ten luksusowy zestaw kosmetyczny 3 w 1 od SES Creative pozwala ozdobi\u0107 si\u0119 najpi\u0119kniejszymi modnymi tatua\u017cami. Ten zestaw zawiera wspania\u0142e metaliczne tatua\u017ce, przezroczyste tatua\u017ce naklejane na sk\u00f3r\u0119 do samodzielnego posypania r\u00f3\u017cnymi jaskrawymi brokatami oraz specjalny klej do sk\u00f3ry, dzi\u0119ki kt\u00f3remu przykleisz diamencik. U\u017cyj te\u017c kleju, aby napisa\u0107 swoje imi\u0119 lub stw\u00f3rz w\u0142asny rysunek na sk\u00f3rze, [&hellip;]<\/p>\n","protected":false},"featured_media":9960,"comment_status":"closed","ping_status":"open","template":"","meta":[],"product_cat":[1072,21],"product_tag":[622,784,808,730,601,796],"class_list":["post-9959","product","type-product","status-publish","has-post-thumbnail","hentry","product_cat-ses-creative","product_cat-zabawki-plastyczne","product_tag-fajne-zagadki","product_tag-hymn-gorniczy","product_tag-imie-mia","product_tag-karyna","product_tag-zagadki-co-to-jest","product_tag-zagatki"],"_links":{"self":[{"href":"http:\/\/klubmamgdynia.pl\/index.php\/wp-json\/wp\/v2\/product\/9959","targetHints":{"allow":["GET"]}}],"collection":[{"href":"http:\/\/klubmamgdynia.pl\/index.php\/wp-json\/wp\/v2\/product"}],"about":[{"href":"http:\/\/klubmamgdynia.pl\/index.php\/wp-json\/wp\/v2\/types\/product"}],"replies":[{"embeddable":true,"href":"http:\/\/klubmamgdynia.pl\/index.php\/wp-json\/wp\/v2\/comments?post=9959"}],"wp:featuredmedia":[{"embeddable":true,"href":"http:\/\/klubmamgdynia.pl\/index.php\/wp-json\/wp\/v2\/media\/9960"}],"wp:attachment":[{"href":"http:\/\/klubmamgdynia.pl\/index.php\/wp-json\/wp\/v2\/media?parent=9959"}],"wp:term":[{"taxonomy":"product_cat","embeddable":true,"href":"http:\/\/klubmamgdynia.pl\/index.php\/wp-json\/wp\/v2\/product_cat?post=9959"},{"taxonomy":"product_tag","embeddable":true,"href":"http:\/\/klubmamgdynia.pl\/index.php\/wp-json\/wp\/v2\/product_tag?post=9959"}],"curies":[{"name":"wp","href":"https:\/\/api.w.org\/{rel}","templated":true}]}}