{"id":996,"date":"2016-11-06T01:07:13","date_gmt":"2016-11-06T00:07:13","guid":{"rendered":"http:\/\/klubmamgdynia.pl\/index.php\/produkt\/lol-surprise-omg-lalka-fashion-swag-560548\/"},"modified":"2026-04-30T21:20:40","modified_gmt":"2026-04-30T19:20:40","slug":"lol-surprise-omg-lalka-fashion-swag-560548","status":"publish","type":"product","link":"http:\/\/klubmamgdynia.pl\/index.php\/produkt\/lol-surprise-omg-lalka-fashion-swag-560548\/","title":{"rendered":"LOL Surprise OMG Lalka Fashion Swag 560548"},"content":{"rendered":"<p>L.O.L Surprise O.M.G. Lalka Fashion Swag                            <\/p>\n<p>Nadchodz\u0105 L.O.L. Surprise O.M.G. \u2013 najnowsze odkrycie sezonu! Modne,<br \/>\nodwa\u017cne, zwariowane\u2026 i wi\u0119ksze siostry znanych laleczek L.O.L. Surprise. Czy wy<br \/>\nte\u017c oszaleli\u015bcie na ich punkcie? O tak, LOL Surprise O.M.G. nie pozwol\u0105 nikomu<br \/>\nprzej\u015b\u0107 oboj\u0119tnie. Maj\u0105 wspania\u0142e stroje i akcesoria modowe, kt\u00f3re spakowano w<br \/>\npude\u0142eczka i pokrowce, a ich absolutnie przepi\u0119knie wystylizowane fryzury i<br \/>\nmakija\u017ce, zachwycaj\u0105 kolorystyk\u0105 i oryginalno\u015bci\u0105. Czy jeste\u015bcie gotowe na tak\u0105<br \/>\ndawk\u0119 niespodzianek z LOL Surprise O.M.G.?L.O.L. Surprise O.M.G.\u00a0to zabawa w odkrywanie z lalk\u0105 typu<br \/>\n\u201efashion\u201d. Opakowanie skonstruowano tak, by dziewczynki na ka\u017cdym etapie<br \/>\nrozpakowywania kolejnych niespodzianek czu\u0142y dreszczyk emocji, otwieraj\u0105c a\u017c 20<br \/>\nr\u00f3\u017cnych element\u00f3w zestawu. Kolorowe pude\u0142ko ma form\u0119 garderoby \u2013 przymierzalni,<br \/>\nco doskonale koresponduje z tematyk\u0105 serii, ale pozwala tak\u017ce na wykorzystanie<br \/>\npodczas zabawy. W\u015br\u00f3d niespodzianek znajduj\u0105 si\u0119 akcesoria do stylizowania<br \/>\nlalki, od odjazdowych ubra\u0144, po dodatki, np. bi\u017cuteria, torebka, okulary.<br \/>\nCa\u0142o\u015b\u0107 pozwala na stworzenie wyj\u0105tkowej i oryginalnej stylizacji. Bo przecie\u017c<br \/>\nlalki L.O.L. Surprise O.M.G. w\u0142a\u015bnie takie s\u0105 \u2013 wyj\u0105tkowe i oryginalne!                            <\/p>\n<p>Zawarto\u015b\u0107 zestawu:<\/p>\n<p>Opakowanie, kt\u00f3re zamienia si\u0119<br \/>\n     w garderob\u0119 \u2013 przymierzalni\u011920 r\u00f3\u017cnych niespodzianek \u2013<br \/>\n     akcesori\u00f3w do stylizacji lalkiLalka \u201efashion\u201d &#8211; L.O.L.<br \/>\n     Surprise O.M.G.- M.C. Swag\u00a0<\/p>\n<p>                    Zobacz podobne produkty<\/p>\n<p>            LOL Surprise OMG Lalka Fashion Royal Bee 560555<\/p>\n<p>            LOL Surprise OMG Lalka Fashion Neonlicious 560579<\/p>\n<p>            LOL Surprise OMG Lalka Fashion Lady Diva 560562<\/p>\n<h2>LOL Surprise OMG Lalka Fashion Swag 560548 LOL Surprise<\/h2>\n<p>pomys\u0142 na laurk\u0119, malowanki dla dzieci do druku, z\u0142ote my\u015bli kubu\u015b puchatek cytaty, sentencje ma\u0142y ksi\u0105\u017ce cytaty, kolorowanki do wydruku postacie z bajek, malowanka do druku, malowane kamienie, paloma, urodziny dziecka pomys\u0142y, \u0142ama\u0144ce j\u0119zykowe dla dzieci, atrakcje dla dzieci pozna\u0144 2021, iwo, basen dla dzieci warszawa, zosia samosia, \u017carty na prima aprilis na rodzic\u00f3w, pies kolorowanka, znaki drogowe quiz, mira imie, eneduerabe<\/p>\n<p>yyyyy<\/p>\n<p>&nbsp;<\/p>\n","protected":false},"excerpt":{"rendered":"<p>L.O.L Surprise O.M.G. Lalka Fashion Swag Nadchodz\u0105 L.O.L. Surprise O.M.G. \u2013 najnowsze odkrycie sezonu! Modne, odwa\u017cne, zwariowane\u2026 i wi\u0119ksze siostry znanych laleczek L.O.L. Surprise. Czy wy te\u017c oszaleli\u015bcie na ich punkcie? O tak, LOL Surprise O.M.G. nie pozwol\u0105 nikomu przej\u015b\u0107 oboj\u0119tnie. Maj\u0105 wspania\u0142e stroje i akcesoria modowe, kt\u00f3re spakowano w pude\u0142eczka i pokrowce, a ich [&hellip;]<\/p>\n","protected":false},"featured_media":997,"comment_status":"closed","ping_status":"open","template":"","meta":[],"product_cat":[65,294],"product_tag":[618,645,816,804,647],"class_list":["post-996","product","type-product","status-publish","has-post-thumbnail","hentry","product_cat-lalki","product_cat-lol-surprise","product_tag-lato-lato-lato-czeka-tekst","product_tag-latwe-zagadki","product_tag-place-zabaw-warszawa","product_tag-ryz-z-owocami","product_tag-warszawa-z-dzieckiem"],"_links":{"self":[{"href":"http:\/\/klubmamgdynia.pl\/index.php\/wp-json\/wp\/v2\/product\/996","targetHints":{"allow":["GET"]}}],"collection":[{"href":"http:\/\/klubmamgdynia.pl\/index.php\/wp-json\/wp\/v2\/product"}],"about":[{"href":"http:\/\/klubmamgdynia.pl\/index.php\/wp-json\/wp\/v2\/types\/product"}],"replies":[{"embeddable":true,"href":"http:\/\/klubmamgdynia.pl\/index.php\/wp-json\/wp\/v2\/comments?post=996"}],"wp:featuredmedia":[{"embeddable":true,"href":"http:\/\/klubmamgdynia.pl\/index.php\/wp-json\/wp\/v2\/media\/997"}],"wp:attachment":[{"href":"http:\/\/klubmamgdynia.pl\/index.php\/wp-json\/wp\/v2\/media?parent=996"}],"wp:term":[{"taxonomy":"product_cat","embeddable":true,"href":"http:\/\/klubmamgdynia.pl\/index.php\/wp-json\/wp\/v2\/product_cat?post=996"},{"taxonomy":"product_tag","embeddable":true,"href":"http:\/\/klubmamgdynia.pl\/index.php\/wp-json\/wp\/v2\/product_tag?post=996"}],"curies":[{"name":"wp","href":"https:\/\/api.w.org\/{rel}","templated":true}]}}