{"id":9961,"date":"2017-04-18T23:03:26","date_gmt":"2017-04-18T21:03:26","guid":{"rendered":"http:\/\/klubmamgdynia.pl\/index.php\/produkt\/ses-creative-zrob-odlew-i-pomaluj\/"},"modified":"2026-05-17T22:42:27","modified_gmt":"2026-05-17T20:42:27","slug":"ses-creative-zrob-odlew-i-pomaluj","status":"publish","type":"product","link":"http:\/\/klubmamgdynia.pl\/index.php\/produkt\/ses-creative-zrob-odlew-i-pomaluj\/","title":{"rendered":"SES Creative Zr\u00f3b odlew i pomaluj"},"content":{"rendered":"<p>U\u017cyj foremek \u017ceby zrobi\u0107 odlewy samochod\u00f3w. Mo\u017cesz ozdobi\u0107 je farbami i naklejkami \u2013 wed\u0142ug w\u0142asnej inwencji.Zestaw zawiera: gips, plastikow\u0105 form\u0119 na samochody,naklejki, p\u0119dzel, farbki, instrukcj\u0119.Wiek 6+Kod paskowy: 8710341014018Rok wydania: 2017Kod wydawcy: 44953Oprawa: Pude\u0142ko kartonoweFormat: 30.0&#215;20.5cmG\u0142\u0119boko\u015b\u0107 (mm): 40Waga: 0.485Dzia\u0142\/Kategorie: Zabawki \/ Zabawki kreatywne \/ Rob\u00f3tki r\u0119czneJ\u0119zyki: polskiWiek: 5-7 lat, 8-11 latP\u0142e\u0107: ch\u0142opiecGrupa towarowa: Zabawki<\/p>\n<h2>SES Creative Zr\u00f3b odlew i pomaluj Ses Creative<\/h2>\n<p>imi\u0119 adriana, labirynt dla dzieci, liwia, cytat rodzina, eneduerabe, atrakcje dla dzieci warszawa 2021<\/p>\n<p>yyyyy<\/p>\n<p>&nbsp;<\/p>\n","protected":false},"excerpt":{"rendered":"<p>U\u017cyj foremek \u017ceby zrobi\u0107 odlewy samochod\u00f3w. Mo\u017cesz ozdobi\u0107 je farbami i naklejkami \u2013 wed\u0142ug w\u0142asnej inwencji.Zestaw zawiera: gips, plastikow\u0105 form\u0119 na samochody,naklejki, p\u0119dzel, farbki, instrukcj\u0119.Wiek 6+Kod paskowy: 8710341014018Rok wydania: 2017Kod wydawcy: 44953Oprawa: Pude\u0142ko kartonoweFormat: 30.0&#215;20.5cmG\u0142\u0119boko\u015b\u0107 (mm): 40Waga: 0.485Dzia\u0142\/Kategorie: Zabawki \/ Zabawki kreatywne \/ Rob\u00f3tki r\u0119czneJ\u0119zyki: polskiWiek: 5-7 lat, 8-11 latP\u0142e\u0107: ch\u0142opiecGrupa towarowa: Zabawki SES Creative [&hellip;]<\/p>\n","protected":false},"featured_media":9962,"comment_status":"closed","ping_status":"open","template":"","meta":[],"product_cat":[130,1072],"product_tag":[700,626,709],"class_list":["post-9961","product","type-product","status-publish","has-post-thumbnail","hentry","product_cat-gry-dzieciece","product_cat-ses-creative","product_tag-bajki-do-czytania-dla-dzieci","product_tag-jacek","product_tag-zagadki-dla-dzieci-6-7-lat"],"_links":{"self":[{"href":"http:\/\/klubmamgdynia.pl\/index.php\/wp-json\/wp\/v2\/product\/9961","targetHints":{"allow":["GET"]}}],"collection":[{"href":"http:\/\/klubmamgdynia.pl\/index.php\/wp-json\/wp\/v2\/product"}],"about":[{"href":"http:\/\/klubmamgdynia.pl\/index.php\/wp-json\/wp\/v2\/types\/product"}],"replies":[{"embeddable":true,"href":"http:\/\/klubmamgdynia.pl\/index.php\/wp-json\/wp\/v2\/comments?post=9961"}],"wp:featuredmedia":[{"embeddable":true,"href":"http:\/\/klubmamgdynia.pl\/index.php\/wp-json\/wp\/v2\/media\/9962"}],"wp:attachment":[{"href":"http:\/\/klubmamgdynia.pl\/index.php\/wp-json\/wp\/v2\/media?parent=9961"}],"wp:term":[{"taxonomy":"product_cat","embeddable":true,"href":"http:\/\/klubmamgdynia.pl\/index.php\/wp-json\/wp\/v2\/product_cat?post=9961"},{"taxonomy":"product_tag","embeddable":true,"href":"http:\/\/klubmamgdynia.pl\/index.php\/wp-json\/wp\/v2\/product_tag?post=9961"}],"curies":[{"name":"wp","href":"https:\/\/api.w.org\/{rel}","templated":true}]}}