{"id":9979,"date":"2014-10-06T17:18:57","date_gmt":"2014-10-06T15:18:57","guid":{"rendered":"http:\/\/klubmamgdynia.pl\/index.php\/produkt\/hulajnoga-nils-extreme-hm2170\/"},"modified":"2026-04-28T04:18:24","modified_gmt":"2026-04-28T02:18:24","slug":"hulajnoga-nils-extreme-hm2170","status":"publish","type":"product","link":"http:\/\/klubmamgdynia.pl\/index.php\/produkt\/hulajnoga-nils-extreme-hm2170\/","title":{"rendered":"Hulajnoga Nils Extreme Hm2170"},"content":{"rendered":"<h2>Hulajnoga Nils Extreme Hm2170 Nils<\/h2>\n<p>psi patrol do czytania, kolorowanki \u015bwinka peppa, karmen imie, dalia imi\u0119, ma\u0142y ksi\u0105\u017c\u0119 &#8211; test z odpowiedziami, doros\u0142ych kolorowanki dziewczyny, rzadkie imiona \u017ce\u0144skie polskie, kolorowanki uk\u0142ad s\u0142oneczny, kolorowanka spongebob, bajki dla dziewczynek, znane misie z film\u00f3w animowanych, prezenty dla nastolatk\u00f3w 2021, akademia pana kleksa &#8211; test z odpowiedziami do druku, ostatni dzwonek tekst, najrzadsze imiona w polsce<\/p>\n<p>yyyyy<\/p>\n<p>&nbsp;<\/p>\n","protected":false},"excerpt":{"rendered":"<p>Hulajnoga Nils Extreme Hm2170 Nils psi patrol do czytania, kolorowanki \u015bwinka peppa, karmen imie, dalia imi\u0119, ma\u0142y ksi\u0105\u017c\u0119 &#8211; test z odpowiedziami, doros\u0142ych kolorowanki dziewczyny, rzadkie imiona \u017ce\u0144skie polskie, kolorowanki uk\u0142ad s\u0142oneczny, kolorowanka spongebob, bajki dla dziewczynek, znane misie z film\u00f3w animowanych, prezenty dla nastolatk\u00f3w 2021, akademia pana kleksa &#8211; test z odpowiedziami do druku, [&hellip;]<\/p>\n","protected":false},"featured_media":9980,"comment_status":"closed","ping_status":"open","template":"","meta":[],"product_cat":[1853,1877],"product_tag":[802,670,826,588],"class_list":["post-9979","product","type-product","status-publish","has-post-thumbnail","hentry","product_cat-hulajnogi","product_cat-nils","product_tag-co-kupic-dziewczynce-na-roczek","product_tag-irma","product_tag-prezent-dla-15-latka","product_tag-wzruszajace-slowa-dla-przyjaciela"],"_links":{"self":[{"href":"http:\/\/klubmamgdynia.pl\/index.php\/wp-json\/wp\/v2\/product\/9979","targetHints":{"allow":["GET"]}}],"collection":[{"href":"http:\/\/klubmamgdynia.pl\/index.php\/wp-json\/wp\/v2\/product"}],"about":[{"href":"http:\/\/klubmamgdynia.pl\/index.php\/wp-json\/wp\/v2\/types\/product"}],"replies":[{"embeddable":true,"href":"http:\/\/klubmamgdynia.pl\/index.php\/wp-json\/wp\/v2\/comments?post=9979"}],"wp:featuredmedia":[{"embeddable":true,"href":"http:\/\/klubmamgdynia.pl\/index.php\/wp-json\/wp\/v2\/media\/9980"}],"wp:attachment":[{"href":"http:\/\/klubmamgdynia.pl\/index.php\/wp-json\/wp\/v2\/media?parent=9979"}],"wp:term":[{"taxonomy":"product_cat","embeddable":true,"href":"http:\/\/klubmamgdynia.pl\/index.php\/wp-json\/wp\/v2\/product_cat?post=9979"},{"taxonomy":"product_tag","embeddable":true,"href":"http:\/\/klubmamgdynia.pl\/index.php\/wp-json\/wp\/v2\/product_tag?post=9979"}],"curies":[{"name":"wp","href":"https:\/\/api.w.org\/{rel}","templated":true}]}}